{"id":278,"date":"2014-01-23T13:07:13","date_gmt":"2014-01-23T11:07:13","guid":{"rendered":"https:\/\/blog.edu.turku.fi\/raunistula\/?page_id=278"},"modified":"2026-01-07T14:47:56","modified_gmt":"2026-01-07T12:47:56","slug":"matematiikkaluokka-3-6-lk","status":"publish","type":"page","link":"https:\/\/blog.edu.turku.fi\/raunistula\/matematiikkaluokka-3-6-lk\/","title":{"rendered":"Matematiikkalinja 3.-6.lk"},"content":{"rendered":"<p><strong>Matematiikkalinja 3.-6. lk<\/strong><\/p>\n<p>Matematiikkalinjalle valitaan oppilaat 2. luokilta soveltuvuustestin avulla. Testill\u00e4 pyrit\u00e4\u00e4n selvitt\u00e4m\u00e4\u00e4n oppilaan matemaattiset perusvalmiudet.<\/p>\n<p>Matematiikan painotetussa opetuksessa noudatetaan yleist\u00e4 matematiikan opetussuunnitelmaa. Oppilaat opiskelevat kaikki samat matematiikan perusasiat kuin yleisluokallakin, mutta opinnoissa keskityt\u00e4\u00e4n enemm\u00e4n vaativiin ja soveltaviin teht\u00e4viin mm. geometriaan ja algebraan liittyvi\u00e4 sis\u00e4lt\u00f6j\u00e4. Opetus painottuu oppilaan ongelmanratkaisutaitojen ja matemaattisen ajattelun kehitt\u00e4miseen.<\/p>\n<p>Vuosiluokilla 4.-6. matematiikkalinjan oppilailla valinnainen aine on matematiikka.<br \/>\n4. luokalla alkavaksi A2-kieleksi matematiikkalinjan oppilaat voivat valita yleisluokan oppilaiden tavoin saksan tai ruotsin.<\/p>\n<p><span data-olk-copy-source=\"MessageBody\">Matematiikan erikoisluokkatoiminta jatkuu Raunistulan koulun matematiikkalinjalla (luokat 3-6) opiskelevilla oppilailla Rieskal\u00e4hteen koulussa (luokat 7-9).<\/span><\/p>\n<p><strong>Lukuvuosi 2026-2027 3. lk matematematiikkalinjalle hakeminen&nbsp;<\/strong><\/p>\n<p>Tiedotustilaisuus: to 15.1.2026 klo 18.00<br \/>\nTestausp\u00e4iv\u00e4: to 5.2.2026 klo 13.00, Raunistulan koulu, Oikotie 1<br \/>\nLis\u00e4tietoja: rehtori Annamari Tulla,&nbsp;<a href=\"http:\/#OnlyHTTPAndHTTPSAllowed\">annamari.tulla@edu.turku.fi<\/a>, &nbsp;p.040&nbsp;1292 435<\/p>\n<p>&nbsp;<\/p>\n<p>&nbsp;<\/p>\n","protected":false},"excerpt":{"rendered":"<p>Matematiikkalinja 3.-6. lk Matematiikkalinjalle valitaan oppilaat 2. luokilta soveltuvuustestin avulla. Testill\u00e4 pyrit\u00e4\u00e4n selvitt\u00e4m\u00e4\u00e4n oppilaan matemaattiset perusvalmiudet. Matematiikan painotetussa opetuksessa noudatetaan yleist\u00e4 matematiikan opetussuunnitelmaa. Oppilaat opiskelevat kaikki samat matematiikan perusasiat kuin yleisluokallakin, mutta opinnoissa keskityt\u00e4\u00e4n enemm\u00e4n vaativiin ja soveltaviin teht\u00e4viin mm. geometriaan ja algebraan liittyvi\u00e4 sis\u00e4lt\u00f6j\u00e4. Opetus painottuu oppilaan ongelmanratkaisutaitojen ja matemaattisen ajattelun kehitt\u00e4miseen. Vuosiluokilla 4.-6. &hellip; <a href=\"https:\/\/blog.edu.turku.fi\/raunistula\/matematiikkaluokka-3-6-lk\/\" class=\"more-link\">Jatka lukemista<span class=\"screen-reader-text\"> &#8221;Matematiikkalinja 3.-6.lk&#8221;<\/span><\/a><\/p>\n","protected":false},"author":1139,"featured_media":0,"parent":0,"menu_order":0,"comment_status":"closed","ping_status":"closed","template":"","meta":{"ngg_post_thumbnail":0,"footnotes":""},"class_list":["post-278","page","type-page","status-publish","hentry"],"_links":{"self":[{"href":"https:\/\/blog.edu.turku.fi\/raunistula\/wp-json\/wp\/v2\/pages\/278","targetHints":{"allow":["GET"]}}],"collection":[{"href":"https:\/\/blog.edu.turku.fi\/raunistula\/wp-json\/wp\/v2\/pages"}],"about":[{"href":"https:\/\/blog.edu.turku.fi\/raunistula\/wp-json\/wp\/v2\/types\/page"}],"author":[{"embeddable":true,"href":"https:\/\/blog.edu.turku.fi\/raunistula\/wp-json\/wp\/v2\/users\/1139"}],"replies":[{"embeddable":true,"href":"https:\/\/blog.edu.turku.fi\/raunistula\/wp-json\/wp\/v2\/comments?post=278"}],"version-history":[{"count":9,"href":"https:\/\/blog.edu.turku.fi\/raunistula\/wp-json\/wp\/v2\/pages\/278\/revisions"}],"predecessor-version":[{"id":1628,"href":"https:\/\/blog.edu.turku.fi\/raunistula\/wp-json\/wp\/v2\/pages\/278\/revisions\/1628"}],"wp:attachment":[{"href":"https:\/\/blog.edu.turku.fi\/raunistula\/wp-json\/wp\/v2\/media?parent=278"}],"curies":[{"name":"wp","href":"https:\/\/api.w.org\/{rel}","templated":true}]}}