{"id":21,"date":"2014-01-15T10:40:49","date_gmt":"2014-01-15T08:40:49","guid":{"rendered":"https:\/\/blog.edu.turku.fi\/raunistula\/?page_id=21"},"modified":"2021-07-17T22:05:33","modified_gmt":"2021-07-17T19:05:33","slug":"yhteystiedot","status":"publish","type":"page","link":"https:\/\/blog.edu.turku.fi\/raunistula\/yhteystiedot\/","title":{"rendered":"Yhteystiedot"},"content":{"rendered":"<p>Raunistulan yksikk\u00f6<br \/>\nOikotie 1-3<br \/>\n20300&nbsp; TURKU<\/p>\n<p>K\u00e4h\u00e4rin yksikk\u00f6<br \/>\nPietari Valdinkatu 14<br \/>\n20100 Turku<\/p>\n","protected":false},"excerpt":{"rendered":"<p>Raunistulan yksikk\u00f6 Oikotie 1-3 20300&nbsp; TURKU K\u00e4h\u00e4rin yksikk\u00f6 Pietari Valdinkatu 14 20100 Turku<\/p>\n","protected":false},"author":1139,"featured_media":0,"parent":0,"menu_order":0,"comment_status":"closed","ping_status":"closed","template":"","meta":{"ngg_post_thumbnail":0,"footnotes":""},"class_list":["post-21","page","type-page","status-publish","hentry"],"_links":{"self":[{"href":"https:\/\/blog.edu.turku.fi\/raunistula\/wp-json\/wp\/v2\/pages\/21","targetHints":{"allow":["GET"]}}],"collection":[{"href":"https:\/\/blog.edu.turku.fi\/raunistula\/wp-json\/wp\/v2\/pages"}],"about":[{"href":"https:\/\/blog.edu.turku.fi\/raunistula\/wp-json\/wp\/v2\/types\/page"}],"author":[{"embeddable":true,"href":"https:\/\/blog.edu.turku.fi\/raunistula\/wp-json\/wp\/v2\/users\/1139"}],"replies":[{"embeddable":true,"href":"https:\/\/blog.edu.turku.fi\/raunistula\/wp-json\/wp\/v2\/comments?post=21"}],"version-history":[{"count":47,"href":"https:\/\/blog.edu.turku.fi\/raunistula\/wp-json\/wp\/v2\/pages\/21\/revisions"}],"predecessor-version":[{"id":1416,"href":"https:\/\/blog.edu.turku.fi\/raunistula\/wp-json\/wp\/v2\/pages\/21\/revisions\/1416"}],"wp:attachment":[{"href":"https:\/\/blog.edu.turku.fi\/raunistula\/wp-json\/wp\/v2\/media?parent=21"}],"curies":[{"name":"wp","href":"https:\/\/api.w.org\/{rel}","templated":true}]}}