{"id":1445,"date":"2021-09-08T09:19:15","date_gmt":"2021-09-08T06:19:15","guid":{"rendered":"https:\/\/blog.edu.turku.fi\/raunistula\/?page_id=1445"},"modified":"2025-12-07T09:45:58","modified_gmt":"2025-12-07T07:45:58","slug":"kerhot-2","status":"publish","type":"page","link":"https:\/\/blog.edu.turku.fi\/raunistula\/kerhot-2\/","title":{"rendered":"Kerhot"},"content":{"rendered":"<p>Tarkemmat tiedot kerhoon ilmoittautumisista ja aikatauluista l\u00f6ytyv\u00e4t Wilma tiedotteista:<\/p>\n<p><a href=\"https:\/\/turku.inschool.fi\/news\/42113\">Raunistulan koulun kerhotiedote<\/a><\/p>\n<p>Lis\u00e4ksi l\u00f6yd\u00e4t Turun koulukohtaiset harrastelukkarit seuraavan linkin avulla:<\/p>\n<p><a href=\"https:\/\/www.turku.fi\/harrastelukkarit\">Harrastelukkarit<\/a><\/p>\n<h3><strong>Yleist\u00e4 kerhoista:<\/strong><\/h3>\n<ul>\n<li>Iltap\u00e4iv\u00e4kerholaisten huoltajat, muistatattehan ilmoittaa my\u00f6s iltap\u00e4iv\u00e4kerhoon lapsenne osallistumisesta koulun kerhoihin.<\/li>\n<li>Koulu ei vastaa oppilaiden odotusajasta, jos kerho alkaa my\u00f6hemmin kuin koulup\u00e4iv\u00e4 p\u00e4\u00e4ttyy.<\/li>\n<li>Teemap\u00e4ivist\u00e4 tms. aiheutuvista aikataulumuutoksista kerho-ohjaajat tiedottavat kerholaisten kotiv\u00e4ke\u00e4 etuk\u00e4teen.<\/li>\n<li>Oppilaat saavat halutessaan osallistua molempien yksik\u00f6iden kerhoihin.<\/li>\n<li>Kerhotiedotteta p\u00e4ivitet\u00e4\u00e4n lukukauden aikana.<\/li>\n<li>Kerhoja ei j\u00e4rjestet\u00e4 syyslomaviikolla 13.10.-19.10. eik\u00e4 talvilomaviikolla 16.2.-22.2.<\/li>\n<\/ul>\n<h3><strong>Kerhot Raunistulan yksik\u00f6ss\u00e4:<\/strong><\/h3>\n<ul>\n<li>K\u00e4sity\u00f6kerho 1.-2. luokkalaisille<\/li>\n<li>Tunnetaitokerho<\/li>\n<li>Laulu- ja musiikkikerho 4.-6. luokkalaisille<\/li>\n<li>Satukerho 1.-3. luokkalaisille<\/li>\n<\/ul>\n<h5><strong>Harrastamisen Turun malli-kerhot:<\/strong><\/h5>\n<ul>\n<li>Jalkapallokerho 4.-6. luokkalaisille<\/li>\n<li>Kuvataidekerho 1.-3. luokkalaisille<\/li>\n<\/ul>\n<h5><strong>Liike-kerhot:<\/strong><\/h5>\n<ul>\n<li>Liike -kerho 1.-2. luokkalaisille<\/li>\n<\/ul>\n<h3><strong>Kerhot K\u00e4h\u00e4rin yksik\u00f6ss\u00e4:<\/strong><\/h3>\n<ul>\n<li>Legokerho 1.-2. luokkalaisille (2. lk syksy, 1. lk kev\u00e4t)<\/li>\n<li>Lego-, shakki- ja lautapelikerho 3.-6. luokkalaisille<\/li>\n<\/ul>\n<h5><strong>Liike-kerhot:<\/strong><\/h5>\n<ul>\n<li>LiiKe-kerho 1.-2. \u2013luokkalaisille<\/li>\n<\/ul>\n<h5><strong>Harrastamisen Turun malli-kerhot:<\/strong><\/h5>\n<ul>\n<li>Sirkuskerho 1.-6. luokkalaisille<\/li>\n<li>Kuvataidekerho 4.-6. luokkalaisille<\/li>\n<\/ul>\n","protected":false},"excerpt":{"rendered":"<p>Tarkemmat tiedot kerhoon ilmoittautumisista ja aikatauluista l\u00f6ytyv\u00e4t Wilma tiedotteista: Raunistulan koulun kerhotiedote Lis\u00e4ksi l\u00f6yd\u00e4t Turun koulukohtaiset harrastelukkarit seuraavan linkin avulla: Harrastelukkarit Yleist\u00e4 kerhoista: Iltap\u00e4iv\u00e4kerholaisten huoltajat, muistatattehan ilmoittaa my\u00f6s iltap\u00e4iv\u00e4kerhoon lapsenne osallistumisesta koulun kerhoihin. Koulu ei vastaa oppilaiden odotusajasta, jos kerho alkaa my\u00f6hemmin kuin koulup\u00e4iv\u00e4 p\u00e4\u00e4ttyy. Teemap\u00e4ivist\u00e4 tms. aiheutuvista aikataulumuutoksista kerho-ohjaajat tiedottavat kerholaisten kotiv\u00e4ke\u00e4 etuk\u00e4teen. Oppilaat &hellip; <a href=\"https:\/\/blog.edu.turku.fi\/raunistula\/kerhot-2\/\" class=\"more-link\">Jatka lukemista<span class=\"screen-reader-text\"> &#8221;Kerhot&#8221;<\/span><\/a><\/p>\n","protected":false},"author":1139,"featured_media":0,"parent":0,"menu_order":0,"comment_status":"closed","ping_status":"closed","template":"","meta":{"ngg_post_thumbnail":0,"footnotes":""},"class_list":["post-1445","page","type-page","status-publish","hentry"],"_links":{"self":[{"href":"https:\/\/blog.edu.turku.fi\/raunistula\/wp-json\/wp\/v2\/pages\/1445","targetHints":{"allow":["GET"]}}],"collection":[{"href":"https:\/\/blog.edu.turku.fi\/raunistula\/wp-json\/wp\/v2\/pages"}],"about":[{"href":"https:\/\/blog.edu.turku.fi\/raunistula\/wp-json\/wp\/v2\/types\/page"}],"author":[{"embeddable":true,"href":"https:\/\/blog.edu.turku.fi\/raunistula\/wp-json\/wp\/v2\/users\/1139"}],"replies":[{"embeddable":true,"href":"https:\/\/blog.edu.turku.fi\/raunistula\/wp-json\/wp\/v2\/comments?post=1445"}],"version-history":[{"count":17,"href":"https:\/\/blog.edu.turku.fi\/raunistula\/wp-json\/wp\/v2\/pages\/1445\/revisions"}],"predecessor-version":[{"id":1624,"href":"https:\/\/blog.edu.turku.fi\/raunistula\/wp-json\/wp\/v2\/pages\/1445\/revisions\/1624"}],"wp:attachment":[{"href":"https:\/\/blog.edu.turku.fi\/raunistula\/wp-json\/wp\/v2\/media?parent=1445"}],"curies":[{"name":"wp","href":"https:\/\/api.w.org\/{rel}","templated":true}]}}