{"id":1410,"date":"2021-07-17T21:59:02","date_gmt":"2021-07-17T18:59:02","guid":{"rendered":"https:\/\/blog.edu.turku.fi\/raunistula\/?page_id=1410"},"modified":"2025-08-13T16:32:13","modified_gmt":"2025-08-13T13:32:13","slug":"kaharin-yksikon-opettajat","status":"publish","type":"page","link":"https:\/\/blog.edu.turku.fi\/raunistula\/yhteystiedot\/kaharin-yksikon-opettajat\/","title":{"rendered":"K\u00e4h\u00e4rin yksik\u00f6n opettajat"},"content":{"rendered":"<h3><strong>K\u00e4h\u00e4rin yksik\u00f6n opettajat<br \/>\nlv. 2023- 2024<\/strong><\/h3>\n<p>Kivinen, Matti (6K)<br \/>\np.&nbsp; 040 181 9126<\/p>\n<p>Lintu, Meri (3K)<br \/>\np.&nbsp; 040 190 8122<\/p>\n<p>Saari, Kirsi (4K)<br \/>\np.&nbsp; 040 181 9121<\/p>\n<p>Silander, Kaisa (1K)<br \/>\np.&nbsp; 040 181 9127<\/p>\n<p>Sinervo, Sari (EO)<br \/>\np. 040 619 5910<\/p>\n<p>Valtonen, Anni (2K)<br \/>\np.&nbsp; 040 584 9621<\/p>\n<p>Viiniemi, Laura (5K, EN, RU)<br \/>\np. 040 484 1926<\/p>\n","protected":false},"excerpt":{"rendered":"<p>K\u00e4h\u00e4rin yksik\u00f6n opettajat lv. 2023- 2024 Kivinen, Matti (6K) p.&nbsp; 040 181 9126 Lintu, Meri (3K) p.&nbsp; 040 190 8122 Saari, Kirsi (4K) p.&nbsp; 040 181 9121 Silander, Kaisa (1K) p.&nbsp; 040 181 9127 Sinervo, Sari (EO) p. 040 619 5910 Valtonen, Anni (2K) p.&nbsp; 040 584 9621 Viiniemi, Laura (5K, EN, RU) p. 040 &hellip; <a href=\"https:\/\/blog.edu.turku.fi\/raunistula\/yhteystiedot\/kaharin-yksikon-opettajat\/\" class=\"more-link\">Jatka lukemista<span class=\"screen-reader-text\"> &#8221;K\u00e4h\u00e4rin yksik\u00f6n opettajat&#8221;<\/span><\/a><\/p>\n","protected":false},"author":1139,"featured_media":0,"parent":21,"menu_order":0,"comment_status":"closed","ping_status":"closed","template":"","meta":{"ngg_post_thumbnail":0,"footnotes":""},"class_list":["post-1410","page","type-page","status-publish","hentry"],"_links":{"self":[{"href":"https:\/\/blog.edu.turku.fi\/raunistula\/wp-json\/wp\/v2\/pages\/1410","targetHints":{"allow":["GET"]}}],"collection":[{"href":"https:\/\/blog.edu.turku.fi\/raunistula\/wp-json\/wp\/v2\/pages"}],"about":[{"href":"https:\/\/blog.edu.turku.fi\/raunistula\/wp-json\/wp\/v2\/types\/page"}],"author":[{"embeddable":true,"href":"https:\/\/blog.edu.turku.fi\/raunistula\/wp-json\/wp\/v2\/users\/1139"}],"replies":[{"embeddable":true,"href":"https:\/\/blog.edu.turku.fi\/raunistula\/wp-json\/wp\/v2\/comments?post=1410"}],"version-history":[{"count":16,"href":"https:\/\/blog.edu.turku.fi\/raunistula\/wp-json\/wp\/v2\/pages\/1410\/revisions"}],"predecessor-version":[{"id":1602,"href":"https:\/\/blog.edu.turku.fi\/raunistula\/wp-json\/wp\/v2\/pages\/1410\/revisions\/1602"}],"up":[{"embeddable":true,"href":"https:\/\/blog.edu.turku.fi\/raunistula\/wp-json\/wp\/v2\/pages\/21"}],"wp:attachment":[{"href":"https:\/\/blog.edu.turku.fi\/raunistula\/wp-json\/wp\/v2\/media?parent=1410"}],"curies":[{"name":"wp","href":"https:\/\/api.w.org\/{rel}","templated":true}]}}