{"id":82,"date":"2015-10-19T13:32:59","date_gmt":"2015-10-19T10:32:59","guid":{"rendered":"https:\/\/blog.edu.turku.fi\/rahjekadunphy\/?page_id=82"},"modified":"2024-03-14T10:12:33","modified_gmt":"2024-03-14T08:12:33","slug":"toiminnan-perusta","status":"publish","type":"page","link":"https:\/\/blog.edu.turku.fi\/rahjekadunpk\/","title":{"rendered":"Etusivu"},"content":{"rendered":"<p>Rahjekadun p\u00e4iv\u00e4kodin arkea voit seurata Instagramissa, joka p\u00e4ivittyy viikoittain. Linkki Instagramiin l\u00f6ytyy sivun yl\u00e4reunasta. Blogia p\u00e4ivit\u00e4mme harvemmin.<\/p>\n<p><a href=\"https:\/\/blog.edu.turku.fi\/rahjekadunpk\/files\/2020\/09\/kiipeilysein\u00e4.jpg\"><img loading=\"lazy\" decoding=\"async\" class=\"wp-image-724 size-medium aligncenter\" src=\"https:\/\/blog.edu.turku.fi\/rahjekadunpk\/files\/2020\/09\/kiipeilysein\u00e4-e1599820119710-300x292.jpg\" alt=\"\" width=\"300\" height=\"292\" srcset=\"https:\/\/blog.edu.turku.fi\/rahjekadunpk\/files\/2020\/09\/kiipeilysein\u00e4-e1599820119710-300x292.jpg 300w, https:\/\/blog.edu.turku.fi\/rahjekadunpk\/files\/2020\/09\/kiipeilysein\u00e4-e1599820119710.jpg 768w\" sizes=\"auto, (max-width: 300px) 85vw, 300px\" \/><\/a><\/p>\n<p>Rahjekadun p\u00e4iv\u00e4kodin varhaiskasvatuspalveluista voit valita el\u00e4m\u00e4ntilanteeseesi sopivan palvelun. P\u00e4iv\u00e4kodissa on kolme ryhm\u00e4\u00e4, Peipot, P\u00e4\u00e4skyt ja P\u00f6ll\u00f6t. Lis\u00e4ksi p\u00e4iv\u00e4kodissamme toimii alle kouluik\u00e4isten lasten perheille suunnattu toiminta, avoin p\u00e4iv\u00e4koti Untuvikot.<\/p>\n<p>Leikeill\u00e4 ja luovuudella on toiminnassamme keskeinen merkitys. Turvallisessa, kannustavassa sek\u00e4 kiirett\u00f6m\u00e4ss\u00e4 ilmapiiriss\u00e4 toteutamme Turun kaupungin varhaiskasvatussuunnitelmaa.\u00a0Pid\u00e4mme t\u00e4rke\u00e4n\u00e4\u00a0avointa ja keskustelevaa vuorovaikutusta vanhempien ja henkil\u00f6kunnan kesken.<\/p>\n<p>Rahjekadun p\u00e4iv\u00e4koti sijaitsee hyvien liikenneyhteyksien p\u00e4\u00e4ss\u00e4. Bussien numero 61 , 12 ja 99 pys\u00e4kit ovat aivan p\u00e4iv\u00e4kodin nurkalla. Turun keskustasta p\u00e4iv\u00e4kotiin on matkaa noin 3,5 km. P\u00e4iv\u00e4kotimme asettuu mets\u00e4iseen saarekkeeseen Naantalintien ja 8-tien v\u00e4liin, joten kulkeminen on helppoa my\u00f6s py\u00f6r\u00e4ll\u00e4, k\u00e4vellen tai omalla autolla.<\/p>\n<p><a href=\"http:\/\/opaskartta.turku.fi\/IMS\/?layers=Opaskartta&amp;cp=6705844,23456069&amp;z=2\">(Karttalinkki)<\/a><\/p>\n","protected":false},"excerpt":{"rendered":"<p>Rahjekadun p\u00e4iv\u00e4kodin arkea voit seurata Instagramissa, joka p\u00e4ivittyy viikoittain. Linkki Instagramiin l\u00f6ytyy sivun yl\u00e4reunasta. Blogia p\u00e4ivit\u00e4mme harvemmin. Rahjekadun p\u00e4iv\u00e4kodin varhaiskasvatuspalveluista voit valita el\u00e4m\u00e4ntilanteeseesi sopivan palvelun. P\u00e4iv\u00e4kodissa on kolme ryhm\u00e4\u00e4, Peipot, P\u00e4\u00e4skyt ja P\u00f6ll\u00f6t. Lis\u00e4ksi p\u00e4iv\u00e4kodissamme toimii alle kouluik\u00e4isten lasten perheille suunnattu toiminta, avoin p\u00e4iv\u00e4koti Untuvikot. Leikeill\u00e4 ja luovuudella on toiminnassamme keskeinen merkitys. Turvallisessa, kannustavassa sek\u00e4 &hellip; <a href=\"https:\/\/blog.edu.turku.fi\/rahjekadunpk\/\" class=\"more-link\">Jatka lukemista<span class=\"screen-reader-text\"> &#8221;Etusivu&#8221;<\/span><\/a><\/p>\n","protected":false},"author":1558,"featured_media":0,"parent":0,"menu_order":0,"comment_status":"closed","ping_status":"closed","template":"","meta":{"footnotes":""},"class_list":["post-82","page","type-page","status-publish","hentry"],"_links":{"self":[{"href":"https:\/\/blog.edu.turku.fi\/rahjekadunpk\/wp-json\/wp\/v2\/pages\/82","targetHints":{"allow":["GET"]}}],"collection":[{"href":"https:\/\/blog.edu.turku.fi\/rahjekadunpk\/wp-json\/wp\/v2\/pages"}],"about":[{"href":"https:\/\/blog.edu.turku.fi\/rahjekadunpk\/wp-json\/wp\/v2\/types\/page"}],"author":[{"embeddable":true,"href":"https:\/\/blog.edu.turku.fi\/rahjekadunpk\/wp-json\/wp\/v2\/users\/1558"}],"replies":[{"embeddable":true,"href":"https:\/\/blog.edu.turku.fi\/rahjekadunpk\/wp-json\/wp\/v2\/comments?post=82"}],"version-history":[{"count":30,"href":"https:\/\/blog.edu.turku.fi\/rahjekadunpk\/wp-json\/wp\/v2\/pages\/82\/revisions"}],"predecessor-version":[{"id":1006,"href":"https:\/\/blog.edu.turku.fi\/rahjekadunpk\/wp-json\/wp\/v2\/pages\/82\/revisions\/1006"}],"wp:attachment":[{"href":"https:\/\/blog.edu.turku.fi\/rahjekadunpk\/wp-json\/wp\/v2\/media?parent=82"}],"curies":[{"name":"wp","href":"https:\/\/api.w.org\/{rel}","templated":true}]}}