{"id":90,"date":"2015-09-07T12:32:52","date_gmt":"2015-09-07T09:32:52","guid":{"rendered":"https:\/\/blog.edu.turku.fi\/puropeltoaidinkieli\/?page_id=90"},"modified":"2015-09-19T18:04:53","modified_gmt":"2015-09-19T15:04:53","slug":"suomen-kielen-ominaispiirteet","status":"publish","type":"page","link":"https:\/\/blog.edu.turku.fi\/puropeltoaidinkieli\/suomen-kieli-ja-kulttuuri\/suomen-kielen-ominaispiirteet\/","title":{"rendered":"Suomen kielen ominaispiirteet"},"content":{"rendered":"<p><a href=\"https:\/\/blog.edu.turku.fi\/puropeltoaidinkieli\/files\/2015\/09\/suomen-kielen-hankaluus.jpg\"><img loading=\"lazy\" decoding=\"async\" class=\" size-medium wp-image-91 aligncenter\" src=\"https:\/\/blog.edu.turku.fi\/puropeltoaidinkieli\/files\/2015\/09\/suomen-kielen-hankaluus-300x159.jpg\" alt=\"suomen kielen hankaluus\" width=\"300\" height=\"159\" srcset=\"https:\/\/blog.edu.turku.fi\/puropeltoaidinkieli\/files\/2015\/09\/suomen-kielen-hankaluus-300x159.jpg 300w, https:\/\/blog.edu.turku.fi\/puropeltoaidinkieli\/files\/2015\/09\/suomen-kielen-hankaluus-500x266.jpg 500w, https:\/\/blog.edu.turku.fi\/puropeltoaidinkieli\/files\/2015\/09\/suomen-kielen-hankaluus.jpg 728w\" sizes=\"auto, (max-width: 300px) 100vw, 300px\" \/><\/a><em><strong>TEHT\u00c4V\u00c4:<\/strong><\/em><\/p>\n<p><em><strong>Vertaile suomen kielt\u00e4 muihin osaamiisi kieliin. K\u00e4\u00e4nn\u00e4 esimerkiksi lause &#8221;Menen kouluun aamuisin&#8221; muille osaamillesi kielille. Mit\u00e4 eroja ja mit\u00e4 yht\u00e4l\u00e4isyyksi\u00e4 huomaat?<\/strong><\/em><\/p>\n<p><em><strong>Katso PP-esitys:<\/strong><\/em> <a href=\"https:\/\/blog.edu.turku.fi\/puropeltoaidinkieli\/files\/2015\/09\/SUOMEN-KIELEN-OMINAISPIIRTEET.pptx\">SUOMEN KIELEN OMINAISPIIRTEET<\/a><\/p>\n<p><a href=\"https:\/\/blog.edu.turku.fi\/puropeltoaidinkieli\/files\/2015\/09\/suomea3.jpg\"><img loading=\"lazy\" decoding=\"async\" class=\" wp-image-103 size-medium aligncenter\" src=\"https:\/\/blog.edu.turku.fi\/puropeltoaidinkieli\/files\/2015\/09\/suomea3-300x185.jpg\" alt=\"suomea3\" width=\"300\" height=\"185\" srcset=\"https:\/\/blog.edu.turku.fi\/puropeltoaidinkieli\/files\/2015\/09\/suomea3-300x185.jpg 300w, https:\/\/blog.edu.turku.fi\/puropeltoaidinkieli\/files\/2015\/09\/suomea3.jpg 480w\" sizes=\"auto, (max-width: 300px) 100vw, 300px\" \/><\/a><\/p>\n<p>&nbsp;<\/p>\n<p>Suomen kieless\u00e4 voi k\u00e4ytt\u00e4\u00e4 p\u00e4\u00e4- ja sivulauseyhdistelmi\u00e4 tai korvata sivulauseet lauseenvastikkeilla. Niiden k\u00e4ytt\u00f6\u00e4 voit harjoitella\u00a0<a href=\"http:\/\/oppiminen.yle.fi\/abitreenit\/suomi\/tehtavat\/lauseet-lauseenvastikkeet\">t\u00e4\u00e4ll\u00e4<\/a>.<\/p>\n","protected":false},"excerpt":{"rendered":"<p>TEHT\u00c4V\u00c4: Vertaile suomen kielt\u00e4 muihin osaamiisi kieliin. K\u00e4\u00e4nn\u00e4 esimerkiksi lause &#8221;Menen kouluun aamuisin&#8221; muille osaamillesi kielille. Mit\u00e4 eroja ja mit\u00e4 yht\u00e4l\u00e4isyyksi\u00e4 huomaat? Katso PP-esitys: SUOMEN KIELEN OMINAISPIIRTEET &nbsp; Suomen kieless\u00e4 voi k\u00e4ytt\u00e4\u00e4 p\u00e4\u00e4- ja sivulauseyhdistelmi\u00e4 tai korvata sivulauseet lauseenvastikkeilla. Niiden &hellip; <a href=\"https:\/\/blog.edu.turku.fi\/puropeltoaidinkieli\/suomen-kieli-ja-kulttuuri\/suomen-kielen-ominaispiirteet\/\">Lue loppuun <span class=\"meta-nav\">&rarr;<\/span><\/a><\/p>\n","protected":false},"author":681,"featured_media":0,"parent":10,"menu_order":1,"comment_status":"closed","ping_status":"closed","template":"","meta":{"footnotes":""},"class_list":["post-90","page","type-page","status-publish","hentry"],"_links":{"self":[{"href":"https:\/\/blog.edu.turku.fi\/puropeltoaidinkieli\/wp-json\/wp\/v2\/pages\/90","targetHints":{"allow":["GET"]}}],"collection":[{"href":"https:\/\/blog.edu.turku.fi\/puropeltoaidinkieli\/wp-json\/wp\/v2\/pages"}],"about":[{"href":"https:\/\/blog.edu.turku.fi\/puropeltoaidinkieli\/wp-json\/wp\/v2\/types\/page"}],"author":[{"embeddable":true,"href":"https:\/\/blog.edu.turku.fi\/puropeltoaidinkieli\/wp-json\/wp\/v2\/users\/681"}],"replies":[{"embeddable":true,"href":"https:\/\/blog.edu.turku.fi\/puropeltoaidinkieli\/wp-json\/wp\/v2\/comments?post=90"}],"version-history":[{"count":7,"href":"https:\/\/blog.edu.turku.fi\/puropeltoaidinkieli\/wp-json\/wp\/v2\/pages\/90\/revisions"}],"predecessor-version":[{"id":232,"href":"https:\/\/blog.edu.turku.fi\/puropeltoaidinkieli\/wp-json\/wp\/v2\/pages\/90\/revisions\/232"}],"up":[{"embeddable":true,"href":"https:\/\/blog.edu.turku.fi\/puropeltoaidinkieli\/wp-json\/wp\/v2\/pages\/10"}],"wp:attachment":[{"href":"https:\/\/blog.edu.turku.fi\/puropeltoaidinkieli\/wp-json\/wp\/v2\/media?parent=90"}],"curies":[{"name":"wp","href":"https:\/\/api.w.org\/{rel}","templated":true}]}}