{"id":78,"date":"2015-09-07T11:55:31","date_gmt":"2015-09-07T08:55:31","guid":{"rendered":"https:\/\/blog.edu.turku.fi\/puropeltoaidinkieli\/?page_id=78"},"modified":"2018-04-06T18:28:38","modified_gmt":"2018-04-06T15:28:38","slug":"vuoden-sanat","status":"publish","type":"page","link":"https:\/\/blog.edu.turku.fi\/puropeltoaidinkieli\/suomen-kieli-ja-kulttuuri\/sanasto\/vuoden-sanat\/","title":{"rendered":"Vuoden sanat"},"content":{"rendered":"<p>Kieli muuttuu ja uusia sanoja otetaan k\u00e4ytt\u00f6\u00f6n koko ajan. K\u00e4y tutkimassa viime vuosien trendisanoja alla olevista linkeist\u00e4:<\/p>\n<p><a href=\"http:\/\/yle.fi\/uutiset\/murskavoitto_aanestyksessa__putin-juusto_on_vuoden_2014_sana\/7655016\">Vuoden sana 2014<\/a><\/p>\n<p><a href=\"http:\/\/yle.fi\/uutiset\/ylen_lukijat_pohina_on_vuoden_2013_sana\/6977222\">Vuoden sana 2013<\/a><\/p>\n<p><a href=\"http:\/\/www.kotus.fi\/sanakirjat\/kielitoimiston_sanakirja\/uudet_sanat\/vuoden_sanapoiminnot\/2012\">Sanapoimintoja vuodelta 2012<\/a><\/p>\n<p><strong><em>Mik\u00e4 voisi olla t\u00e4m\u00e4n vuoden sana? Mik\u00e4 on sinun ehdotuksesi?<\/em><\/strong><\/p>\n","protected":false},"excerpt":{"rendered":"<p>Kieli muuttuu ja uusia sanoja otetaan k\u00e4ytt\u00f6\u00f6n koko ajan. K\u00e4y tutkimassa viime vuosien trendisanoja alla olevista linkeist\u00e4: Vuoden sana 2014 Vuoden sana 2013 Sanapoimintoja vuodelta 2012 Mik\u00e4 voisi olla t\u00e4m\u00e4n vuoden sana? Mik\u00e4 on sinun ehdotuksesi?<\/p>\n","protected":false},"author":1950,"featured_media":0,"parent":105,"menu_order":1,"comment_status":"closed","ping_status":"closed","template":"","meta":{"footnotes":""},"class_list":["post-78","page","type-page","status-publish","hentry"],"_links":{"self":[{"href":"https:\/\/blog.edu.turku.fi\/puropeltoaidinkieli\/wp-json\/wp\/v2\/pages\/78","targetHints":{"allow":["GET"]}}],"collection":[{"href":"https:\/\/blog.edu.turku.fi\/puropeltoaidinkieli\/wp-json\/wp\/v2\/pages"}],"about":[{"href":"https:\/\/blog.edu.turku.fi\/puropeltoaidinkieli\/wp-json\/wp\/v2\/types\/page"}],"author":[{"embeddable":true,"href":"https:\/\/blog.edu.turku.fi\/puropeltoaidinkieli\/wp-json\/wp\/v2\/users\/1950"}],"replies":[{"embeddable":true,"href":"https:\/\/blog.edu.turku.fi\/puropeltoaidinkieli\/wp-json\/wp\/v2\/comments?post=78"}],"version-history":[{"count":3,"href":"https:\/\/blog.edu.turku.fi\/puropeltoaidinkieli\/wp-json\/wp\/v2\/pages\/78\/revisions"}],"predecessor-version":[{"id":324,"href":"https:\/\/blog.edu.turku.fi\/puropeltoaidinkieli\/wp-json\/wp\/v2\/pages\/78\/revisions\/324"}],"up":[{"embeddable":true,"href":"https:\/\/blog.edu.turku.fi\/puropeltoaidinkieli\/wp-json\/wp\/v2\/pages\/105"}],"wp:attachment":[{"href":"https:\/\/blog.edu.turku.fi\/puropeltoaidinkieli\/wp-json\/wp\/v2\/media?parent=78"}],"curies":[{"name":"wp","href":"https:\/\/api.w.org\/{rel}","templated":true}]}}