{"id":5,"date":"2015-09-07T09:54:09","date_gmt":"2015-09-07T06:54:09","guid":{"rendered":"https:\/\/blog.edu.turku.fi\/puropeltoaidinkieli\/?page_id=5"},"modified":"2018-04-06T19:45:19","modified_gmt":"2018-04-06T16:45:19","slug":"yhteystiedot","status":"publish","type":"page","link":"https:\/\/blog.edu.turku.fi\/puropeltoaidinkieli\/yhteystiedot\/","title":{"rendered":"Yhteystiedot"},"content":{"rendered":"<p><a href=\"https:\/\/blog.edu.turku.fi\/puropeltoaidinkieli\/files\/2018\/04\/WP_20150505_005.jpg\"><img loading=\"lazy\" decoding=\"async\" class=\"alignleft wp-image-350 size-medium\" src=\"https:\/\/blog.edu.turku.fi\/puropeltoaidinkieli\/files\/2018\/04\/WP_20150505_005-300x169.jpg\" alt=\"\" width=\"300\" height=\"169\" srcset=\"https:\/\/blog.edu.turku.fi\/puropeltoaidinkieli\/files\/2018\/04\/WP_20150505_005-300x169.jpg 300w, https:\/\/blog.edu.turku.fi\/puropeltoaidinkieli\/files\/2018\/04\/WP_20150505_005-1024x577.jpg 1024w, https:\/\/blog.edu.turku.fi\/puropeltoaidinkieli\/files\/2018\/04\/WP_20150505_005.jpg 2048w\" sizes=\"auto, (max-width: 300px) 100vw, 300px\" \/><\/a><a href=\"https:\/\/blog.edu.turku.fi\/puropeltoaidinkieli\/files\/2018\/04\/WP_20160924_11_23_29_Pro-1-e1523032302551.jpg\"><img loading=\"lazy\" decoding=\"async\" class=\"alignnone wp-image-356\" src=\"https:\/\/blog.edu.turku.fi\/puropeltoaidinkieli\/files\/2018\/04\/WP_20160924_11_23_29_Pro-1-e1523032302551-169x300.jpg\" alt=\"\" width=\"132\" height=\"228\" \/><\/a><a href=\"https:\/\/blog.edu.turku.fi\/puropeltoaidinkieli\/files\/2018\/04\/WP_20160522_14_53_15_Pro__highres-e1523032234931.jpg\"><img loading=\"lazy\" decoding=\"async\" class=\"alignnone wp-image-354\" src=\"https:\/\/blog.edu.turku.fi\/puropeltoaidinkieli\/files\/2018\/04\/WP_20160522_14_53_15_Pro__highres-e1523032234931-169x300.jpg\" alt=\"\" width=\"189\" height=\"326\" \/>\u00a0 \u00a0 \u00a0 \u00a0 \u00a0 \u00a0 \u00a0 \u00a0 \u00a0 \u00a0<\/a><a href=\"https:\/\/blog.edu.turku.fi\/puropeltoaidinkieli\/files\/2018\/04\/WP_20160116_15_52_28_Pro__highres-e1523032470491.jpg\"><img loading=\"lazy\" decoding=\"async\" class=\"alignnone size-medium wp-image-351\" src=\"https:\/\/blog.edu.turku.fi\/puropeltoaidinkieli\/files\/2018\/04\/WP_20160116_15_52_28_Pro__highres-e1523032470491-169x300.jpg\" alt=\"\" width=\"169\" height=\"300\" srcset=\"https:\/\/blog.edu.turku.fi\/puropeltoaidinkieli\/files\/2018\/04\/WP_20160116_15_52_28_Pro__highres-e1523032470491-169x300.jpg 169w, https:\/\/blog.edu.turku.fi\/puropeltoaidinkieli\/files\/2018\/04\/WP_20160116_15_52_28_Pro__highres-e1523032470491-576x1024.jpg 576w, https:\/\/blog.edu.turku.fi\/puropeltoaidinkieli\/files\/2018\/04\/WP_20160116_15_52_28_Pro__highres-e1523032470491-768x1365.jpg 768w, https:\/\/blog.edu.turku.fi\/puropeltoaidinkieli\/files\/2018\/04\/WP_20160116_15_52_28_Pro__highres-e1523032470491.jpg 1152w\" sizes=\"auto, (max-width: 169px) 100vw, 169px\" \/><\/a><\/p>\n<p>T\u00e4t\u00e4 blogia p\u00e4ivitt\u00e4\u00e4 \u00e4idinkielen, kirjallisuuden ja ilmaisutaidon opettaja Marika Keskinen.<\/p>\n<p>T\u00f6iden j\u00e4lkeen Marika rentoutuu hyv\u00e4n ruuan, ulkoilun, urheilun ja k\u00e4sit\u00f6iden parissa. My\u00f6s kotimaisen kaunokirjallisuuden lukeminen, television rikossarjat ja teatteri ovat l\u00e4hell\u00e4 syd\u00e4nt\u00e4.<\/p>\n<p>Tervetuloa mukaan!<\/p>\n<p><strong><em>Marika Keskinen<\/em><\/strong><\/p>\n<p><strong><em>Puropellon koulu, luokka 314<\/em><\/strong><\/p>\n<p><strong><em>marika.keskinen@turku.fi<\/em><\/strong><\/p>\n","protected":false},"excerpt":{"rendered":"<p>\u00a0 \u00a0 \u00a0 \u00a0 \u00a0 \u00a0 \u00a0 \u00a0 \u00a0 \u00a0 T\u00e4t\u00e4 blogia p\u00e4ivitt\u00e4\u00e4 \u00e4idinkielen, kirjallisuuden ja ilmaisutaidon opettaja Marika Keskinen. T\u00f6iden j\u00e4lkeen Marika rentoutuu hyv\u00e4n ruuan, ulkoilun, urheilun ja k\u00e4sit\u00f6iden parissa. My\u00f6s kotimaisen kaunokirjallisuuden lukeminen, television rikossarjat ja teatteri ovat &hellip; <a href=\"https:\/\/blog.edu.turku.fi\/puropeltoaidinkieli\/yhteystiedot\/\">Lue loppuun <span class=\"meta-nav\">&rarr;<\/span><\/a><\/p>\n","protected":false},"author":1950,"featured_media":0,"parent":0,"menu_order":8,"comment_status":"closed","ping_status":"closed","template":"","meta":{"footnotes":""},"class_list":["post-5","page","type-page","status-publish","hentry"],"_links":{"self":[{"href":"https:\/\/blog.edu.turku.fi\/puropeltoaidinkieli\/wp-json\/wp\/v2\/pages\/5","targetHints":{"allow":["GET"]}}],"collection":[{"href":"https:\/\/blog.edu.turku.fi\/puropeltoaidinkieli\/wp-json\/wp\/v2\/pages"}],"about":[{"href":"https:\/\/blog.edu.turku.fi\/puropeltoaidinkieli\/wp-json\/wp\/v2\/types\/page"}],"author":[{"embeddable":true,"href":"https:\/\/blog.edu.turku.fi\/puropeltoaidinkieli\/wp-json\/wp\/v2\/users\/1950"}],"replies":[{"embeddable":true,"href":"https:\/\/blog.edu.turku.fi\/puropeltoaidinkieli\/wp-json\/wp\/v2\/comments?post=5"}],"version-history":[{"count":7,"href":"https:\/\/blog.edu.turku.fi\/puropeltoaidinkieli\/wp-json\/wp\/v2\/pages\/5\/revisions"}],"predecessor-version":[{"id":359,"href":"https:\/\/blog.edu.turku.fi\/puropeltoaidinkieli\/wp-json\/wp\/v2\/pages\/5\/revisions\/359"}],"wp:attachment":[{"href":"https:\/\/blog.edu.turku.fi\/puropeltoaidinkieli\/wp-json\/wp\/v2\/media?parent=5"}],"curies":[{"name":"wp","href":"https:\/\/api.w.org\/{rel}","templated":true}]}}