{"id":34,"date":"2015-09-07T10:29:24","date_gmt":"2015-09-07T07:29:24","guid":{"rendered":"https:\/\/blog.edu.turku.fi\/puropeltoaidinkieli\/?page_id=34"},"modified":"2015-09-07T12:21:37","modified_gmt":"2015-09-07T09:21:37","slug":"unkari","status":"publish","type":"page","link":"https:\/\/blog.edu.turku.fi\/puropeltoaidinkieli\/suomen-sukukielet\/unkari\/","title":{"rendered":"Unkari"},"content":{"rendered":"<p><a href=\"https:\/\/www.youtube.com\/watch?v=rOimfHq76xk\">Kuuntele t\u00e4st\u00e4 Unkarin edustuskappale Euroviisuissa vuonna 2013.<\/a><\/p>\n<p><em><strong>Onko unkaria helppo ymm\u00e4rt\u00e4\u00e4? Mist\u00e4 kappale kertoo?<\/strong><\/em><\/p>\n","protected":false},"excerpt":{"rendered":"<p>Kuuntele t\u00e4st\u00e4 Unkarin edustuskappale Euroviisuissa vuonna 2013. Onko unkaria helppo ymm\u00e4rt\u00e4\u00e4? Mist\u00e4 kappale kertoo?<\/p>\n","protected":false},"author":681,"featured_media":0,"parent":28,"menu_order":3,"comment_status":"closed","ping_status":"closed","template":"","meta":{"footnotes":""},"class_list":["post-34","page","type-page","status-publish","hentry"],"_links":{"self":[{"href":"https:\/\/blog.edu.turku.fi\/puropeltoaidinkieli\/wp-json\/wp\/v2\/pages\/34","targetHints":{"allow":["GET"]}}],"collection":[{"href":"https:\/\/blog.edu.turku.fi\/puropeltoaidinkieli\/wp-json\/wp\/v2\/pages"}],"about":[{"href":"https:\/\/blog.edu.turku.fi\/puropeltoaidinkieli\/wp-json\/wp\/v2\/types\/page"}],"author":[{"embeddable":true,"href":"https:\/\/blog.edu.turku.fi\/puropeltoaidinkieli\/wp-json\/wp\/v2\/users\/681"}],"replies":[{"embeddable":true,"href":"https:\/\/blog.edu.turku.fi\/puropeltoaidinkieli\/wp-json\/wp\/v2\/comments?post=34"}],"version-history":[{"count":2,"href":"https:\/\/blog.edu.turku.fi\/puropeltoaidinkieli\/wp-json\/wp\/v2\/pages\/34\/revisions"}],"predecessor-version":[{"id":43,"href":"https:\/\/blog.edu.turku.fi\/puropeltoaidinkieli\/wp-json\/wp\/v2\/pages\/34\/revisions\/43"}],"up":[{"embeddable":true,"href":"https:\/\/blog.edu.turku.fi\/puropeltoaidinkieli\/wp-json\/wp\/v2\/pages\/28"}],"wp:attachment":[{"href":"https:\/\/blog.edu.turku.fi\/puropeltoaidinkieli\/wp-json\/wp\/v2\/media?parent=34"}],"curies":[{"name":"wp","href":"https:\/\/api.w.org\/{rel}","templated":true}]}}