{"id":201,"date":"2015-09-07T14:15:58","date_gmt":"2015-09-07T11:15:58","guid":{"rendered":"https:\/\/blog.edu.turku.fi\/puropeltoaidinkieli\/?page_id=201"},"modified":"2015-09-07T14:19:20","modified_gmt":"2015-09-07T11:19:20","slug":"nain-kirjoitat-kirjakielta","status":"publish","type":"page","link":"https:\/\/blog.edu.turku.fi\/puropeltoaidinkieli\/kielenhuoltoa\/nain-kirjoitat-kirjakielta\/","title":{"rendered":"N\u00e4in kirjoitat kirjakielt\u00e4"},"content":{"rendered":"<p><strong>N\u00e4in kirjoitat kirjakielt\u00e4<\/strong><\/p>\n<p>1) K\u00e4yt\u00e4 yleiskielen sanoja<br \/>\n<strong>roskakori<\/strong> \u2013 roskis<\/p>\n<p>2) K\u00e4yt\u00e4 pronomineja oikein<br \/>\n<strong>he lukivat<\/strong> \u2013 ne luki<br \/>\n<strong>h\u00e4n luki<\/strong> \u2013 se luki<\/p>\n<p>3) K\u00e4yt\u00e4 omistusliitteit\u00e4<br \/>\n<strong>h\u00e4nen kirjansa<\/strong> \u2013 h\u00e4nen kirja<\/p>\n<p>4) Rakenna verbimuodot oikein<br \/>\n<strong>me l\u00e4hdemme<\/strong> \u2013 me l\u00e4hdet\u00e4\u00e4n<\/p>\n<p>5) Muista kongruenssi<br \/>\n<strong>pojat l\u00e4htiv\u00e4t<\/strong> \u2013 pojat l\u00e4hti<\/p>\n<p>6) Taivuta oikein<br \/>\n<strong>alkoi lukea \/ alkoi lukemaan \/ rupesi lukemaan \/ aloitti lukemisen<\/strong><\/p>\n<p>7) Varmista oikeinkirjoitus<br \/>\n<strong>valloittaa<\/strong> \u2013 vallottaa<br \/>\n<strong>sinullekin<\/strong> &#8211; sinullekkin<\/p>\n","protected":false},"excerpt":{"rendered":"<p>N\u00e4in kirjoitat kirjakielt\u00e4 1) K\u00e4yt\u00e4 yleiskielen sanoja roskakori \u2013 roskis 2) K\u00e4yt\u00e4 pronomineja oikein he lukivat \u2013 ne luki h\u00e4n luki \u2013 se luki 3) K\u00e4yt\u00e4 omistusliitteit\u00e4 h\u00e4nen kirjansa \u2013 h\u00e4nen kirja 4) Rakenna verbimuodot oikein me l\u00e4hdemme \u2013 me &hellip; <a href=\"https:\/\/blog.edu.turku.fi\/puropeltoaidinkieli\/kielenhuoltoa\/nain-kirjoitat-kirjakielta\/\">Lue loppuun <span class=\"meta-nav\">&rarr;<\/span><\/a><\/p>\n","protected":false},"author":681,"featured_media":0,"parent":8,"menu_order":4,"comment_status":"closed","ping_status":"closed","template":"","meta":{"footnotes":""},"class_list":["post-201","page","type-page","status-publish","hentry"],"_links":{"self":[{"href":"https:\/\/blog.edu.turku.fi\/puropeltoaidinkieli\/wp-json\/wp\/v2\/pages\/201","targetHints":{"allow":["GET"]}}],"collection":[{"href":"https:\/\/blog.edu.turku.fi\/puropeltoaidinkieli\/wp-json\/wp\/v2\/pages"}],"about":[{"href":"https:\/\/blog.edu.turku.fi\/puropeltoaidinkieli\/wp-json\/wp\/v2\/types\/page"}],"author":[{"embeddable":true,"href":"https:\/\/blog.edu.turku.fi\/puropeltoaidinkieli\/wp-json\/wp\/v2\/users\/681"}],"replies":[{"embeddable":true,"href":"https:\/\/blog.edu.turku.fi\/puropeltoaidinkieli\/wp-json\/wp\/v2\/comments?post=201"}],"version-history":[{"count":3,"href":"https:\/\/blog.edu.turku.fi\/puropeltoaidinkieli\/wp-json\/wp\/v2\/pages\/201\/revisions"}],"predecessor-version":[{"id":204,"href":"https:\/\/blog.edu.turku.fi\/puropeltoaidinkieli\/wp-json\/wp\/v2\/pages\/201\/revisions\/204"}],"up":[{"embeddable":true,"href":"https:\/\/blog.edu.turku.fi\/puropeltoaidinkieli\/wp-json\/wp\/v2\/pages\/8"}],"wp:attachment":[{"href":"https:\/\/blog.edu.turku.fi\/puropeltoaidinkieli\/wp-json\/wp\/v2\/media?parent=201"}],"curies":[{"name":"wp","href":"https:\/\/api.w.org\/{rel}","templated":true}]}}