{"id":2,"date":"2015-09-07T09:42:31","date_gmt":"2015-09-07T06:42:31","guid":{"rendered":"https:\/\/blog.edu.turku.fi\/puropeltoaidinkieli\/?page_id=2"},"modified":"2015-11-25T19:31:11","modified_gmt":"2015-11-25T17:31:11","slug":"esimerkkisivu","status":"publish","type":"page","link":"https:\/\/blog.edu.turku.fi\/puropeltoaidinkieli\/esimerkkisivu\/","title":{"rendered":"Ohjeita tekstien kirjoittamiseen"},"content":{"rendered":"<p>Alla olevista linkeist\u00e4 l\u00f6yd\u00e4t tarkemmat ohjeet ysiluokalla harjoiteltavien tekstien kirjoittamiseen<\/p>\n<p><a href=\"https:\/\/blog.edu.turku.fi\/puropeltoaidinkieli\/files\/2015\/09\/Kommentti.docx\">Kommentti<\/a>\u00a0(katso ohje toisen tekstiin viittaamiseen\u00a0<a href=\"http:\/\/kielijakirjallisuus.blogspot.fi\/2013\/11\/toisen-tekstiin-viittaaminen_7.html\">t\u00e4\u00e4lt\u00e4<\/a>)<\/p>\n<p>Pohtiva kirjoitelma eli essee:\u00a0<a href=\"http:\/\/kielijakirjallisuus.blogspot.fi\/2013\/11\/pohtiva-kirjoitelma-essee.html\">OHJE<\/a><\/p>\n<p>Lukup\u00e4iv\u00e4kirja<\/p>\n<p>Novellianalyysi ja vertaileva novellianalyysi <a href=\"https:\/\/blog.edu.turku.fi\/puropeltoaidinkieli\/files\/2015\/09\/NOVELLIANALYYSI.docx\">OHJE<\/a><\/p>\n<p>Elokuva-analyysi <a href=\"https:\/\/blog.edu.turku.fi\/puropeltoaidinkieli\/files\/2015\/09\/ELOKUVA_analyysi.docx\">OHJE<\/a><div style=\"width: 852px\" class=\"wp-caption alignnone\"><img loading=\"lazy\" decoding=\"async\" src=\"http:\/\/mediametka.fi\/wp-content\/uploads\/2014\/04\/22_elokuvakeskustelun_viritt\u00e4minen.pdf\" width=\"842\" height=\"596\" class \/><p class=\"wp-caption-text\">Keskustelua elokuvasta!<\/p><\/div><\/p>\n<p>Kirjallisuusessee<\/p>\n<p>Vertaileva kirjallisuusessee<\/p>\n<p>Ty\u00f6hakemus + CV<\/p>\n<p><a href=\"http:\/\/kielijakirjallisuus.blogspot.fi\/2014\/03\/tyoharjoitteluraportti.html\">TET-raportti<\/a><\/p>\n","protected":false},"excerpt":{"rendered":"<p>Alla olevista linkeist\u00e4 l\u00f6yd\u00e4t tarkemmat ohjeet ysiluokalla harjoiteltavien tekstien kirjoittamiseen Kommentti\u00a0(katso ohje toisen tekstiin viittaamiseen\u00a0t\u00e4\u00e4lt\u00e4) Pohtiva kirjoitelma eli essee:\u00a0OHJE Lukup\u00e4iv\u00e4kirja Novellianalyysi ja vertaileva novellianalyysi OHJE Elokuva-analyysi OHJE Kirjallisuusessee Vertaileva kirjallisuusessee Ty\u00f6hakemus + CV TET-raportti<\/p>\n","protected":false},"author":681,"featured_media":0,"parent":0,"menu_order":1,"comment_status":"closed","ping_status":"open","template":"","meta":{"footnotes":""},"class_list":["post-2","page","type-page","status-publish","hentry"],"_links":{"self":[{"href":"https:\/\/blog.edu.turku.fi\/puropeltoaidinkieli\/wp-json\/wp\/v2\/pages\/2","targetHints":{"allow":["GET"]}}],"collection":[{"href":"https:\/\/blog.edu.turku.fi\/puropeltoaidinkieli\/wp-json\/wp\/v2\/pages"}],"about":[{"href":"https:\/\/blog.edu.turku.fi\/puropeltoaidinkieli\/wp-json\/wp\/v2\/types\/page"}],"author":[{"embeddable":true,"href":"https:\/\/blog.edu.turku.fi\/puropeltoaidinkieli\/wp-json\/wp\/v2\/users\/681"}],"replies":[{"embeddable":true,"href":"https:\/\/blog.edu.turku.fi\/puropeltoaidinkieli\/wp-json\/wp\/v2\/comments?post=2"}],"version-history":[{"count":13,"href":"https:\/\/blog.edu.turku.fi\/puropeltoaidinkieli\/wp-json\/wp\/v2\/pages\/2\/revisions"}],"predecessor-version":[{"id":262,"href":"https:\/\/blog.edu.turku.fi\/puropeltoaidinkieli\/wp-json\/wp\/v2\/pages\/2\/revisions\/262"}],"wp:attachment":[{"href":"https:\/\/blog.edu.turku.fi\/puropeltoaidinkieli\/wp-json\/wp\/v2\/media?parent=2"}],"curies":[{"name":"wp","href":"https:\/\/api.w.org\/{rel}","templated":true}]}}