{"id":129,"date":"2015-09-07T13:00:19","date_gmt":"2015-09-07T10:00:19","guid":{"rendered":"https:\/\/blog.edu.turku.fi\/puropeltoaidinkieli\/?page_id=129"},"modified":"2018-04-06T18:54:31","modified_gmt":"2018-04-06T15:54:31","slug":"naiskirjailijoita","status":"publish","type":"page","link":"https:\/\/blog.edu.turku.fi\/puropeltoaidinkieli\/kotimainen-nykykirjallisuus\/naiskirjailijoita\/","title":{"rendered":"Naiskirjailijoita"},"content":{"rendered":"<p>Katja Kettu: K\u00e4til\u00f6<\/p>\n<p><iframe loading=\"lazy\" title=\"K\u00c4TIL\u00d6 Official trailer\" width=\"584\" height=\"329\" src=\"https:\/\/www.youtube.com\/embed\/97gSwtbBI-w?feature=oembed\" frameborder=\"0\" allow=\"accelerometer; autoplay; clipboard-write; encrypted-media; gyroscope; picture-in-picture; web-share\" referrerpolicy=\"strict-origin-when-cross-origin\" allowfullscreen><\/iframe><\/p>\n<p>Sofi Oksanen: Puhdistus<\/p>\n<p><iframe loading=\"lazy\" title=\"PUHDISTUS Official trailer \u00a9 Solar Films (HD)\" width=\"584\" height=\"329\" src=\"https:\/\/www.youtube.com\/embed\/HvgBU1vk3No?feature=oembed\" frameborder=\"0\" allow=\"accelerometer; autoplay; clipboard-write; encrypted-media; gyroscope; picture-in-picture; web-share\" referrerpolicy=\"strict-origin-when-cross-origin\" allowfullscreen><\/iframe><\/p>\n<p><a href=\"http:\/\/www.sofioksanen.fi\">Sofi Oksasen omat sivut<\/a><\/p>\n<p><a href=\"http:\/\/areena.yle.fi\/1-1839999\">Henkil\u00f6kuva Sofi Oksasesta<\/a><\/p>\n<p><a href=\"http:\/\/suomenkuvalehti.fi\/jutut\/kulttuuri\/kirjailija-katja-kettu-henkilokuvassa-karmeat-on-jutut-tytolla\/\">Henkil\u00f6kuva Katja Ketusta<\/a><\/p>\n<p><a href=\"http:\/\/www.leenalehtolainen.fi\">Leena Lehtolaisen omat sivut<\/a><\/p>\n<p><iframe loading=\"lazy\" title=\"Leena Lehtolainen: Surunpotku\" width=\"584\" height=\"329\" src=\"https:\/\/www.youtube.com\/embed\/i1_vItLsId4?feature=oembed\" frameborder=\"0\" allow=\"accelerometer; autoplay; clipboard-write; encrypted-media; gyroscope; picture-in-picture; web-share\" referrerpolicy=\"strict-origin-when-cross-origin\" allowfullscreen><\/iframe><\/p>\n<p><a href=\"http:\/\/yle.fi\/aihe\/artikkeli\/2009\/03\/09\/miten-minusta-tuli-mina-leena-lander\">Dokumentti Leena Landerista<\/a><\/p>\n<p>Leena Lander: Tummien perhosten koti<\/p>\n<p><a href=\"https:\/\/m.youtube.com\/watch?v=TERwXxdfJ3M\">https:\/\/m.youtube.com\/watch?v=TERwXxdfJ3M<\/a><\/p>\n<p><a href=\"http:\/\/riikkapulkkinen.com\/teokset\">Tietoa Riikka Pulkkisesta<\/a><\/p>\n<p><a href=\"http:\/\/www.otava.fi\/kirjailijat\/anna_leena_harkonen\/\">Tietoa Anna-Leena H\u00e4rk\u00f6sest\u00e4<\/a><\/p>\n<p><a href=\"http:\/\/yle.fi\/aihe\/artikkeli\/2007\/10\/23\/harantappoase\">Anna-Leena H\u00e4rk\u00f6nen: H\u00e4r\u00e4ntappoase<\/a><\/p>\n<p>Voit katsoa katkelmia H\u00e4r\u00e4ntappoaseesta\u00a0<a href=\"https:\/\/areena.yle.fi\/1-1336530?autoplay=true\">t\u00e4\u00e4lt\u00e4<\/a>.<\/p>\n<p><a href=\"http:\/\/www.kirja.fi\/kirjailija\/salla-simukka\/\">Salla Simukka<\/a><\/p>\n<p><a href=\"http:\/\/www.otava.fi\/kirjailijat\/virpi_hameen_anttila\/\">Virpi H\u00e4meen-Anttila<\/a><\/p>\n<p><a href=\"http:\/\/anjasnellman.fi\/teokset\/\">Anja Snellman<\/a><\/p>\n<p><a href=\"http:\/\/yle.fi\/uutiset\/finlandia-voittaja_laura_lindstedt_suomii_kovasanaisesti_hallitusta__video\/8484099\">Finlandia-voittaja Laura Lindstedtin puhe<\/a><\/p>\n<p><a href=\"http:\/\/www.tovejansson.com\">Muumien \u00e4iti &#8211; Tove Jansson<\/a><\/p>\n<p>&nbsp;<\/p>\n","protected":false},"excerpt":{"rendered":"<p>Katja Kettu: K\u00e4til\u00f6 Sofi Oksanen: Puhdistus Sofi Oksasen omat sivut Henkil\u00f6kuva Sofi Oksasesta Henkil\u00f6kuva Katja Ketusta Leena Lehtolaisen omat sivut Dokumentti Leena Landerista Leena Lander: Tummien perhosten koti Tietoa Riikka Pulkkisesta Tietoa Anna-Leena H\u00e4rk\u00f6sest\u00e4 Anna-Leena H\u00e4rk\u00f6nen: H\u00e4r\u00e4ntappoase Voit katsoa katkelmia &hellip; <a href=\"https:\/\/blog.edu.turku.fi\/puropeltoaidinkieli\/kotimainen-nykykirjallisuus\/naiskirjailijoita\/\">Lue loppuun <span class=\"meta-nav\">&rarr;<\/span><\/a><\/p>\n","protected":false},"author":1950,"featured_media":0,"parent":14,"menu_order":1,"comment_status":"closed","ping_status":"closed","template":"","meta":{"footnotes":""},"class_list":["post-129","page","type-page","status-publish","hentry"],"_links":{"self":[{"href":"https:\/\/blog.edu.turku.fi\/puropeltoaidinkieli\/wp-json\/wp\/v2\/pages\/129","targetHints":{"allow":["GET"]}}],"collection":[{"href":"https:\/\/blog.edu.turku.fi\/puropeltoaidinkieli\/wp-json\/wp\/v2\/pages"}],"about":[{"href":"https:\/\/blog.edu.turku.fi\/puropeltoaidinkieli\/wp-json\/wp\/v2\/types\/page"}],"author":[{"embeddable":true,"href":"https:\/\/blog.edu.turku.fi\/puropeltoaidinkieli\/wp-json\/wp\/v2\/users\/1950"}],"replies":[{"embeddable":true,"href":"https:\/\/blog.edu.turku.fi\/puropeltoaidinkieli\/wp-json\/wp\/v2\/comments?post=129"}],"version-history":[{"count":21,"href":"https:\/\/blog.edu.turku.fi\/puropeltoaidinkieli\/wp-json\/wp\/v2\/pages\/129\/revisions"}],"predecessor-version":[{"id":344,"href":"https:\/\/blog.edu.turku.fi\/puropeltoaidinkieli\/wp-json\/wp\/v2\/pages\/129\/revisions\/344"}],"up":[{"embeddable":true,"href":"https:\/\/blog.edu.turku.fi\/puropeltoaidinkieli\/wp-json\/wp\/v2\/pages\/14"}],"wp:attachment":[{"href":"https:\/\/blog.edu.turku.fi\/puropeltoaidinkieli\/wp-json\/wp\/v2\/media?parent=129"}],"curies":[{"name":"wp","href":"https:\/\/api.w.org\/{rel}","templated":true}]}}