{"id":113,"date":"2015-09-07T12:55:42","date_gmt":"2015-09-07T09:55:42","guid":{"rendered":"https:\/\/blog.edu.turku.fi\/puropeltoaidinkieli\/?page_id=113"},"modified":"2018-04-06T18:48:15","modified_gmt":"2018-04-06T15:48:15","slug":"agricola-ja-kirjakielen-kehitys","status":"publish","type":"page","link":"https:\/\/blog.edu.turku.fi\/puropeltoaidinkieli\/kirjallisuushistoria\/agricola-ja-kirjakielen-kehitys\/","title":{"rendered":"Agricola ja kirjakielen kehitys"},"content":{"rendered":"<p><strong><a href=\"http:\/\/cdn.knightlab.com\/libs\/timeline\/latest\/embed\/index.html?source=0AtS7AiEL9s0HdF9BYVU4YVVhaTNRMDVYbXNlcm1GdlE&amp;font=Bevan-PotanoSans&amp;maptype=toner&amp;lang=en&amp;height=650\">Agricolan Mikke!<\/a><\/strong><\/p>\n<p><a href=\"https:\/\/yle.fi\/aihe\/artikkeli\/2013\/02\/07\/mikael-agricolan-paiva-94\">Mikael Agricolan ja suomen kielen p\u00e4iv\u00e4\u00e4 vietet\u00e4\u00e4n 9.4.<\/a><\/p>\n<p><strong>Henkil\u00f6tietokortti:<\/strong><\/p>\n<p><strong>Nimi:<\/strong><\/p>\n<p><strong>Elinaika:<\/strong><\/p>\n<p><strong>Perhe:<\/strong><\/p>\n<p><strong>Harrastukset \/ kiinnostuksen kohteet:<\/strong><\/p>\n<p><strong>Ammatti:<\/strong><\/p>\n<p><strong>Teoksia:<\/strong><\/p>\n<p><strong>Juhlap\u00e4iv\u00e4:<\/strong><\/p>\n\n\t\t<style type=\"text\/css\">\n\t\t\t#gallery-1 {\n\t\t\t\tmargin: auto;\n\t\t\t}\n\t\t\t#gallery-1 .gallery-item {\n\t\t\t\tfloat: left;\n\t\t\t\tmargin-top: 10px;\n\t\t\t\ttext-align: center;\n\t\t\t\twidth: 33%;\n\t\t\t}\n\t\t\t#gallery-1 img {\n\t\t\t\tborder: 2px solid #cfcfcf;\n\t\t\t}\n\t\t\t#gallery-1 .gallery-caption {\n\t\t\t\tmargin-left: 0;\n\t\t\t}\n\t\t\t\/* see gallery_shortcode() in wp-includes\/media.php *\/\n\t\t<\/style>\n\t\t<div id='gallery-1' class='gallery galleryid-113 gallery-columns-3 gallery-size-thumbnail'><dl class='gallery-item'>\n\t\t\t<dt class='gallery-icon portrait'>\n\t\t\t\t<a href='https:\/\/blog.edu.turku.fi\/puropeltoaidinkieli\/kirjallisuushistoria\/agricola-ja-kirjakielen-kehitys\/mikael_agricola_bust_lahti_4\/'><img loading=\"lazy\" decoding=\"async\" width=\"150\" height=\"150\" src=\"https:\/\/blog.edu.turku.fi\/puropeltoaidinkieli\/files\/2015\/09\/Mikael_Agricola_bust_Lahti_4-150x150.jpg\" class=\"attachment-thumbnail size-thumbnail\" alt=\"\" \/><\/a>\n\t\t\t<\/dt><\/dl><dl class='gallery-item'>\n\t\t\t<dt class='gallery-icon portrait'>\n\t\t\t\t<a href='https:\/\/blog.edu.turku.fi\/puropeltoaidinkieli\/kirjallisuushistoria\/agricola-ja-kirjakielen-kehitys\/abc-kirja\/'><img loading=\"lazy\" decoding=\"async\" width=\"150\" height=\"150\" src=\"https:\/\/blog.edu.turku.fi\/puropeltoaidinkieli\/files\/2015\/09\/ABC-kirja-150x150.gif\" class=\"attachment-thumbnail size-thumbnail\" alt=\"\" \/><\/a>\n\t\t\t<\/dt><\/dl>\n\t\t\t<br style='clear: both' \/>\n\t\t<\/div>\n\n","protected":false},"excerpt":{"rendered":"<p>Agricolan Mikke! Mikael Agricolan ja suomen kielen p\u00e4iv\u00e4\u00e4 vietet\u00e4\u00e4n 9.4. Henkil\u00f6tietokortti: Nimi: Elinaika: Perhe: Harrastukset \/ kiinnostuksen kohteet: Ammatti: Teoksia: Juhlap\u00e4iv\u00e4:<\/p>\n","protected":false},"author":1950,"featured_media":0,"parent":12,"menu_order":2,"comment_status":"closed","ping_status":"closed","template":"","meta":{"footnotes":""},"class_list":["post-113","page","type-page","status-publish","hentry"],"_links":{"self":[{"href":"https:\/\/blog.edu.turku.fi\/puropeltoaidinkieli\/wp-json\/wp\/v2\/pages\/113","targetHints":{"allow":["GET"]}}],"collection":[{"href":"https:\/\/blog.edu.turku.fi\/puropeltoaidinkieli\/wp-json\/wp\/v2\/pages"}],"about":[{"href":"https:\/\/blog.edu.turku.fi\/puropeltoaidinkieli\/wp-json\/wp\/v2\/types\/page"}],"author":[{"embeddable":true,"href":"https:\/\/blog.edu.turku.fi\/puropeltoaidinkieli\/wp-json\/wp\/v2\/users\/1950"}],"replies":[{"embeddable":true,"href":"https:\/\/blog.edu.turku.fi\/puropeltoaidinkieli\/wp-json\/wp\/v2\/comments?post=113"}],"version-history":[{"count":7,"href":"https:\/\/blog.edu.turku.fi\/puropeltoaidinkieli\/wp-json\/wp\/v2\/pages\/113\/revisions"}],"predecessor-version":[{"id":341,"href":"https:\/\/blog.edu.turku.fi\/puropeltoaidinkieli\/wp-json\/wp\/v2\/pages\/113\/revisions\/341"}],"up":[{"embeddable":true,"href":"https:\/\/blog.edu.turku.fi\/puropeltoaidinkieli\/wp-json\/wp\/v2\/pages\/12"}],"wp:attachment":[{"href":"https:\/\/blog.edu.turku.fi\/puropeltoaidinkieli\/wp-json\/wp\/v2\/media?parent=113"}],"curies":[{"name":"wp","href":"https:\/\/api.w.org\/{rel}","templated":true}]}}