{"id":111,"date":"2015-09-07T12:55:27","date_gmt":"2015-09-07T09:55:27","guid":{"rendered":"https:\/\/blog.edu.turku.fi\/puropeltoaidinkieli\/?page_id=111"},"modified":"2018-04-06T18:51:11","modified_gmt":"2018-04-06T15:51:11","slug":"suullinen-kansanperinne","status":"publish","type":"page","link":"https:\/\/blog.edu.turku.fi\/puropeltoaidinkieli\/kirjallisuushistoria\/suullinen-kansanperinne\/","title":{"rendered":"Suullinen kansanperinne"},"content":{"rendered":"<p><a href=\"https:\/\/fi.wikiquote.org\/wiki\/Suomalaisia_sananlaskuja\">K\u00e4y lukemassa suomalaisia sananlaskuja!<\/a> <em><strong>Ymm\u00e4rr\u00e4tk\u00f6 niiden merkityksen?<\/strong><\/em><\/p>\n<p><a href=\"https:\/\/fi.wikibooks.org\/wiki\/Vitsikirja\/Suomalainen,_ruotsalainen_ja_norjalainen\">K\u00e4y lukemassa vitsej\u00e4!<\/a> <em><strong>Millaisia muita perinteisi\u00e4 suomalaisia vitsej\u00e4 muistat?<\/strong><\/em><\/p>\n<p>K\u00e4y lukemassa Roman Schatzin\u00a0<a href=\"https:\/\/www.is.fi\/kotimaa\/art-2000000801513.html\">kommentti.\u00a0<\/a><\/p>\n<p>Mit\u00e4 ajatuksia teksti sinussa her\u00e4tt\u00e4\u00e4? Oletko kirjoittajan kanssa samaa vai eri mielt\u00e4? Perustele mielipiteesi. Millaista on sinun mielest\u00e4si suomalainen huumori?<\/p>\n","protected":false},"excerpt":{"rendered":"<p>K\u00e4y lukemassa suomalaisia sananlaskuja! Ymm\u00e4rr\u00e4tk\u00f6 niiden merkityksen? K\u00e4y lukemassa vitsej\u00e4! Millaisia muita perinteisi\u00e4 suomalaisia vitsej\u00e4 muistat? K\u00e4y lukemassa Roman Schatzin\u00a0kommentti.\u00a0 Mit\u00e4 ajatuksia teksti sinussa her\u00e4tt\u00e4\u00e4? Oletko kirjoittajan kanssa samaa vai eri mielt\u00e4? Perustele mielipiteesi. Millaista on sinun mielest\u00e4si suomalainen huumori?<\/p>\n","protected":false},"author":1950,"featured_media":0,"parent":12,"menu_order":1,"comment_status":"closed","ping_status":"closed","template":"","meta":{"footnotes":""},"class_list":["post-111","page","type-page","status-publish","hentry"],"_links":{"self":[{"href":"https:\/\/blog.edu.turku.fi\/puropeltoaidinkieli\/wp-json\/wp\/v2\/pages\/111","targetHints":{"allow":["GET"]}}],"collection":[{"href":"https:\/\/blog.edu.turku.fi\/puropeltoaidinkieli\/wp-json\/wp\/v2\/pages"}],"about":[{"href":"https:\/\/blog.edu.turku.fi\/puropeltoaidinkieli\/wp-json\/wp\/v2\/types\/page"}],"author":[{"embeddable":true,"href":"https:\/\/blog.edu.turku.fi\/puropeltoaidinkieli\/wp-json\/wp\/v2\/users\/1950"}],"replies":[{"embeddable":true,"href":"https:\/\/blog.edu.turku.fi\/puropeltoaidinkieli\/wp-json\/wp\/v2\/comments?post=111"}],"version-history":[{"count":5,"href":"https:\/\/blog.edu.turku.fi\/puropeltoaidinkieli\/wp-json\/wp\/v2\/pages\/111\/revisions"}],"predecessor-version":[{"id":342,"href":"https:\/\/blog.edu.turku.fi\/puropeltoaidinkieli\/wp-json\/wp\/v2\/pages\/111\/revisions\/342"}],"up":[{"embeddable":true,"href":"https:\/\/blog.edu.turku.fi\/puropeltoaidinkieli\/wp-json\/wp\/v2\/pages\/12"}],"wp:attachment":[{"href":"https:\/\/blog.edu.turku.fi\/puropeltoaidinkieli\/wp-json\/wp\/v2\/media?parent=111"}],"curies":[{"name":"wp","href":"https:\/\/api.w.org\/{rel}","templated":true}]}}