{"id":58,"date":"2012-05-09T10:27:57","date_gmt":"2012-05-09T07:27:57","guid":{"rendered":"https:\/\/blog.edu.turku.fi\/puris\/?page_id=58"},"modified":"2024-09-13T10:43:17","modified_gmt":"2024-09-13T07:43:17","slug":"oppilaanohjaus","status":"publish","type":"page","link":"https:\/\/blog.edu.turku.fi\/puris\/oppilaanohjaus\/","title":{"rendered":"Oppilaanohjaus"},"content":{"rendered":"<p><strong>Oppilaanohjaaja Petri Niemi<\/strong><br \/>\n044 907 4673<\/p>\n<p><strong>Oppilaanohjaaja Essi Riihinen<\/strong><br \/>\n040 186 3747<\/p>\n<p>Opinto-ohjaajat ovat p\u00e4\u00e4s\u00e4\u00e4nt\u00f6isesti tavoitettavissa klo 9.00\u201315.00. Parhaiten heid\u00e4t tavoittaa s\u00e4hk\u00f6postilla osoitteesta etunimi.sukunimi@edu.turku.fi<\/p>\n<p>Oppilaanohjauksen keskeisin sis\u00e4lt\u00f6 on koottu sivustoihin <a href=\"http:\/\/www.oppilaanohjaus.fi\/\">www.oppilaanohjaus.fi<\/a>. TET-paikkoja l\u00f6ytyy osoitteesta <a href=\"https:\/\/www.tet-tori.fi\/\">www.tet-tori.fi. <\/a>Yhteishaku toteutetaan osoitteessa <a href=\"https:\/\/opintopolku.fi\/wp\/fi\/\">www.opintopolku.fi<\/a><\/p>\n<p>Huoltajille on varattu mahdollisuus tulla koululle keskustelemaan oppilaanohjaajan kanssa lapsen koulutus- ja uravalintaan liittyvist\u00e4 asioista. Tuokio toteutuu virka-aikana ja sopivaa aikaa voi tiedustella s-postitse oppilaanohjaajalta.<\/p>\n<p>T\u00e4rkeit\u00e4 tapahtumia lukuvuonna 2024-2025<\/p>\n<p>8.10.2024 Yhteishakuilta<br \/>\n28.10.-4.11.2024 Yrityskyl\u00e4vierailut (9lk)<br \/>\n31.10.-14.11.2024 TAIn avoimet ovet (9lk)<br \/>\n9.1.- 22.1.2025 Turun lukioiden esittelyillat ks. tarkemmin <a href=\"https:\/\/www.turku.fi\/sites\/default\/files\/atoms\/files\/yhteishakuopas_2025_verkko.pdf\">Yhteishakuopas 2024- 2025<\/a><br \/>\n18.2.\u201318.3.2025 Perusopetuksen j\u00e4lkeisen koulutuksen yhteishaku<br \/>\n5.5.-9.5.2025 Taitaja2025 -tapahtuma (8lk)<br \/>\n25.11.-29.11.2025 TET (9lk)<br \/>\n19.5.-23.5.2025 TET (8lk)<\/p>\n","protected":false},"excerpt":{"rendered":"<p>Oppilaanohjaaja Petri Niemi 044 907 4673 Oppilaanohjaaja Essi Riihinen 040 186 3747 Opinto-ohjaajat ovat p\u00e4\u00e4s\u00e4\u00e4nt\u00f6isesti tavoitettavissa klo 9.00\u201315.00. Parhaiten heid\u00e4t tavoittaa s\u00e4hk\u00f6postilla osoitteesta etunimi.sukunimi@edu.turku.fi Oppilaanohjauksen keskeisin sis\u00e4lt\u00f6 on koottu sivustoihin www.oppilaanohjaus.fi. TET-paikkoja l\u00f6ytyy osoitteesta www.tet-tori.fi. Yhteishaku toteutetaan osoitteessa www.opintopolku.fi Huoltajille on varattu mahdollisuus tulla koululle keskustelemaan oppilaanohjaajan kanssa lapsen koulutus- ja uravalintaan liittyvist\u00e4 asioista. Tuokio &hellip; <a href=\"https:\/\/blog.edu.turku.fi\/puris\/oppilaanohjaus\/\" class=\"more-link\">Jatka lukemista<span class=\"screen-reader-text\"> &#8221;Oppilaanohjaus&#8221;<\/span><\/a><\/p>\n","protected":false},"author":50,"featured_media":0,"parent":0,"menu_order":0,"comment_status":"closed","ping_status":"closed","template":"","meta":{"footnotes":""},"class_list":["post-58","page","type-page","status-publish","hentry"],"_links":{"self":[{"href":"https:\/\/blog.edu.turku.fi\/puris\/wp-json\/wp\/v2\/pages\/58","targetHints":{"allow":["GET"]}}],"collection":[{"href":"https:\/\/blog.edu.turku.fi\/puris\/wp-json\/wp\/v2\/pages"}],"about":[{"href":"https:\/\/blog.edu.turku.fi\/puris\/wp-json\/wp\/v2\/types\/page"}],"author":[{"embeddable":true,"href":"https:\/\/blog.edu.turku.fi\/puris\/wp-json\/wp\/v2\/users\/50"}],"replies":[{"embeddable":true,"href":"https:\/\/blog.edu.turku.fi\/puris\/wp-json\/wp\/v2\/comments?post=58"}],"version-history":[{"count":18,"href":"https:\/\/blog.edu.turku.fi\/puris\/wp-json\/wp\/v2\/pages\/58\/revisions"}],"predecessor-version":[{"id":2235,"href":"https:\/\/blog.edu.turku.fi\/puris\/wp-json\/wp\/v2\/pages\/58\/revisions\/2235"}],"wp:attachment":[{"href":"https:\/\/blog.edu.turku.fi\/puris\/wp-json\/wp\/v2\/media?parent=58"}],"curies":[{"name":"wp","href":"https:\/\/api.w.org\/{rel}","templated":true}]}}