{"id":33,"date":"2012-05-04T14:25:37","date_gmt":"2012-05-04T11:25:37","guid":{"rendered":"https:\/\/blog.edu.turku.fi\/puris\/?page_id=33"},"modified":"2026-03-12T12:19:09","modified_gmt":"2026-03-12T10:19:09","slug":"yhteystiedot","status":"publish","type":"page","link":"https:\/\/blog.edu.turku.fi\/puris\/yhteystiedot\/","title":{"rendered":"Yhteystiedot"},"content":{"rendered":"<p><strong>URL:<\/strong> <a href=\"https:\/\/blog.edu.turku.fi\/puris\">blog.edu.turku.fi\/puris<\/a><\/p>\n<p>&nbsp;<\/p>\n<p><strong>osoite<\/strong><br \/>\nPuropellon koulu<br \/>\nSep\u00e4nkatu 11<br \/>\n20700 TURKU<\/p>\n<p><strong>rehtori Mervi Viipuri<br \/>\n<\/strong>matkapuhelin: 044 9072348<\/p>\n<p><strong>koulusihteeri Elisa Lindroos<\/strong><br \/>\npuhelin: 040 632 3355<\/p>\n<p>Koulun henkil\u00f6kunnan s\u00e4hk\u00f6postiosoitteet ovat muotoa <em>etunimi.sukunimi@edu.turku.fi<\/em>.<\/p>\n<p><strong>terveydenhoitaja Laura Mouhu<\/strong><br \/>\npuhelin: 02 3133 797<\/p>\n<p><strong>kuraattori Ilona J\u00e4rvinen<\/strong><br \/>\npuhelin: 044 907 5667<\/p>\n<p><strong>koulupsykologi Laura Hujanen<br \/>\n<\/strong>puhelin: 040 626 1275<\/p>\n<p>Terveydenhoitajan, kuraattorin ja koulupsykologin s\u00e4hk\u00f6postiosoite on muotoa <em>etunimi.sukunimi@varha.fi<\/em>.<\/p>\n<p>Opettajien valvontaluokat ja puhelinnumerot l\u00f6ytyv\u00e4t Wilmasta osoitteessa <a href=\"https:\/\/turku.inschool.fi\">turku.inschool.fi<\/a>.<\/p>\n<p><img loading=\"lazy\" decoding=\"async\" class=\"aligncenter size-medium wp-image-640\" src=\"https:\/\/blog.edu.turku.fi\/puris\/files\/2015\/08\/TKU_peruskoulu_Puropellon_koulu_300ppi_viiva_black_RGB-300x108.png\" alt=\"TKU_peruskoulu_Puropellon_koulu_300ppi_viiva_black_RGB\" width=\"300\" height=\"108\" srcset=\"https:\/\/blog.edu.turku.fi\/puris\/files\/2015\/08\/TKU_peruskoulu_Puropellon_koulu_300ppi_viiva_black_RGB-300x108.png 300w, https:\/\/blog.edu.turku.fi\/puris\/files\/2015\/08\/TKU_peruskoulu_Puropellon_koulu_300ppi_viiva_black_RGB.png 524w\" sizes=\"auto, (max-width: 300px) 85vw, 300px\" \/><\/p>\n","protected":false},"excerpt":{"rendered":"<p>URL: blog.edu.turku.fi\/puris &nbsp; osoite Puropellon koulu Sep\u00e4nkatu 11 20700 TURKU rehtori Mervi Viipuri matkapuhelin: 044 9072348 koulusihteeri Elisa Lindroos puhelin: 040 632 3355 Koulun henkil\u00f6kunnan s\u00e4hk\u00f6postiosoitteet ovat muotoa etunimi.sukunimi@edu.turku.fi. terveydenhoitaja Laura Mouhu puhelin: 02 3133 797 kuraattori Ilona J\u00e4rvinen puhelin: 044 907 5667 koulupsykologi Laura Hujanen puhelin: 040 626 1275 Terveydenhoitajan, kuraattorin ja koulupsykologin s\u00e4hk\u00f6postiosoite &hellip; <a href=\"https:\/\/blog.edu.turku.fi\/puris\/yhteystiedot\/\" class=\"more-link\">Jatka lukemista<span class=\"screen-reader-text\"> &#8221;Yhteystiedot&#8221;<\/span><\/a><\/p>\n","protected":false},"author":50,"featured_media":0,"parent":0,"menu_order":0,"comment_status":"closed","ping_status":"closed","template":"","meta":{"footnotes":""},"class_list":["post-33","page","type-page","status-publish","hentry"],"_links":{"self":[{"href":"https:\/\/blog.edu.turku.fi\/puris\/wp-json\/wp\/v2\/pages\/33","targetHints":{"allow":["GET"]}}],"collection":[{"href":"https:\/\/blog.edu.turku.fi\/puris\/wp-json\/wp\/v2\/pages"}],"about":[{"href":"https:\/\/blog.edu.turku.fi\/puris\/wp-json\/wp\/v2\/types\/page"}],"author":[{"embeddable":true,"href":"https:\/\/blog.edu.turku.fi\/puris\/wp-json\/wp\/v2\/users\/50"}],"replies":[{"embeddable":true,"href":"https:\/\/blog.edu.turku.fi\/puris\/wp-json\/wp\/v2\/comments?post=33"}],"version-history":[{"count":60,"href":"https:\/\/blog.edu.turku.fi\/puris\/wp-json\/wp\/v2\/pages\/33\/revisions"}],"predecessor-version":[{"id":2422,"href":"https:\/\/blog.edu.turku.fi\/puris\/wp-json\/wp\/v2\/pages\/33\/revisions\/2422"}],"wp:attachment":[{"href":"https:\/\/blog.edu.turku.fi\/puris\/wp-json\/wp\/v2\/media?parent=33"}],"curies":[{"name":"wp","href":"https:\/\/api.w.org\/{rel}","templated":true}]}}