{"id":1145,"date":"2017-10-22T19:27:35","date_gmt":"2017-10-22T16:27:35","guid":{"rendered":"https:\/\/blog.edu.turku.fi\/puris\/?page_id=1145"},"modified":"2026-01-09T08:58:50","modified_gmt":"2026-01-09T06:58:50","slug":"valinnaiset-opinnot","status":"publish","type":"page","link":"https:\/\/blog.edu.turku.fi\/puris\/valinnaiset-opinnot\/","title":{"rendered":"Valinnaiset opinnot"},"content":{"rendered":"<p>Puropellon koulussa valinnaiset opinnot ajoittuvat kahdeksannelle ja yhdeks\u00e4nnelle luokalle. Suurin osa valinnoista tehd\u00e4\u00e4n seitsem\u00e4nnell\u00e4 luokalla. Kahdeksannella luokalla tehd\u00e4\u00e4n vain yhdeks\u00e4nnen luokan lyhyen valinnaisaineen valinta.<\/p>\n<p><a href=\"https:\/\/blog.edu.turku.fi\/puris\/taito-ja-taideaineiden-valinnaiset-tunnit\/\">Taito- ja taideaineiden valinnaisia tunteja<\/a>\u00a0opiskellaan yhdest\u00e4 aineesta kaksi vuosiviikkotuntia sek\u00e4 kahdeksannella ett\u00e4 yhdeks\u00e4nnell\u00e4 luokalla. My\u00f6s niin kutsuttua <a href=\"https:\/\/blog.edu.turku.fi\/puris\/pitkat-valinnaisaineet\/\">pitk\u00e4\u00e4 valinnnaisainetta<\/a> opiskellaan kaksi vuosiviikkotuntia sek\u00e4 kahdeksannella ett\u00e4 yhdeks\u00e4nnell\u00e4 luokalla. Pitkien valinnaisaineiden joukosta valitaan niin ik\u00e4\u00e4n yksi. Pitk\u00e4st\u00e4 valinnaisaineesta tulee arvosana todistukseen.<\/p>\n<p><a href=\"https:\/\/blog.edu.turku.fi\/puris\/kahdeksannen-luokan-lyhyet-valinnaiset-aineet\/\">Kahdeksannella luokalla lyhyit\u00e4 valinnaisaineita<\/a> on yksi, jota opiskellaan yksi vuosiviikkotunti. <a href=\"https:\/\/blog.edu.turku.fi\/puris\/yhdeksannen-luokan-lyhyet-valinnaiset-aineet\/\">Yhdeks\u00e4nnell\u00e4 luokalla lyhyit\u00e4 valinnaisaineita<\/a> on my\u00f6s yksi ja sit\u00e4kin yhden vuosiviikkotunnin verran. Lyhyist\u00e4 valinnaisainesta tulee todistukseen merkint\u00e4 hylk\u00e4\u00e4misest\u00e4 tai aineen suorittamisesta hyv\u00e4ksytysti.<\/p>\n<p><a href=\"https:\/\/blog.edu.turku.fi\/puris\/files\/2026\/01\/valintakaavio_2026-1.jpg\"><img loading=\"lazy\" decoding=\"async\" class=\"aligncenter wp-image-2402 size-large\" src=\"https:\/\/blog.edu.turku.fi\/puris\/files\/2026\/01\/valintakaavio_2026-1-798x298.jpg\" alt=\"\" width=\"798\" height=\"298\" srcset=\"https:\/\/blog.edu.turku.fi\/puris\/files\/2026\/01\/valintakaavio_2026-1.jpg 798w, https:\/\/blog.edu.turku.fi\/puris\/files\/2026\/01\/valintakaavio_2026-1-300x112.jpg 300w\" sizes=\"auto, (max-width: 798px) 85vw, 798px\" \/><\/a><\/p>\n<h2>Liikuntalinjalaiset<\/h2>\n<p>Liikuntalinjalaisten valinnainen tunti on automaattisesti liikunta, joten he valitsevat vain yhden pitk\u00e4n ja yhden lyhyen valinnaisaineen.<\/p>\n<h2>A2-espanjan, A2-ranskan ja A2-saksan lukijat<\/h2>\n<p>A2-espanjaa, -ranskaa ja -saksaa opiskellaan yleisopetuksen oppituntien ulkopuolella sek\u00e4 8. ett\u00e4 9. luokalla. Siksi n\u00e4m\u00e4 oppilaat valitsevat kahdeksannelle luokalle taito- ja taideaineen valinnaiset tunnit ja yhden lyhyen valinnaisaineen.<\/p>\n<h2>Mit\u00e4 valita?<\/h2>\n<p>Valitse aineita, jotka tukevat opiskelua tai koulunk\u00e4ynti\u00e4 &#8211; nykyist\u00e4 ja tulevaa. Aineet voivat tukea my\u00f6s nykyist\u00e4 harrastusta, antaa mahdollisuuden kokeilla ja oppia jotakin uutta. Ne voivat my\u00f6s kevent\u00e4\u00e4 kouluviikkoa. Hyv\u00e4 perustelu ei ole, ett\u00e4 kaveri valitsee saman aineen. Ryhmien muodostamisessa ei nimitt\u00e4in huomioida kaveritoivetta.<\/p>\n","protected":false},"excerpt":{"rendered":"<p>Puropellon koulussa valinnaiset opinnot ajoittuvat kahdeksannelle ja yhdeks\u00e4nnelle luokalle. Suurin osa valinnoista tehd\u00e4\u00e4n seitsem\u00e4nnell\u00e4 luokalla. Kahdeksannella luokalla tehd\u00e4\u00e4n vain yhdeks\u00e4nnen luokan lyhyen valinnaisaineen valinta. Taito- ja taideaineiden valinnaisia tunteja\u00a0opiskellaan yhdest\u00e4 aineesta kaksi vuosiviikkotuntia sek\u00e4 kahdeksannella ett\u00e4 yhdeks\u00e4nnell\u00e4 luokalla. My\u00f6s niin kutsuttua pitk\u00e4\u00e4 valinnnaisainetta opiskellaan kaksi vuosiviikkotuntia sek\u00e4 kahdeksannella ett\u00e4 yhdeks\u00e4nnell\u00e4 luokalla. Pitkien valinnaisaineiden joukosta valitaan &hellip; <a href=\"https:\/\/blog.edu.turku.fi\/puris\/valinnaiset-opinnot\/\" class=\"more-link\">Jatka lukemista<span class=\"screen-reader-text\"> &#8221;Valinnaiset opinnot&#8221;<\/span><\/a><\/p>\n","protected":false},"author":50,"featured_media":0,"parent":0,"menu_order":0,"comment_status":"closed","ping_status":"closed","template":"","meta":{"footnotes":""},"class_list":["post-1145","page","type-page","status-publish","hentry"],"_links":{"self":[{"href":"https:\/\/blog.edu.turku.fi\/puris\/wp-json\/wp\/v2\/pages\/1145","targetHints":{"allow":["GET"]}}],"collection":[{"href":"https:\/\/blog.edu.turku.fi\/puris\/wp-json\/wp\/v2\/pages"}],"about":[{"href":"https:\/\/blog.edu.turku.fi\/puris\/wp-json\/wp\/v2\/types\/page"}],"author":[{"embeddable":true,"href":"https:\/\/blog.edu.turku.fi\/puris\/wp-json\/wp\/v2\/users\/50"}],"replies":[{"embeddable":true,"href":"https:\/\/blog.edu.turku.fi\/puris\/wp-json\/wp\/v2\/comments?post=1145"}],"version-history":[{"count":14,"href":"https:\/\/blog.edu.turku.fi\/puris\/wp-json\/wp\/v2\/pages\/1145\/revisions"}],"predecessor-version":[{"id":1170,"href":"https:\/\/blog.edu.turku.fi\/puris\/wp-json\/wp\/v2\/pages\/1145\/revisions\/1170"}],"wp:attachment":[{"href":"https:\/\/blog.edu.turku.fi\/puris\/wp-json\/wp\/v2\/media?parent=1145"}],"curies":[{"name":"wp","href":"https:\/\/api.w.org\/{rel}","templated":true}]}}