{"id":91,"date":"2013-04-30T14:34:32","date_gmt":"2013-04-30T11:34:32","guid":{"rendered":"https:\/\/blog.edu.turku.fi\/puolalats8\/files\/2013\/04\/DSC00014.jpg"},"modified":"2013-04-30T14:34:32","modified_gmt":"2013-04-30T11:34:32","slug":"dsc00014","status":"inherit","type":"attachment","link":"https:\/\/blog.edu.turku.fi\/puolalats8\/dsc00014\/","title":{"rendered":"DSC00014"},"author":262,"featured_media":0,"comment_status":"closed","ping_status":"closed","template":"","meta":[],"class_list":["post-91","attachment","type-attachment","status-inherit","hentry"],"description":{"rendered":"<p class=\"attachment\"><a href='https:\/\/blog.edu.turku.fi\/puolalats8\/files\/2013\/04\/DSC00014-e1367321899775.jpg'><img loading=\"lazy\" decoding=\"async\" width=\"225\" height=\"300\" src=\"https:\/\/blog.edu.turku.fi\/puolalats8\/files\/2013\/04\/DSC00014-e1367321899775-225x300.jpg\" class=\"attachment-medium size-medium\" alt=\"\" srcset=\"https:\/\/blog.edu.turku.fi\/puolalats8\/files\/2013\/04\/DSC00014-e1367321899775-225x300.jpg 225w, https:\/\/blog.edu.turku.fi\/puolalats8\/files\/2013\/04\/DSC00014-e1367321899775.jpg 480w\" sizes=\"auto, (max-width: 225px) 100vw, 225px\" \/><\/a><\/p>\n<p>K\u00e4sity\u00f6ntunnilla tehd\u00e4\u00e4n kes\u00e4vaatetta. Ensimm\u00e4inen vaate on valmistunut. \ud83d\ude42<\/p>\n"},"caption":{"rendered":"<p>Kev\u00e4tvaate <a href=\"https:\/\/blog.edu.turku.fi\/puolalats8\/dsc00014\/\">Continue reading <span class=\"meta-nav\">&rarr;<\/span><\/a><\/p>\n"},"alt_text":"","media_type":"image","mime_type":"image\/jpeg","media_details":{"width":480,"height":640,"file":"2013\/04\/DSC00014-e1367321899775.jpg","sizes":{"thumbnail":{"file":"DSC00014-e1367321899775-150x150.jpg","width":150,"height":150,"mime_type":"image\/jpeg","source_url":"https:\/\/blog.edu.turku.fi\/puolalats8\/files\/2013\/04\/DSC00014-e1367321899775-150x150.jpg"},"medium":{"file":"DSC00014-e1367321899775-225x300.jpg","width":225,"height":300,"mime_type":"image\/jpeg","source_url":"https:\/\/blog.edu.turku.fi\/puolalats8\/files\/2013\/04\/DSC00014-e1367321899775-225x300.jpg"},"full":{"file":"DSC00014-e1367321899775.jpg","width":480,"height":640,"mime_type":"image\/jpeg","source_url":"https:\/\/blog.edu.turku.fi\/puolalats8\/files\/2013\/04\/DSC00014-e1367321899775.jpg"}},"image_meta":{"aperture":0,"credit":"","camera":"","caption":"","created_timestamp":0,"copyright":"","focal_length":0,"iso":0,"shutter_speed":0,"title":""}},"post":null,"source_url":"https:\/\/blog.edu.turku.fi\/puolalats8\/files\/2013\/04\/DSC00014-e1367321899775.jpg","_links":{"self":[{"href":"https:\/\/blog.edu.turku.fi\/puolalats8\/wp-json\/wp\/v2\/media\/91","targetHints":{"allow":["GET"]}}],"collection":[{"href":"https:\/\/blog.edu.turku.fi\/puolalats8\/wp-json\/wp\/v2\/media"}],"about":[{"href":"https:\/\/blog.edu.turku.fi\/puolalats8\/wp-json\/wp\/v2\/types\/attachment"}],"author":[{"embeddable":true,"href":"https:\/\/blog.edu.turku.fi\/puolalats8\/wp-json\/wp\/v2\/users\/262"}],"replies":[{"embeddable":true,"href":"https:\/\/blog.edu.turku.fi\/puolalats8\/wp-json\/wp\/v2\/comments?post=91"}]}}

<p class="attachment"><a href='https://blog.edu.turku.fi/puolalats8/files/2013/04/DSC00014-e1367321899775.jpg'><img loading="lazy" decoding="async" width="225" height="300" src="https://blog.edu.turku.fi/puolalats8/files/2013/04/DSC00014-e1367321899775-225x300.jpg" class="attachment-medium size-medium" alt="" srcset="https://blog.edu.turku.fi/puolalats8/files/2013/04/DSC00014-e1367321899775-225x300.jpg 225w, https://blog.edu.turku.fi/puolalats8/files/2013/04/DSC00014-e1367321899775.jpg 480w" sizes="auto, (max-width: 225px) 100vw, 225px" /></a></p>
<p>Käsityöntunnilla tehdään kesävaatetta. Ensimmäinen vaate on valmistunut. 🙂</p>

<p>Kevätvaate <a href="https://blog.edu.turku.fi/puolalats8/dsc00014/">Continue reading <span class="meta-nav">&rarr;</span></a></p>
