{"id":1427,"date":"2016-06-14T09:15:55","date_gmt":"2016-06-14T06:15:55","guid":{"rendered":"https:\/\/blog.edu.turku.fi\/puolala\/?page_id=1427"},"modified":"2024-06-17T18:49:46","modified_gmt":"2024-06-17T15:49:46","slug":"kerhotoiminta","status":"publish","type":"page","link":"https:\/\/blog.edu.turku.fi\/puolala\/koulussa-tapahtuu\/kerhotoiminta\/","title":{"rendered":"Kerhotoiminta"},"content":{"rendered":"<p><a href=\"https:\/\/blog.edu.turku.fi\/puolala\/files\/2016\/06\/Liikuntakerho-2015-2.jpg\" rel=\"attachment wp-att-1489\"><img loading=\"lazy\" decoding=\"async\" class=\"alignright size-medium wp-image-1489\" src=\"https:\/\/blog.edu.turku.fi\/puolala\/files\/2016\/06\/Liikuntakerho-2015-2-300x199.jpg\" alt=\"Liikuntakerho 2015 (2)\" width=\"300\" height=\"199\" srcset=\"https:\/\/blog.edu.turku.fi\/puolala\/files\/2016\/06\/Liikuntakerho-2015-2-300x199.jpg 300w, https:\/\/blog.edu.turku.fi\/puolala\/files\/2016\/06\/Liikuntakerho-2015-2-1024x678.jpg 1024w, https:\/\/blog.edu.turku.fi\/puolala\/files\/2016\/06\/Liikuntakerho-2015-2.jpg 1000w\" sizes=\"auto, (max-width: 300px) 85vw, 300px\" \/><\/a>Koulussamme j\u00e4rjestet\u00e4\u00e4n kerhotoimintaa Opetushallituksen koululaitokselle my\u00f6nt\u00e4mien kerhom\u00e4\u00e4r\u00e4\u00e4rahojen puitteissa. Kerhot ovat olleet hyvin suosittuja. Ne ovat oppilaille vapaaehtoista iltap\u00e4iv\u00e4toimintaa. Mahdollisista kerhoista tiedotetaan koteja lukukauden alussa.<\/p>\n","protected":false},"excerpt":{"rendered":"<p>Koulussamme j\u00e4rjestet\u00e4\u00e4n kerhotoimintaa Opetushallituksen koululaitokselle my\u00f6nt\u00e4mien kerhom\u00e4\u00e4r\u00e4\u00e4rahojen puitteissa. Kerhot ovat olleet hyvin suosittuja. Ne ovat oppilaille vapaaehtoista iltap\u00e4iv\u00e4toimintaa. Mahdollisista kerhoista tiedotetaan koteja lukukauden alussa.<\/p>\n","protected":false},"author":56,"featured_media":0,"parent":1302,"menu_order":6,"comment_status":"closed","ping_status":"closed","template":"","meta":{"footnotes":""},"class_list":["post-1427","page","type-page","status-publish","hentry"],"_links":{"self":[{"href":"https:\/\/blog.edu.turku.fi\/puolala\/wp-json\/wp\/v2\/pages\/1427","targetHints":{"allow":["GET"]}}],"collection":[{"href":"https:\/\/blog.edu.turku.fi\/puolala\/wp-json\/wp\/v2\/pages"}],"about":[{"href":"https:\/\/blog.edu.turku.fi\/puolala\/wp-json\/wp\/v2\/types\/page"}],"author":[{"embeddable":true,"href":"https:\/\/blog.edu.turku.fi\/puolala\/wp-json\/wp\/v2\/users\/56"}],"replies":[{"embeddable":true,"href":"https:\/\/blog.edu.turku.fi\/puolala\/wp-json\/wp\/v2\/comments?post=1427"}],"version-history":[{"count":2,"href":"https:\/\/blog.edu.turku.fi\/puolala\/wp-json\/wp\/v2\/pages\/1427\/revisions"}],"predecessor-version":[{"id":1505,"href":"https:\/\/blog.edu.turku.fi\/puolala\/wp-json\/wp\/v2\/pages\/1427\/revisions\/1505"}],"up":[{"embeddable":true,"href":"https:\/\/blog.edu.turku.fi\/puolala\/wp-json\/wp\/v2\/pages\/1302"}],"wp:attachment":[{"href":"https:\/\/blog.edu.turku.fi\/puolala\/wp-json\/wp\/v2\/media?parent=1427"}],"curies":[{"name":"wp","href":"https:\/\/api.w.org\/{rel}","templated":true}]}}