{"id":1425,"date":"2016-06-14T09:15:36","date_gmt":"2016-06-14T06:15:36","guid":{"rendered":"https:\/\/blog.edu.turku.fi\/puolala\/?page_id=1425"},"modified":"2024-06-17T18:49:30","modified_gmt":"2024-06-17T15:49:30","slug":"kestava-kehitys","status":"publish","type":"page","link":"https:\/\/blog.edu.turku.fi\/puolala\/koulussa-tapahtuu\/kestava-kehitys\/","title":{"rendered":"Kest\u00e4v\u00e4 kehitys"},"content":{"rendered":"<p><a href=\"https:\/\/blog.edu.turku.fi\/puolala\/files\/2016\/06\/Mapet-Laatta.jpg\" rel=\"attachment wp-att-1491\"><img loading=\"lazy\" decoding=\"async\" class=\"alignright size-medium wp-image-1491\" src=\"https:\/\/blog.edu.turku.fi\/puolala\/files\/2016\/06\/Mapet-Laatta-300x199.jpg\" alt=\"Mapet Laatta\" width=\"300\" height=\"199\" srcset=\"https:\/\/blog.edu.turku.fi\/puolala\/files\/2016\/06\/Mapet-Laatta-300x199.jpg 300w, https:\/\/blog.edu.turku.fi\/puolala\/files\/2016\/06\/Mapet-Laatta-1024x678.jpg 1024w, https:\/\/blog.edu.turku.fi\/puolala\/files\/2016\/06\/Mapet-Laatta.jpg 1000w\" sizes=\"auto, (max-width: 300px) 85vw, 300px\" \/><\/a>Kest\u00e4v\u00e4n kehityksen l\u00e4ht\u00f6kohtana on huoli ihmisten v\u00e4lisest\u00e4 eriarvoisuudesta ja el\u00e4m\u00e4n perustan muodostavien ekosysteemien elinvoimaisuuden ehtymisest\u00e4. Koulussamme toimii Kest\u00e4v\u00e4n kehityksen opettajista koostuva ty\u00f6ryhm\u00e4 sek\u00e4 Keke-oppilaat. Alakoulun kest\u00e4v\u00e4n kehityksen hallituksen muodostavat Mapet eli Maailmanpelastajat. Hallitus valitaan oppilaskuntavaalien kanssa samana p\u00e4iv\u00e4n\u00e4, vuosittain. Keket j\u00e4rjest\u00e4v\u00e4t erilaisia teemap\u00e4iv\u00e4, joissa kiinnitet\u00e4\u00e4n huomioita sek\u00e4 sosiaalisen ymp\u00e4rist\u00f6n ett\u00e4 perinteisemm\u00e4n ymp\u00e4rist\u00f6nsuojelun kysymyksiin. My\u00f6s koulun globaalikasvatus kuuluu kest\u00e4v\u00e4n kehityksen sateenvarjon alle.<\/p>\n","protected":false},"excerpt":{"rendered":"<p>Kest\u00e4v\u00e4n kehityksen l\u00e4ht\u00f6kohtana on huoli ihmisten v\u00e4lisest\u00e4 eriarvoisuudesta ja el\u00e4m\u00e4n perustan muodostavien ekosysteemien elinvoimaisuuden ehtymisest\u00e4. Koulussamme toimii Kest\u00e4v\u00e4n kehityksen opettajista koostuva ty\u00f6ryhm\u00e4 sek\u00e4 Keke-oppilaat. Alakoulun kest\u00e4v\u00e4n kehityksen hallituksen muodostavat Mapet eli Maailmanpelastajat. Hallitus valitaan oppilaskuntavaalien kanssa samana p\u00e4iv\u00e4n\u00e4, vuosittain. Keket j\u00e4rjest\u00e4v\u00e4t erilaisia teemap\u00e4iv\u00e4, joissa kiinnitet\u00e4\u00e4n huomioita sek\u00e4 sosiaalisen ymp\u00e4rist\u00f6n ett\u00e4 perinteisemm\u00e4n ymp\u00e4rist\u00f6nsuojelun kysymyksiin. My\u00f6s koulun &hellip; <a href=\"https:\/\/blog.edu.turku.fi\/puolala\/koulussa-tapahtuu\/kestava-kehitys\/\" class=\"more-link\">Jatka lukemista<span class=\"screen-reader-text\"> &#8221;Kest\u00e4v\u00e4 kehitys&#8221;<\/span><\/a><\/p>\n","protected":false},"author":56,"featured_media":0,"parent":1302,"menu_order":5,"comment_status":"closed","ping_status":"closed","template":"","meta":{"footnotes":""},"class_list":["post-1425","page","type-page","status-publish","hentry"],"_links":{"self":[{"href":"https:\/\/blog.edu.turku.fi\/puolala\/wp-json\/wp\/v2\/pages\/1425","targetHints":{"allow":["GET"]}}],"collection":[{"href":"https:\/\/blog.edu.turku.fi\/puolala\/wp-json\/wp\/v2\/pages"}],"about":[{"href":"https:\/\/blog.edu.turku.fi\/puolala\/wp-json\/wp\/v2\/types\/page"}],"author":[{"embeddable":true,"href":"https:\/\/blog.edu.turku.fi\/puolala\/wp-json\/wp\/v2\/users\/56"}],"replies":[{"embeddable":true,"href":"https:\/\/blog.edu.turku.fi\/puolala\/wp-json\/wp\/v2\/comments?post=1425"}],"version-history":[{"count":5,"href":"https:\/\/blog.edu.turku.fi\/puolala\/wp-json\/wp\/v2\/pages\/1425\/revisions"}],"predecessor-version":[{"id":2667,"href":"https:\/\/blog.edu.turku.fi\/puolala\/wp-json\/wp\/v2\/pages\/1425\/revisions\/2667"}],"up":[{"embeddable":true,"href":"https:\/\/blog.edu.turku.fi\/puolala\/wp-json\/wp\/v2\/pages\/1302"}],"wp:attachment":[{"href":"https:\/\/blog.edu.turku.fi\/puolala\/wp-json\/wp\/v2\/media?parent=1425"}],"curies":[{"name":"wp","href":"https:\/\/api.w.org\/{rel}","templated":true}]}}