{"id":1324,"date":"2016-03-17T12:28:43","date_gmt":"2016-03-17T09:28:43","guid":{"rendered":"https:\/\/blog.edu.turku.fi\/puolala\/?page_id=1324"},"modified":"2026-03-11T14:01:01","modified_gmt":"2026-03-11T11:01:01","slug":"muu-henkilokunta","status":"publish","type":"page","link":"https:\/\/blog.edu.turku.fi\/puolala\/yhteystiedot\/muu-henkilokunta\/","title":{"rendered":"Muu henkil\u00f6kunta"},"content":{"rendered":"<p>&nbsp;<\/p>\n<p><strong>Terveydenhoitaja\u00a0alakoulu<br \/>\n<\/strong>Iida Niminen<br \/>\n<a href=\"tel:+358401789796\">040 178 9796<\/a><br \/>\niida.a.nieminen@varha.fi<br \/>\n(<em>S\u00e4hk\u00f6postilla ei tule l\u00e4hett\u00e4\u00e4 arkaluontoista tietoa. K\u00e4yt\u00e4th\u00e4n tarvittaessa s\u00e4hk\u00f6postin suojausta.)<\/em><br \/>\nKoulul\u00e4\u00e4k\u00e4rit\u00a0 Auli Muurman-Englund ja Anna Salmi (ajanvaraukset terveydenhoitajan kautta)<\/p>\n<p><strong>Terveydenhoitaja\u00a0yl\u00e4koulu<br \/>\n<\/strong>Viivi Yli-Alho<br \/>\n<a href=\"tel:+358401447902\">040 144 7902<\/a><br \/>\nviivi.yli-alho@varha.fi<br \/>\n(<em>S\u00e4hk\u00f6postilla ei tule l\u00e4hett\u00e4\u00e4 arkaluontoista tietoa. K\u00e4yt\u00e4th\u00e4n tarvittaessa s\u00e4hk\u00f6postin suojausta.)<\/em><br \/>\nKoulul\u00e4\u00e4k\u00e4ri Samu Heino (ajanvaraukset terveydenhoitajan kautta)<\/p>\n<p><strong>Koulupsykologi alakoulu<br \/>\n<\/strong>Jenna Miettinen<br \/>\n<a href=\"tel:+358447530131\">044 753 0131<\/a><br \/>\njenna.miettinen@varha.fi<br \/>\n(<em>S\u00e4hk\u00f6postilla ei tule l\u00e4hett\u00e4\u00e4 arkaluontoista tietoa. K\u00e4yt\u00e4th\u00e4n tarvittaessa s\u00e4hk\u00f6postin suojausta.)<\/em><\/p>\n<p><strong>Koulupsykologi yl\u00e4koulu<br \/>\n<\/strong>Viivi Erkkil\u00e4<br \/>\n<a href=\"tel:+358449075321\">044 907 5321<\/a><br \/>\nviivi.erkkil\u00e4@varha.fi<br \/>\n(<em>S\u00e4hk\u00f6postilla ei tule l\u00e4hett\u00e4\u00e4 arkaluontoista tietoa. K\u00e4yt\u00e4th\u00e4n tarvittaessa s\u00e4hk\u00f6postin suojausta.)<\/em><\/p>\n<p><strong>Koulukuraattori alakoulu<br \/>\n<\/strong>Milja Muikkula<br \/>\n<a href=\"tel:+358449075967\">044 907 5967<\/a><br \/>\nmilja.muikkula@varha.fi<br \/>\n(<em>S\u00e4hk\u00f6postilla ei tule l\u00e4hett\u00e4\u00e4 arkaluontoista tietoa. K\u00e4yt\u00e4th\u00e4n tarvittaessa s\u00e4hk\u00f6postin suojausta.)<\/em><\/p>\n<p><strong>Koulukuraattori yl\u00e4koulu<br \/>\n<\/strong>Jenni Ter\u00e4s<br \/>\n<a href=\"tel:+358406672320\">040 667 2320<\/a><br \/>\njenni.teras2@varha.fi<br \/>\n(<em>S\u00e4hk\u00f6postilla ei tule l\u00e4hett\u00e4\u00e4 arkaluontoista tietoa. K\u00e4yt\u00e4th\u00e4n tarvittaessa s\u00e4hk\u00f6postin suojausta.)<\/em><\/p>\n<p><strong>Psykiatrinen sairaanhoitaja alakoulu<br \/>\n<\/strong>Elise Yli-Peltola<br \/>\n<span data-olk-copy-source=\"MessageBody\">040\u00a0615 3374<\/span><br \/>\n<em><a href=\"mailto:elise.yli-peltola@varha.fi\"><span data-olk-copy-source=\"MessageBody\">elise.yli-peltola@varha.fi<\/span><\/a>\u00a0(S\u00e4hk\u00f6postilla ei tule l\u00e4hett\u00e4\u00e4 arkaluontoista tietoa. K\u00e4yt\u00e4th\u00e4n tarvittaessa s\u00e4hk\u00f6postin suojausta. Tavoitettavissa Wilman kautta syksyll\u00e4 2024. <\/em>Kontaktin aloittaminen edellytt\u00e4\u00e4 yhteydenoton kouluterveydenhoitajaan.<em>)<\/em><\/p>\n<p><strong>Psykiatrinen sairaanhoitaja yl\u00e4koulu<br \/>\n<\/strong>Katja Sanaskoski<br \/>\n<em>050 476 4421<\/em><br \/>\n<em><a href=\"mailto:katja.sanaskoski@varha.fi\">katja.sanaskoski@varha.fi<\/a> (S\u00e4hk\u00f6postilla ei tule l\u00e4hett\u00e4\u00e4 arkaluontoista tietoa. K\u00e4yt\u00e4th\u00e4n tarvittaessa s\u00e4hk\u00f6postin suojausta. Tavoitettavissa Wilman kautta syksyll\u00e4 2024. <\/em>Kontaktin aloittaminen edellytt\u00e4\u00e4 yhteydenoton kouluterveydenhoitajaan.<em>)<\/em><\/p>\n<p><strong>Vahtimestari<br \/>\n<\/strong>Ari L\u00e5gas (Alltime)<br \/>\n<a href=\"tel:+358405440661\">040 544 0661<\/a><\/p>\n<p><strong>Kiinteist\u00f6nhoitaja<\/strong><strong><br \/>\n<\/strong>Joonas Winter (Alltime)<br \/>\n<a href=\"tel:+358449072517\">044 907 2517<\/a><\/p>\n<p><strong>Keitti\u00f6, Puutarhakatu 5<br \/>\n<\/strong>Kaarea<strong><br \/>\n<\/strong><a href=\"tel:+358401527993\">040 152 7993<\/a><\/p>\n<p><strong>Keitti\u00f6, Kauppiaskatu 14<br \/>\n<\/strong><strong>Kaarea<br \/>\n<\/strong><a href=\"tel:+358405605046\">040 560 5046 <\/a><\/p>\n","protected":false},"excerpt":{"rendered":"<p>&nbsp; Terveydenhoitaja\u00a0alakoulu Iida Niminen 040 178 9796 iida.a.nieminen@varha.fi (S\u00e4hk\u00f6postilla ei tule l\u00e4hett\u00e4\u00e4 arkaluontoista tietoa. K\u00e4yt\u00e4th\u00e4n tarvittaessa s\u00e4hk\u00f6postin suojausta.) Koulul\u00e4\u00e4k\u00e4rit\u00a0 Auli Muurman-Englund ja Anna Salmi (ajanvaraukset terveydenhoitajan kautta) Terveydenhoitaja\u00a0yl\u00e4koulu Viivi Yli-Alho 040 144 7902 viivi.yli-alho@varha.fi (S\u00e4hk\u00f6postilla ei tule l\u00e4hett\u00e4\u00e4 arkaluontoista tietoa. K\u00e4yt\u00e4th\u00e4n tarvittaessa s\u00e4hk\u00f6postin suojausta.) Koulul\u00e4\u00e4k\u00e4ri Samu Heino (ajanvaraukset terveydenhoitajan kautta) Koulupsykologi alakoulu Jenna Miettinen 044 &hellip; <a href=\"https:\/\/blog.edu.turku.fi\/puolala\/yhteystiedot\/muu-henkilokunta\/\" class=\"more-link\">Jatka lukemista<span class=\"screen-reader-text\"> &#8221;Muu henkil\u00f6kunta&#8221;<\/span><\/a><\/p>\n","protected":false},"author":56,"featured_media":0,"parent":1296,"menu_order":5,"comment_status":"closed","ping_status":"closed","template":"","meta":{"footnotes":""},"class_list":["post-1324","page","type-page","status-publish","hentry"],"_links":{"self":[{"href":"https:\/\/blog.edu.turku.fi\/puolala\/wp-json\/wp\/v2\/pages\/1324","targetHints":{"allow":["GET"]}}],"collection":[{"href":"https:\/\/blog.edu.turku.fi\/puolala\/wp-json\/wp\/v2\/pages"}],"about":[{"href":"https:\/\/blog.edu.turku.fi\/puolala\/wp-json\/wp\/v2\/types\/page"}],"author":[{"embeddable":true,"href":"https:\/\/blog.edu.turku.fi\/puolala\/wp-json\/wp\/v2\/users\/56"}],"replies":[{"embeddable":true,"href":"https:\/\/blog.edu.turku.fi\/puolala\/wp-json\/wp\/v2\/comments?post=1324"}],"version-history":[{"count":82,"href":"https:\/\/blog.edu.turku.fi\/puolala\/wp-json\/wp\/v2\/pages\/1324\/revisions"}],"predecessor-version":[{"id":3064,"href":"https:\/\/blog.edu.turku.fi\/puolala\/wp-json\/wp\/v2\/pages\/1324\/revisions\/3064"}],"up":[{"embeddable":true,"href":"https:\/\/blog.edu.turku.fi\/puolala\/wp-json\/wp\/v2\/pages\/1296"}],"wp:attachment":[{"href":"https:\/\/blog.edu.turku.fi\/puolala\/wp-json\/wp\/v2\/media?parent=1324"}],"curies":[{"name":"wp","href":"https:\/\/api.w.org\/{rel}","templated":true}]}}