{"id":21,"date":"2024-06-11T14:15:08","date_gmt":"2024-06-11T11:15:08","guid":{"rendered":"https:\/\/blog.edu.turku.fi\/puolala-tekstiili\/?page_id=21"},"modified":"2024-06-11T23:55:53","modified_gmt":"2024-06-11T20:55:53","slug":"historian-havinaa","status":"publish","type":"page","link":"https:\/\/blog.edu.turku.fi\/puolala-tekstiili\/historian-havinaa\/","title":{"rendered":"Historian havinaa"},"content":{"rendered":"\n<p><strong>Projekteja vuosilta 2005 &#8211; 2012<\/strong><\/p>\n\n\n\n<p><a href=\"https:\/\/info.edu.turku.fi\/tekstiilityo\/villa_vie-projekti\/index.html\" target=\"_blank\" rel=\"noreferrer noopener\">Villa vie -projekti<\/a> &#8211; laaja tutustuminen suomenlampaan villaan.<br><a href=\"https:\/\/info.edu.turku.fi\/tekstiilityo\/tuunatut_tyynyliinat\/index.html\" target=\"_blank\" rel=\"noreferrer noopener\">Tuunattuja tyynyliinoja<\/a>&nbsp;YH-lehden kilpailuun 2008<br><a href=\"https:\/\/info.edu.turku.fi\/tekstiilityo\/villakilpailut\/index.html\" target=\"_blank\" rel=\"noreferrer noopener\">Varsinais &#8211; Suomen lammaskerhon villakilpailuissa saavutettuja menestyksi\u00e4 <\/a>2005-2012<br><a href=\"https:\/\/info.edu.turku.fi\/tekstiilityo\/Isoaidinnelio\/index.html\" target=\"_blank\" rel=\"noreferrer noopener\">Iso\u00e4idinneli\u00f6peitot<\/a> 2011<br><a href=\"https:\/\/info.edu.turku.fi\/tekstiilityo\/Tarinamatto\/index.html\" target=\"_blank\" rel=\"noreferrer noopener\">Tarinamatto<\/a> 2010-2011<br><a href=\"https:\/\/info.edu.turku.fi\/tekstiilityo\/Nuttuja%20Puolalasta%20Etiopiaan\/\" target=\"_blank\" rel=\"noreferrer noopener\">Nuttuja Puolalan koulusta Etiopiaan vastasyntyneille<\/a> 2010<br><a href=\"https:\/\/info.edu.turku.fi\/tekstiilityo\/sinipainanta\/index.html\" target=\"_blank\" rel=\"noreferrer noopener\">Sinipainantaa kokeilemassa 2013<\/a>&nbsp;voitto kilpailussa Palanen Unkaria kouluihin!<\/p>\n\n\n\n<p><\/p>\n\n\n\n<p><strong>Kuvagallerioita oppilast\u00f6ist\u00e4 vuosilta 2005 &#8211; 2012<\/strong><br><br>3. luokka &#8211; <a href=\"https:\/\/info.edu.turku.fi\/tekstiilityo\/3_lk_rannenuppineulatyynyt\/index.html\" target=\"_blank\" rel=\"noreferrer noopener\">neulatyynyj\u00e4<\/a>\u00a0\u00a0<a href=\"https:\/\/info.edu.turku.fi\/tekstiilityo\/3_lk_kasvokuvat\" target=\"_blank\" rel=\"noreferrer noopener\">kasvokuvia<\/a> <a href=\"https:\/\/info.edu.turku.fi\/tekstiilityo\/3_lk_hantapallo\/index.html\" target=\"_blank\" rel=\"noreferrer noopener\">h\u00e4nt\u00e4palloja<\/a> <a href=\"https:\/\/info.edu.turku.fi\/tekstiilityo\/3_lk_maskotit\/index.html\" target=\"_blank\" rel=\"noreferrer noopener\">maskotteja-09<\/a>\u00a0\u00a0<a href=\"https:\/\/info.edu.turku.fi\/tekstiilityo\/3_lk_maskotit2\/\" target=\"_blank\" rel=\"noreferrer noopener\">maskotteja-10<\/a> <a href=\"https:\/\/info.edu.turku.fi\/tekstiilityo\/3_lk_kierratyspurkki\/index.html\" target=\"_blank\" rel=\"noreferrer noopener\">s\u00e4ilytyspurkkeja<\/a> <a href=\"https:\/\/info.edu.turku.fi\/tekstiilityo\/3_lk_tiput\/index.html\" target=\"_blank\" rel=\"noreferrer noopener\">tipuja<\/a><\/p>\n\n\n\n<p>4. luokka &#8211; <a href=\"https:\/\/info.edu.turku.fi\/tekstiilityo\/4_lk_fleese-lapaset\/index.html\" target=\"_blank\" rel=\"noreferrer noopener\">fleece-lapasia<\/a> <a href=\"https:\/\/info.edu.turku.fi\/tekstiilityo\/4_lk_reput\/index.html\" target=\"_blank\" rel=\"noreferrer noopener\">reppuja<\/a> <a href=\"https:\/\/info.edu.turku.fi\/tekstiilityo\/4_lk_laukut\/index.html\" target=\"_blank\" rel=\"noreferrer noopener\">laukkuja<\/a> <a href=\"https:\/\/info.edu.turku.fi\/tekstiilityo\/4_lk_unihousut\/index.html\" target=\"_blank\" rel=\"noreferrer noopener\">shortseja<\/a> <a href=\"https:\/\/info.edu.turku.fi\/tekstiilityo\/4_lk_virkkausta%20ja%20muita%20pikkutoita\/index.html\" target=\"_blank\" rel=\"noreferrer noopener\">k\u00e4nnykk\u00e4suojia<\/a> <a href=\"https:\/\/info.edu.turku.fi\/tekstiilityo\/4_lk_virkkausta%20ja%20muita%20pikkutoita\/index.html\" target=\"_blank\" rel=\"noreferrer noopener\">muita pikkut\u00f6it\u00e4<\/a>   <\/p>\n\n\n\n<p>5. luokka &#8211; <a href=\"https:\/\/info.edu.turku.fi\/tekstiilityo\/5_lk_nuket\/index.html\" target=\"_blank\" rel=\"noreferrer noopener\">nukkeja ommellen<\/a> <a href=\"https:\/\/info.edu.turku.fi\/tekstiilityo\/5_lk_tekniikkaotus\/index.html\" target=\"_blank\" rel=\"noreferrer noopener\">olioita silmukoin<\/a> <a href=\"https:\/\/info.edu.turku.fi\/tekstiilityo\/5_lk_virkkaus-%20ja%20neuletoita\/index.html\" target=\"_blank\" rel=\"noreferrer noopener\">virkkaus- ja neulet\u00f6it\u00e4<\/a> <a href=\"https:\/\/info.edu.turku.fi\/tekstiilityo\/5_lk_saunatoita\/index.html\" target=\"_blank\" rel=\"noreferrer noopener\">saunat\u00f6it\u00e4<\/a> <a href=\"https:\/\/info.edu.turku.fi\/tekstiilityo\/5_lk_tiskiratit\" target=\"_blank\" rel=\"noreferrer noopener\">tiskir\u00e4ttej\u00e4<\/a> <a href=\"https:\/\/info.edu.turku.fi\/tekstiilityo\/5_lk_huppari\" target=\"_blank\" rel=\"noreferrer noopener\">hupparit<\/a> ja <a href=\"https:\/\/info.edu.turku.fi\/tekstiilityo\/5_lk_huppari\" target=\"_blank\" rel=\"noreferrer noopener\">tossut<\/a> <\/p>\n\n\n\n<p>6. luokka &#8211; <a href=\"https:\/\/info.edu.turku.fi\/tekstiilityo\/6_lk_tilkkutoita\/index.html\" target=\"_blank\" rel=\"noreferrer noopener\">tilkkut\u00f6it\u00e4<\/a>  <a href=\"https:\/\/info.edu.turku.fi\/tekstiilityo\/6_lk_tilkkutyot_2012\" target=\"_blank\" rel=\"noreferrer noopener\">tilkkut\u00f6it\u00e4<\/a>  <a href=\"https:\/\/info.edu.turku.fi\/tekstiilityo\/6_lk_neule\/index.html\" target=\"_blank\" rel=\"noreferrer noopener\">neulet\u00f6it\u00e4<\/a>  <a href=\"https:\/\/info.edu.turku.fi\/tekstiilityo\/6_lk_lapaset_2011\" target=\"_blank\" rel=\"noreferrer noopener\">lapasia<\/a>  <a href=\"https:\/\/info.edu.turku.fi\/tekstiilityo\/6_lk_tunikat\/\" target=\"_blank\" rel=\"noreferrer noopener\">paitoja<\/a>  <a href=\"https:\/\/info.edu.turku.fi\/tekstiilityo\/6_lk_aitienpaivakortit_2012\" target=\"_blank\" rel=\"noreferrer noopener\">\u00e4itienp\u00e4iv\u00e4kortteja<\/a>  <a href=\"https:\/\/info.edu.turku.fi\/tekstiilityo\/6_lk_silkkikorut_2012\/index.html\" target=\"_blank\" rel=\"noreferrer noopener\">silkkikoruja<\/a><\/p>\n\n\n\n<p>7. luokka &#8211; <a href=\"https:\/\/info.edu.turku.fi\/tekstiilityo\/7_lk_pikkutoita%201\/index.html\" target=\"_blank\" rel=\"noreferrer noopener\">pikkut\u00f6it\u00e4<\/a> <a href=\"https:\/\/info.edu.turku.fi\/tekstiilityo\/7_lk_tilkkumaalaus\" target=\"_blank\" rel=\"noreferrer noopener\">tilkkumaalauksia<\/a> <a href=\"https:\/\/info.edu.turku.fi\/tekstiilityo\/7_lk_paallikeompelu\" target=\"_blank\" rel=\"noreferrer noopener\">p\u00e4\u00e4llikeompelua<\/a> <a href=\"https:\/\/info.edu.turku.fi\/tekstiilityo\/7_lk_ekokassit\/index.html\" target=\"_blank\" rel=\"noreferrer noopener\">ekokasseja<\/a> <a href=\"https:\/\/info.edu.turku.fi\/tekstiilityo\/7_lk_ekokassit_2010\/index.html\" target=\"_blank\" rel=\"noreferrer noopener\">kassien valmistusta<\/a> <a href=\"https:\/\/info.edu.turku.fi\/tekstiilityo\/ekokassien_painokuvat\/\" target=\"_blank\" rel=\"noreferrer noopener\">painokuvia<\/a> <a href=\"https:\/\/info.edu.turku.fi\/tekstiilityo\/7_lk_essut\/index.html\" target=\"_blank\" rel=\"noreferrer noopener\">essuja<\/a> <a href=\"https:\/\/info.edu.turku.fi\/tekstiilityo\/7_lk_paidat\/index.html\" target=\"_blank\" rel=\"noreferrer noopener\">T-paitoja<\/a> <a href=\"https:\/\/info.edu.turku.fi\/tekstiilityo\/7_lk_sukat_10\/\" target=\"_blank\" rel=\"noreferrer noopener\">sukkia<\/a> &nbsp;<a href=\"https:\/\/info.edu.turku.fi\/tekstiilityo\/7_lk_joulusukka\/index.html\" target=\"_blank\" rel=\"noreferrer noopener\">joulusukkia<\/a> <a href=\"https:\/\/info.edu.turku.fi\/tekstiilityo\/7_lk_pikkusukat\/index.html\" target=\"_blank\" rel=\"noreferrer noopener\">lapsen sukkia<\/a> <a href=\"https:\/\/info.edu.turku.fi\/tekstiilityo\/7_lk_neuletossut\/index.html\" target=\"_blank\" rel=\"noreferrer noopener\">tossuja<\/a> <br>huovutuksia: <a href=\"https:\/\/info.edu.turku.fi\/tekstiilityo\/7_lk_huovutetut_korut\/\" target=\"_blank\" rel=\"noreferrer noopener\">koruja<\/a> <a href=\"https:\/\/info.edu.turku.fi\/tekstiilityo\/villa_vie-projekti\/7tekstiilinpipot\/index.html\" target=\"_blank\" rel=\"noreferrer noopener\">p\u00e4\u00e4hineit\u00e4<\/a> <a href=\"https:\/\/info.edu.turku.fi\/tekstiilityo\/7_lk_tyynyt\/index.html\" target=\"_blank\" rel=\"noreferrer noopener\">tyynyj\u00e4<\/a> <a href=\"https:\/\/info.edu.turku.fi\/tekstiilityo\/7_lk_laukkuja\/index.html\" target=\"_blank\" rel=\"noreferrer noopener\">laukkuja<\/a> <a href=\"https:\/\/info.edu.turku.fi\/tekstiilityo\/7_lk_huopalelut\/index.html\" target=\"_blank\" rel=\"noreferrer noopener\">huopaleluja<\/a><br><a href=\"https:\/\/info.edu.turku.fi\/tekstiilityo\/7_lk_vaijerikorut\/index.html\" target=\"_blank\" rel=\"noreferrer noopener\">vaijerikorut<\/a> <a href=\"https:\/\/info.edu.turku.fi\/tekstiilityo\/7_lk_silkkikoru\/index.html\" target=\"_blank\" rel=\"noreferrer noopener\">silkkikorut<\/a> <a href=\"https:\/\/info.edu.turku.fi\/tekstiilityo\/7_lk_ylaosan_vaate\/index.html\" target=\"_blank\" rel=\"noreferrer noopener\">yl\u00e4osan vaatteita<\/a> <a href=\"https:\/\/info.edu.turku.fi\/tekstiilityo\/7_lk_alaosan_vaate\/index.html\" target=\"_blank\" rel=\"noreferrer noopener\">alaosan vaatteita<\/a><br>Video <a href=\"https:\/\/youtu.be\/NRF4MVOYAJQ\" target=\"_blank\" rel=\"noreferrer noopener\">vaatetuksen t\u00f6ist\u00e4 vuodelta 2015<\/a> <\/p>\n\n\n\n<p>8. luokka &#8211; <a href=\"https:\/\/info.edu.turku.fi\/tekstiilityo\/8_lk_lankatyot\/index.html\" target=\"_blank\" rel=\"noreferrer noopener\">lankat\u00f6it\u00e4<\/a>  <a href=\"https:\/\/info.edu.turku.fi\/tekstiilityo\/8_lk_lankatyot%202\/index.html\" target=\"_blank\" rel=\"noreferrer noopener\">lankat\u00f6it\u00e4<\/a>  <a href=\"https:\/\/info.edu.turku.fi\/tekstiilityo\/8_lk_huopakorut\/index.html\" target=\"_blank\" rel=\"noreferrer noopener\">huopakoruja<\/a>  <a href=\"https:\/\/info.edu.turku.fi\/tekstiilityo\/8_lk_joulutyot\/\" target=\"_blank\" rel=\"noreferrer noopener\">joulut\u00f6it\u00e4<\/a>  <a href=\"https:\/\/info.edu.turku.fi\/tekstiilityo\/8_lk_tuunauksia\/\" target=\"_blank\" rel=\"noreferrer noopener\">T-paidan uusi el\u00e4m\u00e4 ja muita tuunauksia<\/a>  <a href=\"https:\/\/info.edu.turku.fi\/tekstiilityo\/8_lk_pikkutoita\/index.html\" target=\"_blank\" rel=\"noreferrer noopener\">pikkut\u00f6it\u00e4<\/a>  <a href=\"https:\/\/info.edu.turku.fi\/tekstiilityo\/8_lk_ompelu\/\" target=\"_blank\" rel=\"noreferrer noopener\">ompelut\u00f6it\u00e4<\/a> <a href=\"https:\/\/info.edu.turku.fi\/tekstiilityo\/8_lk_2011-2012\" target=\"_blank\" rel=\"noreferrer noopener\">tunnelmia ja t\u00f6it\u00e4 2011-2012<\/a><\/p>\n\n\n\n<p>9. luokka &#8211; <a href=\"https:\/\/info.edu.turku.fi\/tekstiilityo\/9_lk_vaatetus\/index.html\" target=\"_blank\" rel=\"noreferrer noopener\">vaatetuksen t\u00f6it\u00e4<\/a>  <a href=\"https:\/\/info.edu.turku.fi\/tekstiilityo\/9_lk_sisustus\/\" target=\"_blank\" rel=\"noreferrer noopener\">sisustuksen t\u00f6it\u00e4<\/a>  <a href=\"https:\/\/info.edu.turku.fi\/tekstiilityo\/9_lk_2011-2012\" target=\"_blank\" rel=\"noreferrer noopener\">tunnelmia ja t\u00f6it\u00e4 2011-2012<\/a><\/p>\n\n\n\n<p><br><\/p>\n","protected":false},"excerpt":{"rendered":"<p>Projekteja vuosilta 2005 &#8211; 2012 Villa vie -projekti &#8211; laaja tutustuminen suomenlampaan villaan.Tuunattuja tyynyliinoja&nbsp;YH-lehden kilpailuun 2008Varsinais &#8211; Suomen lammaskerhon villakilpailuissa saavutettuja menestyksi\u00e4 2005-2012Iso\u00e4idinneli\u00f6peitot 2011Tarinamatto 2010-2011Nuttuja Puolalan koulusta Etiopiaan vastasyntyneille 2010Sinipainantaa kokeilemassa 2013&nbsp;voitto kilpailussa Palanen Unkaria kouluihin! Kuvagallerioita oppilast\u00f6ist\u00e4 vuosilta 2005 &#8211; 2012 3. luokka &#8211; neulatyynyj\u00e4\u00a0\u00a0kasvokuvia h\u00e4nt\u00e4palloja maskotteja-09\u00a0\u00a0maskotteja-10 s\u00e4ilytyspurkkeja tipuja 4. luokka &#8211; fleece-lapasia reppuja &hellip; <a href=\"https:\/\/blog.edu.turku.fi\/puolala-tekstiili\/historian-havinaa\/\" class=\"more-link\">Jatka lukemista<span class=\"screen-reader-text\"> &#8221;Historian havinaa&#8221;<\/span><\/a><\/p>\n","protected":false},"author":61,"featured_media":0,"parent":0,"menu_order":0,"comment_status":"closed","ping_status":"closed","template":"","meta":{"footnotes":""},"class_list":["post-21","page","type-page","status-publish","hentry"],"_links":{"self":[{"href":"https:\/\/blog.edu.turku.fi\/puolala-tekstiili\/wp-json\/wp\/v2\/pages\/21","targetHints":{"allow":["GET"]}}],"collection":[{"href":"https:\/\/blog.edu.turku.fi\/puolala-tekstiili\/wp-json\/wp\/v2\/pages"}],"about":[{"href":"https:\/\/blog.edu.turku.fi\/puolala-tekstiili\/wp-json\/wp\/v2\/types\/page"}],"author":[{"embeddable":true,"href":"https:\/\/blog.edu.turku.fi\/puolala-tekstiili\/wp-json\/wp\/v2\/users\/61"}],"replies":[{"embeddable":true,"href":"https:\/\/blog.edu.turku.fi\/puolala-tekstiili\/wp-json\/wp\/v2\/comments?post=21"}],"version-history":[{"count":26,"href":"https:\/\/blog.edu.turku.fi\/puolala-tekstiili\/wp-json\/wp\/v2\/pages\/21\/revisions"}],"predecessor-version":[{"id":130,"href":"https:\/\/blog.edu.turku.fi\/puolala-tekstiili\/wp-json\/wp\/v2\/pages\/21\/revisions\/130"}],"wp:attachment":[{"href":"https:\/\/blog.edu.turku.fi\/puolala-tekstiili\/wp-json\/wp\/v2\/media?parent=21"}],"curies":[{"name":"wp","href":"https:\/\/api.w.org\/{rel}","templated":true}]}}