{"id":977,"date":"2025-02-19T10:35:19","date_gmt":"2025-02-19T08:35:19","guid":{"rendered":"https:\/\/blog.edu.turku.fi\/projektit\/?page_id=977"},"modified":"2025-02-19T10:35:19","modified_gmt":"2025-02-19T08:35:19","slug":"vastuullinen-laadunhallinta-ja-tuotekehitys-tekstiili-muoti-ja-pakkausalalla-jospa-2-0","status":"publish","type":"page","link":"https:\/\/blog.edu.turku.fi\/projektit\/vastuullinen-laadunhallinta-ja-tuotekehitys-tekstiili-muoti-ja-pakkausalalla-jospa-2-0\/","title":{"rendered":"Vastuullinen laadunhallinta ja tuotekehitys tekstiili-, muoti- ja pakkausalalla (JOSPA 2.0)"},"content":{"rendered":"<p><strong>Yhteyshenkil\u00f6:<\/strong> Projektikoordinaattori Anne Aksentjev, Turun kaupunki, anne.aksentjev@edu.turku.fi<br \/>\n<strong>Tavoitteet:<\/strong><\/p>\n<p>Tavoitteena on parantaa tekstiili-, muoti- ja pakkausaloilla ty\u00f6skentelevien henkil\u00f6iden sek\u00e4 toisilta toimialoilta tai ty\u00f6voiman ulkopuolelta aloille siirtymist\u00e4 haluavien henkil\u00f6iden vastuullisuusviestinn\u00e4n, kest\u00e4viin pakkaus- ja tekstiilimateriaaleihin liittyv\u00e4n lains\u00e4\u00e4d\u00e4nn\u00f6n, s\u00e4\u00e4ntelyosaamisen ja s\u00e4\u00e4ntelyn ennakoinnin sek\u00e4 uusien toimitus- ja tuotantoketjujen hallinnan, johtamisen, digitaalisuuden ja myynnin edist\u00e4misen osaamista. Koulutuksen j\u00e4lkeen oppijan viestint\u00e4 on luotettavaa, ja ymp\u00e4rist\u00f6kest\u00e4viin materiaaleihin liittyv\u00e4\u00e4 lains\u00e4\u00e4d\u00e4nt\u00f6\u00e4 osataan soveltaa k\u00e4yt\u00e4nt\u00f6\u00f6n alan kontekstissa.<\/p>\n<p>Koulutus tarjoaa l\u00e4hestymistavan yritysten kest\u00e4v\u00e4n kehityksen tavoitteiden saavuttamiseen ja kilpailukyvyn sek\u00e4 alan vetovoiman parantamiseen. K\u00e4sitell\u00e4\u00e4n viherpesun v\u00e4ltt\u00e4mist\u00e4, luotettavan tiedon v\u00e4litt\u00e4mist\u00e4 ja vastuullista markkinointia. Tutkitaan parhaita k\u00e4yt\u00e4nt\u00f6j\u00e4 myynnin edist\u00e4miseksi. Tapahtumatuotannossa tutustutaan ymp\u00e4rist\u00f6yst\u00e4v\u00e4llisiin ratkaisuihin ja tuotekehityksess\u00e4 hy\u00f6dynnet\u00e4\u00e4n uusimpia teknologioita. Keskityt\u00e4\u00e4n yrityksen toiminnan kannattavuuteen ja jatkuvaan kehitt\u00e4miseen.<\/p>\n<p>Koulutukset j\u00e4rjestet\u00e4\u00e4n et\u00e4opintoina viikolla klo 16 j\u00e4lkeen tai viikonloppuisin l\u00e4hiopetuksena. Opetus on sek\u00e4 verkko- ett\u00e4 l\u00e4hiopetusta. Toteutuskieli on suomi, l\u00e4hdemateriaalit ovat osittain englanniksi. Koulutukseen sis\u00e4llytett\u00e4v\u00e4t opintokokonaisuudet tuotetaan yhteisty\u00f6ss\u00e4 Turun AMK:n ja TAIn kanssa.<\/p>\n<p>Koulutuksessa tarjottavat opinnot sek\u00e4 laajuus:<\/p>\n<ul>\n<li>Ymp\u00e4rist\u00f6- ja laatujohtaminen 5 op<\/li>\n<li>Green Marketing I 5 op<\/li>\n<li>Green Marketing II 5 op<\/li>\n<li>Projektijohtaminen ja vastuullinen stailaaminen myynnin edist\u00e4misess\u00e4 5 op<\/li>\n<li>Vastuullinen tapahtumatuotanto oman alan kontekstissa 5 op<\/li>\n<li>Digitaaliavusteinen tuotekehitys 5 op<\/li>\n<li>Viisas ostaminen, myynti ja hinnoittelu 5 op<\/li>\n<li>Oman tuotteen, palvelun tai prosessin jatkuva kehitt\u00e4minen 5 op<\/li>\n<\/ul>\n<p><strong>Kohderyhm\u00e4: <\/strong>Osaamispalvelun keskeiset kohderyhm\u00e4t ovat tekstiili, muoti- tai pakkausaloilla ty\u00f6skentelev\u00e4t. Lis\u00e4ksi koulutukseen voi osallistua henkil\u00f6it\u00e4, jotka ovat kiinnostuneita siirtym\u00e4\u00e4n toiselta toimialalta tekstiili- , muoti- tai pakkausalalle tai ovat kiinnostuneita siirtym\u00e4\u00e4n ty\u00f6voiman ulkopuolelta tekstiili-, muoti- tai\u00a0pakkausalalle.<br \/>\n<strong>Toteutusaikataulu:<\/strong> 1.12.2024 &#8211; 28.2.2026<br \/>\n<strong>Toteutusalue:<\/strong> Varsinais-Suomi<br \/>\n<strong>Rahoittaja:<\/strong> Jatkuvan oppimisen ja ty\u00f6llisyyden palvelukeskus<br \/>\n<strong>Kehitt\u00e4j\u00e4opettajat:<\/strong> Maarit Orell (<a href=\"mailto:maarit.orell@edu.turku.fi\">maarit.orell@edu.turku.fi<\/a>), Mia Ruusumo (<a href=\"mailto:mia.ruusumo@edu.turku.fi\">mia.ruusumo@edu.turku.fi<\/a>) ja Rea Sevon (rea.sevon@edu.turku.fi)<\/p>\n<p><img loading=\"lazy\" decoding=\"async\" class=\"alignnone size-medium wp-image-41\" src=\"https:\/\/blog.edu.turku.fi\/projektit\/files\/2022\/01\/blog-turku-logo-150x82.png\" alt=\"Turun kaupungin logo\" width=\"150\" height=\"82\" \/><img loading=\"lazy\" decoding=\"async\" class=\"alignnone size-medium wp-image-495\" src=\"https:\/\/blog.edu.turku.fi\/projektit\/files\/2022\/12\/EU_disclaimer_kestavakasvu_FI-black-300x79-1-300x79.png\" alt=\"\" width=\"300\" height=\"79\" \/><img loading=\"lazy\" decoding=\"async\" class=\"alignnone size-medium wp-image-496\" src=\"https:\/\/blog.edu.turku.fi\/projektit\/files\/2022\/12\/Jotpa_tunnus_RGB-300x77-1-300x77.png\" alt=\"\" width=\"300\" height=\"77\" \/><\/p>\n","protected":false},"excerpt":{"rendered":"<p>Yhteyshenkil\u00f6: Projektikoordinaattori Anne Aksentjev, Turun kaupunki, anne.aksentjev@edu.turku.fi Tavoitteet: Tavoitteena on parantaa tekstiili-, muoti- ja pakkausaloilla ty\u00f6skentelevien henkil\u00f6iden sek\u00e4 toisilta toimialoilta tai ty\u00f6voiman ulkopuolelta aloille siirtymist\u00e4 haluavien henkil\u00f6iden vastuullisuusviestinn\u00e4n, kest\u00e4viin pakkaus- ja tekstiilimateriaaleihin liittyv\u00e4n lains\u00e4\u00e4d\u00e4nn\u00f6n, s\u00e4\u00e4ntelyosaamisen ja s\u00e4\u00e4ntelyn ennakoinnin sek\u00e4 uusien toimitus- ja tuotantoketjujen hallinnan, johtamisen, digitaalisuuden ja myynnin edist\u00e4misen osaamista. Koulutuksen j\u00e4lkeen oppijan viestint\u00e4 on &hellip; <a href=\"https:\/\/blog.edu.turku.fi\/projektit\/vastuullinen-laadunhallinta-ja-tuotekehitys-tekstiili-muoti-ja-pakkausalalla-jospa-2-0\/\" class=\"more-link\">Jatka lukemista<span class=\"screen-reader-text\"> &#8221;Vastuullinen laadunhallinta ja tuotekehitys tekstiili-, muoti- ja pakkausalalla (JOSPA 2.0)&#8221;<\/span><\/a><\/p>\n","protected":false},"author":3382,"featured_media":0,"parent":0,"menu_order":0,"comment_status":"closed","ping_status":"closed","template":"","meta":{"footnotes":""},"class_list":["post-977","page","type-page","status-publish","hentry"],"_links":{"self":[{"href":"https:\/\/blog.edu.turku.fi\/projektit\/wp-json\/wp\/v2\/pages\/977","targetHints":{"allow":["GET"]}}],"collection":[{"href":"https:\/\/blog.edu.turku.fi\/projektit\/wp-json\/wp\/v2\/pages"}],"about":[{"href":"https:\/\/blog.edu.turku.fi\/projektit\/wp-json\/wp\/v2\/types\/page"}],"author":[{"embeddable":true,"href":"https:\/\/blog.edu.turku.fi\/projektit\/wp-json\/wp\/v2\/users\/3382"}],"replies":[{"embeddable":true,"href":"https:\/\/blog.edu.turku.fi\/projektit\/wp-json\/wp\/v2\/comments?post=977"}],"version-history":[{"count":1,"href":"https:\/\/blog.edu.turku.fi\/projektit\/wp-json\/wp\/v2\/pages\/977\/revisions"}],"predecessor-version":[{"id":978,"href":"https:\/\/blog.edu.turku.fi\/projektit\/wp-json\/wp\/v2\/pages\/977\/revisions\/978"}],"wp:attachment":[{"href":"https:\/\/blog.edu.turku.fi\/projektit\/wp-json\/wp\/v2\/media?parent=977"}],"curies":[{"name":"wp","href":"https:\/\/api.w.org\/{rel}","templated":true}]}}