{"id":93,"date":"2022-01-19T11:39:17","date_gmt":"2022-01-19T09:39:17","guid":{"rendered":"https:\/\/blog.edu.turku.fi\/projektit\/?page_id=93"},"modified":"2024-03-05T08:01:59","modified_gmt":"2024-03-05T06:01:59","slug":"konsultoiden-koulunkayntia-tukemaan-konsultatiivisen-sairaalaopetuksen-kehittaminen","status":"publish","type":"page","link":"https:\/\/blog.edu.turku.fi\/projektit\/perusopetus\/konsultoiden-koulunkayntia-tukemaan-konsultatiivisen-sairaalaopetuksen-kehittaminen\/","title":{"rendered":"Konsultatiivisen sairaalaopetuksen kansallinen kehitt\u00e4minen ja koordinointi"},"content":{"rendered":"<p><strong>Yhteyshenkil\u00f6:\u00a0<\/strong>Niina Ekqvist (etunimi.sukunimi@edu.turku.fi)<br \/>\n<strong>Tavoite:<\/strong>\u00a0Projektin tavoitteena on kehitt\u00e4\u00e4 sairaalaopetukseen konsultoivan ty\u00f6n toteutusmalli ja tarjota konsultaatiota, ohjausta ja tukea l\u00e4hikouluille, jotta tukea tarvitsevat oppilaat saavat tarvitsemansa tuen l\u00e4hikoulusta ja jotta kouluissa kyet\u00e4\u00e4n tukemaan psyykkisesti huonovointisten oppilaitten oppimista. Koordinointihankkeen tavoitteena on sairaalakoulujen konsultatiivisten opettajien osaamisen vahvistaminen ja kansallisen sairaalaopetuksen kehitt\u00e4misverkoston toiminnan tukeminen.<br \/>\n<strong>Kohderyhm\u00e4:\u00a0<\/strong>Erikoissairaanhoidossa olevat lapset ja nuoret sek\u00e4 heid\u00e4n opettajansa, sairaalakoulujen konsultoivat opettajat<br \/>\n<strong>Toteutusaika:<\/strong> 25.02.2021 &#8211; 31.12.2024<br \/>\n<strong>Toteutusalue:<\/strong>\u00a0Varsinais-Suomen sairaanhoitopiiri, kansallisen koordinaation osalta koko Suomi<br \/>\n<strong>Rahoittaja:<\/strong>\u00a0Opetus- ja kulttuuriministeri\u00f6 sek\u00e4 Turun kaupunki<\/p>\n<p><img loading=\"lazy\" decoding=\"async\" class=\"alignnone size-medium wp-image-85\" src=\"https:\/\/blog.edu.turku.fi\/projektit\/files\/2022\/01\/OKM-logo-2R-fi-sv-sininen-L100-CMYK-300x46.jpg\" alt=\"Opetus- ja kulttuuriministeri\u00f6 rahoittaa projektia\" width=\"300\" height=\"46\" srcset=\"https:\/\/blog.edu.turku.fi\/projektit\/files\/2022\/01\/OKM-logo-2R-fi-sv-sininen-L100-CMYK-300x46.jpg 300w, https:\/\/blog.edu.turku.fi\/projektit\/files\/2022\/01\/OKM-logo-2R-fi-sv-sininen-L100-CMYK.jpg 1024w\" sizes=\"auto, (max-width: 300px) 85vw, 300px\" \/><\/p>\n","protected":false},"excerpt":{"rendered":"<p>Yhteyshenkil\u00f6:\u00a0Niina Ekqvist (etunimi.sukunimi@edu.turku.fi) Tavoite:\u00a0Projektin tavoitteena on kehitt\u00e4\u00e4 sairaalaopetukseen konsultoivan ty\u00f6n toteutusmalli ja tarjota konsultaatiota, ohjausta ja tukea l\u00e4hikouluille, jotta tukea tarvitsevat oppilaat saavat tarvitsemansa tuen l\u00e4hikoulusta ja jotta kouluissa kyet\u00e4\u00e4n tukemaan psyykkisesti huonovointisten oppilaitten oppimista. Koordinointihankkeen tavoitteena on sairaalakoulujen konsultatiivisten opettajien osaamisen vahvistaminen ja kansallisen sairaalaopetuksen kehitt\u00e4misverkoston toiminnan tukeminen. Kohderyhm\u00e4:\u00a0Erikoissairaanhoidossa olevat lapset ja nuoret sek\u00e4 &hellip; <a href=\"https:\/\/blog.edu.turku.fi\/projektit\/perusopetus\/konsultoiden-koulunkayntia-tukemaan-konsultatiivisen-sairaalaopetuksen-kehittaminen\/\" class=\"more-link\">Jatka lukemista<span class=\"screen-reader-text\"> &#8221;Konsultatiivisen sairaalaopetuksen kansallinen kehitt\u00e4minen ja koordinointi&#8221;<\/span><\/a><\/p>\n","protected":false},"author":2602,"featured_media":0,"parent":9,"menu_order":6,"comment_status":"closed","ping_status":"closed","template":"","meta":{"footnotes":""},"class_list":["post-93","page","type-page","status-publish","hentry"],"_links":{"self":[{"href":"https:\/\/blog.edu.turku.fi\/projektit\/wp-json\/wp\/v2\/pages\/93","targetHints":{"allow":["GET"]}}],"collection":[{"href":"https:\/\/blog.edu.turku.fi\/projektit\/wp-json\/wp\/v2\/pages"}],"about":[{"href":"https:\/\/blog.edu.turku.fi\/projektit\/wp-json\/wp\/v2\/types\/page"}],"author":[{"embeddable":true,"href":"https:\/\/blog.edu.turku.fi\/projektit\/wp-json\/wp\/v2\/users\/2602"}],"replies":[{"embeddable":true,"href":"https:\/\/blog.edu.turku.fi\/projektit\/wp-json\/wp\/v2\/comments?post=93"}],"version-history":[{"count":7,"href":"https:\/\/blog.edu.turku.fi\/projektit\/wp-json\/wp\/v2\/pages\/93\/revisions"}],"predecessor-version":[{"id":739,"href":"https:\/\/blog.edu.turku.fi\/projektit\/wp-json\/wp\/v2\/pages\/93\/revisions\/739"}],"up":[{"embeddable":true,"href":"https:\/\/blog.edu.turku.fi\/projektit\/wp-json\/wp\/v2\/pages\/9"}],"wp:attachment":[{"href":"https:\/\/blog.edu.turku.fi\/projektit\/wp-json\/wp\/v2\/media?parent=93"}],"curies":[{"name":"wp","href":"https:\/\/api.w.org\/{rel}","templated":true}]}}