{"id":799,"date":"2024-06-27T07:21:25","date_gmt":"2024-06-27T04:21:25","guid":{"rendered":"https:\/\/blog.edu.turku.fi\/projektit\/?page_id=799"},"modified":"2024-07-01T07:44:51","modified_gmt":"2024-07-01T04:44:51","slug":"joe-jatkuvan-oppimisen-alueellinen-ekosysteemi","status":"publish","type":"page","link":"https:\/\/blog.edu.turku.fi\/projektit\/joe-jatkuvan-oppimisen-alueellinen-ekosysteemi\/","title":{"rendered":"JOE \u2013 Jatkuvan oppimisen alueellinen ekosysteemi"},"content":{"rendered":"<p><strong>Yhteyshenkil\u00f6:\u00a0<\/strong>Anneli Frantti (anneli.frantti@turku.fi)<\/p>\n<p><img loading=\"lazy\" decoding=\"async\" class=\"alignnone size-medium wp-image-820\" src=\"https:\/\/blog.edu.turku.fi\/projektit\/files\/2024\/06\/EU-lippulogo-300x63.jpg\" alt=\"\" width=\"300\" height=\"63\" srcset=\"https:\/\/blog.edu.turku.fi\/projektit\/files\/2024\/06\/EU-lippulogo-300x63.jpg 300w, https:\/\/blog.edu.turku.fi\/projektit\/files\/2024\/06\/EU-lippulogo.jpg 1024w\" sizes=\"auto, (max-width: 300px) 85vw, 300px\" \/><\/p>\n<p><strong>Tavoite:<\/strong>\u00a0Jatkuvaa oppimista ohjataan ja toteutetaan maakunnassa yhteisty\u00f6ss\u00e4 ja kokonaisuutena. Maakunnan elinvoimaa vahvistetaan koulutus- ja osaamistasoa nostamalla. Tehd\u00e4\u00e4n ty\u00f6llisyys- ja tuottavuusloikka.<\/p>\n<p><strong>Ty\u00f6kokonaisuudet, vastuutahot ja tavoitekuvaus:<\/strong><\/p>\n<p><strong>1. JATKUVAN OPPIMISEN PALVELUJEN SUUNTAAMINEN<\/strong><\/p>\n<ul>\n<li>Tk 1. Ty\u00f6el\u00e4m\u00e4relevanssi, elinvoima ja ty\u00f6llisyys \/ Turun kaupunki<\/li>\n<\/ul>\n<p><strong>Jatkuvan oppimisen palvelupolkujen suunnittelu ja rakentaminen ty\u00f6el\u00e4m\u00e4lle ja oppijoille<\/strong> \/ yritys- ja henkil\u00f6kohderyhmille, koulutusasteilla ja yli koulutusasterajojen. Ty\u00f6el\u00e4m\u00e4lle relevantit sis\u00e4ll\u00f6t ja tavoitteena osaamistason nostaminen ja alueen elinvoima. Pysyv\u00e4n yhteisty\u00f6n rakentaminen ty\u00f6llisyysalueen kanssa. Yhteisty\u00f6 ennakointi- ja ohjausty\u00f6kokonaisuuksien kanssa.<\/p>\n<ul>\n<li>Tk 2. Ennakointitiedon hy\u00f6dynt\u00e4minen jatkuvan oppimisen koulutussuunnittelussa \/ Novida, Lounais-Suomen koulutuskuntayhtym\u00e4<\/li>\n<\/ul>\n<p><strong>Koulutuksen j\u00e4rjest\u00e4jien ennakointitiedon saatavuuden, k\u00e4ytett\u00e4vyyden ja analysoinnin systematisoiminen sek\u00e4 ennakointikyvykkyyden parantaminen.<\/strong> Yrityksilt\u00e4 ker\u00e4tt\u00e4v\u00e4n ennakointitiedon hankinnan j\u00e4rjest\u00e4minen s\u00e4\u00e4nn\u00f6lliseksi ja vaikuttavaksi. Ennakoinnin tietovarannon rakentaminen.\u00a0 TK2 ohjaa ennakointikeskustelua ja osaamisen kehitt\u00e4misen suunnittelua kattamaan sek\u00e4 nopean reagoinnin ett\u00e4 pidemm\u00e4t linjanvedot.<\/p>\n<ul>\n<li>Tk 3. Jatkuvan oppimisen ohjaus- ja tukipalvelut \/ Raseko, Raision seudun koulutuskuntayhtym\u00e4<\/li>\n<\/ul>\n<p><strong>Maakunnallisen jatkuvan oppimisen ohjaus- ja tukipalvelukeskuksen luominen, rakenteet ja toimintatavat.<\/strong><br \/>\nKoko ohjauspalvelun liitt\u00e4minen soveltuvasti ty\u00f6llisyysalueeseen. Toimijoiden v\u00e4lisen yhteisty\u00f6n ja yritysyhteisty\u00f6n vahvistaminen, digipalveluiden tuottaminen ja jatkuvuutta vahvistavat sopimukset.<\/p>\n<p>Pk-yrityksille tarjottavien ohjaus- ja tukipalveluiden verkoston kokoaminen ja palveluiden edist\u00e4minen.<\/p>\n<p><strong>2. JATKUVAN OPPIMISEN PALVELUJEN J\u00c4RJEST\u00c4MINEN<\/strong><\/p>\n<ul>\n<li>Tk 4. Vapaa sivistysty\u00f6 jatkuvan oppimisen palveluntuottajana \/ Linnasm\u00e4en opisto<\/li>\n<\/ul>\n<p><strong>Varsinais-Suomen alueen 20 vapaan sivistysty\u00f6n toimijan verkoston luominen ja yhteisty\u00f6rakenteet sek\u00e4 toimintatavat. <\/strong>Vapaan sivistysty\u00f6n roolin vahvistaminen jatkuvassa oppimisessa. Osaamispolkujen rakentaminen muiden toimijoiden kanssa yhdess\u00e4 ja rajat ylitt\u00e4en. VST-koulutusten kytkeminen alueen toimijoiden jatkuvan oppimisen kokonaisuuteen.<\/p>\n<ul>\n<li>Tk 5. Ammatillinen koulutus jatkuvan oppimisen palveluntuottajana \/ Raseko, Raision seudun koulutuskuntayhtym\u00e4<\/li>\n<\/ul>\n<p><strong>Ammatillisten oppilaitosten laaja-alaisten jatkuvan oppimisen koulutuskokonaisuuksien<\/strong> rakentaminen koulutusasteittain ja yli koulutusasterajojen sek\u00e4 palvelukuvausten tuottaminen. Pk-yritysten osaamisen kehitt\u00e4misen tukeminen mm. suunnittelemalla osaamiskartoitusty\u00f6kalu. Pk-yritysten osaamisen kehitt\u00e4misen vahvistaminen.<\/p>\n<ul>\n<li>Tk 6. Korkeakoulut jatkuvan oppimisen palveluntuottajana \/ Turun ammattikorkeakoulu<\/li>\n<\/ul>\n<p><strong>Alueen korkeakoulujen jatkuvan oppimisen koulutusten ja palveluiden kokoaminen<\/strong> saavutettavaksi kokonaisuudeksi. Henkil\u00f6st\u00f6koulutuksina suunnitellaan tarvel\u00e4ht\u00f6isi\u00e4 jatkuvan oppimisen koulutuksia ja\/tai osaamisn\u00e4ytt\u00f6j\u00e4 ty\u00f6el\u00e4m\u00e4n osaamistarpeisiin.<\/p>\n<p>Ty\u00f6llisyysalueyhteisty\u00f6ss\u00e4 selvitet\u00e4\u00e4n ty\u00f6nhakijoiden osaamistarpeita ja tuetaan tarvel\u00e4ht\u00f6isten koulutusten avulla alueen ty\u00f6llisyydenhoitoa.<\/p>\n<ul>\n<li>Tk 7. Ruotsinkielinen jatkuvan oppimisen palvelupolku \/ \u00c5bo Akademi<\/li>\n<\/ul>\n<p><strong>Ruotsinkielisen jatkuvan oppimisen ekosysteemin luominen Turunmaalla<\/strong> ja ruotsinkielisen jatkuvan oppimisen palvelupolun rakentaminen. Varmistetaan, ett\u00e4 Varsinais-Suomen jatkuvan oppimisen strategiassa huomioidaan ruotsinkielisten erillistarpeet.<\/p>\n<p><strong>3.\u00a0 JATKUVAN OPPIMISEN STRATEGIATY\u00d6<\/strong><\/p>\n<ul>\n<li>Tk 8. Jatkuvan oppimisen alueellinen ekosysteemi \/ Turun kaupunki<\/li>\n<\/ul>\n<p>Varsinais-Suomen jatkuvan oppimisen strategiaty\u00f6skentelyn johtaminen, verkostot ja ty\u00f6ryhm\u00e4t.<\/p>\n<p><strong>Kohderyhm\u00e4:<\/strong><\/p>\n<p>Jatkuvan oppimisen palveluja tuottavat vapaan sivistysty\u00f6n, ammatillisen koulutuksen ja korkeakoulutuksen koulutuksen j\u00e4rjest\u00e4j\u00e4t sek\u00e4 niiden henkil\u00f6st\u00f6 Varsinais-Suomen alueella.<\/p>\n<p>Hankkeen t\u00e4rkeimm\u00e4t v\u00e4lilliset kohderyhm\u00e4t ovat: yritykset ja yritt\u00e4j\u00e4j\u00e4rjest\u00f6t, ty\u00f6markkinaosapuolet, julkishallinnon elinvoima-, ty\u00f6llisyys- ja aluekehitysasioita hoitavat viranomaiset, j\u00e4rjest\u00f6t ja muut ty\u00f6el\u00e4m\u00e4n ja palveluiden kehitt\u00e4j\u00e4t sek\u00e4 mainittujen organisaatioiden henkil\u00f6st\u00f6, jatkuvan oppimisen palveluja k\u00e4ytt\u00e4v\u00e4t oppijat.<\/p>\n<p><strong>Rahoitustuen m\u00e4\u00e4r\u00e4:<\/strong>\u00a0Ryhm\u00e4hankkeelle osoitettu tuen kokonaism\u00e4\u00e4r\u00e4 on<\/p>\n<p>984\u00a0000 euroa<\/p>\n<p><strong>Toteutusalue:<\/strong>\u00a0Varsinais-Suomi<\/p>\n<p><strong>Ryhm\u00e4hankkeen toteuttajat:<\/strong><\/p>\n<ul>\n<li>Turun kaupunki, P\u00e4\u00e4hankkeen toteuttaja<\/li>\n<li>Lounais-Suomen koulutuskuntayhtym\u00e4, Osahankkeen toteuttaja<\/li>\n<li>Raision Seudun Koulutuskuntayhtym\u00e4, Osahankkeen toteuttaja<\/li>\n<li>Turun kristillisen opiston s\u00e4\u00e4ti\u00f6 sr, Osahankkeen toteuttaja<\/li>\n<li>Turun Ammattikorkeakoulu Oy, Osahankkeen toteuttaja<\/li>\n<li>\u00c5bo Akademi, Osahankkeen toteuttaja<\/li>\n<\/ul>\n<p><strong>Toteutusaika:\u00a0<\/strong>1.3.2024 &#8211; 31.7.2026<br \/>\n<strong>Rahoittaja:\u00a0<\/strong>Keski-Suomen elinkeino-, liikenne- ja ymp\u00e4rist\u00f6keskus<br \/>\n<strong>Hankkeen sivusto:<\/strong>\u00a0<a href=\"https:\/\/ennakointiakatemia.fi\/jatkuva-oppiminen\/\">Jatkuva oppiminen \u2013 Varsinais-Suomen Ennakointiakatemia<\/a><\/p>\n<p><img loading=\"lazy\" decoding=\"async\" class=\"alignnone size-medium wp-image-821\" src=\"https:\/\/blog.edu.turku.fi\/projektit\/files\/2024\/06\/JOE-ja-lippu-289x300.jpg\" alt=\"\" width=\"289\" height=\"300\" srcset=\"https:\/\/blog.edu.turku.fi\/projektit\/files\/2024\/06\/JOE-ja-lippu-289x300.jpg 289w, https:\/\/blog.edu.turku.fi\/projektit\/files\/2024\/06\/JOE-ja-lippu.jpg 520w\" sizes=\"auto, (max-width: 289px) 85vw, 289px\" \/><\/p>\n","protected":false},"excerpt":{"rendered":"<p>Yhteyshenkil\u00f6:\u00a0Anneli Frantti (anneli.frantti@turku.fi) Tavoite:\u00a0Jatkuvaa oppimista ohjataan ja toteutetaan maakunnassa yhteisty\u00f6ss\u00e4 ja kokonaisuutena. Maakunnan elinvoimaa vahvistetaan koulutus- ja osaamistasoa nostamalla. Tehd\u00e4\u00e4n ty\u00f6llisyys- ja tuottavuusloikka. Ty\u00f6kokonaisuudet, vastuutahot ja tavoitekuvaus: 1. JATKUVAN OPPIMISEN PALVELUJEN SUUNTAAMINEN Tk 1. Ty\u00f6el\u00e4m\u00e4relevanssi, elinvoima ja ty\u00f6llisyys \/ Turun kaupunki Jatkuvan oppimisen palvelupolkujen suunnittelu ja rakentaminen ty\u00f6el\u00e4m\u00e4lle ja oppijoille \/ yritys- ja henkil\u00f6kohderyhmille, koulutusasteilla &hellip; <a href=\"https:\/\/blog.edu.turku.fi\/projektit\/joe-jatkuvan-oppimisen-alueellinen-ekosysteemi\/\" class=\"more-link\">Jatka lukemista<span class=\"screen-reader-text\"> &#8221;JOE \u2013 Jatkuvan oppimisen alueellinen ekosysteemi&#8221;<\/span><\/a><\/p>\n","protected":false},"author":3382,"featured_media":0,"parent":0,"menu_order":0,"comment_status":"closed","ping_status":"closed","template":"","meta":{"footnotes":""},"class_list":["post-799","page","type-page","status-publish","hentry"],"_links":{"self":[{"href":"https:\/\/blog.edu.turku.fi\/projektit\/wp-json\/wp\/v2\/pages\/799","targetHints":{"allow":["GET"]}}],"collection":[{"href":"https:\/\/blog.edu.turku.fi\/projektit\/wp-json\/wp\/v2\/pages"}],"about":[{"href":"https:\/\/blog.edu.turku.fi\/projektit\/wp-json\/wp\/v2\/types\/page"}],"author":[{"embeddable":true,"href":"https:\/\/blog.edu.turku.fi\/projektit\/wp-json\/wp\/v2\/users\/3382"}],"replies":[{"embeddable":true,"href":"https:\/\/blog.edu.turku.fi\/projektit\/wp-json\/wp\/v2\/comments?post=799"}],"version-history":[{"count":10,"href":"https:\/\/blog.edu.turku.fi\/projektit\/wp-json\/wp\/v2\/pages\/799\/revisions"}],"predecessor-version":[{"id":869,"href":"https:\/\/blog.edu.turku.fi\/projektit\/wp-json\/wp\/v2\/pages\/799\/revisions\/869"}],"wp:attachment":[{"href":"https:\/\/blog.edu.turku.fi\/projektit\/wp-json\/wp\/v2\/media?parent=799"}],"curies":[{"name":"wp","href":"https:\/\/api.w.org\/{rel}","templated":true}]}}