{"id":76,"date":"2022-01-19T11:23:12","date_gmt":"2022-01-19T09:23:12","guid":{"rendered":"https:\/\/blog.edu.turku.fi\/projektit\/?page_id=76"},"modified":"2024-02-13T08:56:53","modified_gmt":"2024-02-13T06:56:53","slug":"ysikymppi-yhteisollisen-ja-sitouttavan-kouluyhteisotyon-mallien-pilotointi","status":"publish","type":"page","link":"https:\/\/blog.edu.turku.fi\/projektit\/perusopetus\/ysikymppi-yhteisollisen-ja-sitouttavan-kouluyhteisotyon-mallien-pilotointi\/","title":{"rendered":"YSIKYMPPI II &#8211; Yhteis\u00f6llisen ja sitouttavan kouluyhteis\u00f6ty\u00f6n mallien pilotointi"},"content":{"rendered":"<p><strong>Yhteyshenkil\u00f6:<\/strong> Virpi M\u00e4kinen (etunimi.sukunimi@turku.fi)<br \/>\n<strong>Tavoite:<\/strong>\u00a0Projektin tavoitteena on koota olemassa olevat koulupoissaoloihin puuttumisen mallit sek\u00e4 kehitt\u00e4\u00e4 ja kokeilla uusia yhteis\u00f6llisi\u00e4 toimintamalleja, kuten kouluvalmentajamallia, jotta oppilaat sitoutuisivat koulunk\u00e4yntiin ja poissaolot v\u00e4henisiv\u00e4t.<br \/>\n<strong>Kohderyhm\u00e4:<\/strong>\u00a0Perusopetuksen vuosiluokkien 5.\u20139. oppilaat sek\u00e4 opetus- ja ohjaushenkil\u00f6st\u00f6<br \/>\n<strong>Toteutusaika:<\/strong> 01.01.2022 &#8211; 31.12.2023<br \/>\n<strong>Toteutusalue:\u00a0<\/strong>Turku, Lieto, Raisio, Turun yliopisto\/Turun normaalikoulu<br \/>\n<strong>Rahoittaja:<\/strong>\u00a0Opetus- ja kulttuuriministeri\u00f6 sek\u00e4 toteuttajaorganisaatiot<\/p>\n<p><img loading=\"lazy\" decoding=\"async\" class=\"alignnone size-medium wp-image-85\" src=\"https:\/\/blog.edu.turku.fi\/projektit\/files\/2022\/01\/OKM-logo-2R-fi-sv-sininen-L100-CMYK-300x46.jpg\" alt=\"Opetus- ja kulttuuriministeri\u00f6 rahoittaa projektia\" width=\"300\" height=\"46\" srcset=\"https:\/\/blog.edu.turku.fi\/projektit\/files\/2022\/01\/OKM-logo-2R-fi-sv-sininen-L100-CMYK-300x46.jpg 300w, https:\/\/blog.edu.turku.fi\/projektit\/files\/2022\/01\/OKM-logo-2R-fi-sv-sininen-L100-CMYK.jpg 1024w\" sizes=\"auto, (max-width: 300px) 85vw, 300px\" \/><img loading=\"lazy\" decoding=\"async\" class=\"alignnone size-medium wp-image-41\" src=\"https:\/\/blog.edu.turku.fi\/projektit\/files\/2022\/01\/blog-turku-logo-150x82.png\" alt=\"Turun kaupungin logo\" width=\"150\" height=\"82\" \/><\/p>\n","protected":false},"excerpt":{"rendered":"<p>Yhteyshenkil\u00f6: Virpi M\u00e4kinen (etunimi.sukunimi@turku.fi) Tavoite:\u00a0Projektin tavoitteena on koota olemassa olevat koulupoissaoloihin puuttumisen mallit sek\u00e4 kehitt\u00e4\u00e4 ja kokeilla uusia yhteis\u00f6llisi\u00e4 toimintamalleja, kuten kouluvalmentajamallia, jotta oppilaat sitoutuisivat koulunk\u00e4yntiin ja poissaolot v\u00e4henisiv\u00e4t. Kohderyhm\u00e4:\u00a0Perusopetuksen vuosiluokkien 5.\u20139. oppilaat sek\u00e4 opetus- ja ohjaushenkil\u00f6st\u00f6 Toteutusaika: 01.01.2022 &#8211; 31.12.2023 Toteutusalue:\u00a0Turku, Lieto, Raisio, Turun yliopisto\/Turun normaalikoulu Rahoittaja:\u00a0Opetus- ja kulttuuriministeri\u00f6 sek\u00e4 toteuttajaorganisaatiot<\/p>\n","protected":false},"author":2602,"featured_media":0,"parent":9,"menu_order":12,"comment_status":"closed","ping_status":"closed","template":"","meta":{"footnotes":""},"class_list":["post-76","page","type-page","status-publish","hentry"],"_links":{"self":[{"href":"https:\/\/blog.edu.turku.fi\/projektit\/wp-json\/wp\/v2\/pages\/76","targetHints":{"allow":["GET"]}}],"collection":[{"href":"https:\/\/blog.edu.turku.fi\/projektit\/wp-json\/wp\/v2\/pages"}],"about":[{"href":"https:\/\/blog.edu.turku.fi\/projektit\/wp-json\/wp\/v2\/types\/page"}],"author":[{"embeddable":true,"href":"https:\/\/blog.edu.turku.fi\/projektit\/wp-json\/wp\/v2\/users\/2602"}],"replies":[{"embeddable":true,"href":"https:\/\/blog.edu.turku.fi\/projektit\/wp-json\/wp\/v2\/comments?post=76"}],"version-history":[{"count":7,"href":"https:\/\/blog.edu.turku.fi\/projektit\/wp-json\/wp\/v2\/pages\/76\/revisions"}],"predecessor-version":[{"id":567,"href":"https:\/\/blog.edu.turku.fi\/projektit\/wp-json\/wp\/v2\/pages\/76\/revisions\/567"}],"up":[{"embeddable":true,"href":"https:\/\/blog.edu.turku.fi\/projektit\/wp-json\/wp\/v2\/pages\/9"}],"wp:attachment":[{"href":"https:\/\/blog.edu.turku.fi\/projektit\/wp-json\/wp\/v2\/media?parent=76"}],"curies":[{"name":"wp","href":"https:\/\/api.w.org\/{rel}","templated":true}]}}