{"id":753,"date":"2024-03-14T13:20:48","date_gmt":"2024-03-14T11:20:48","guid":{"rendered":"https:\/\/blog.edu.turku.fi\/projektit\/?page_id=753"},"modified":"2024-03-14T13:54:03","modified_gmt":"2024-03-14T11:54:03","slug":"av-up-uutta-osaamista-av-alalle","status":"publish","type":"page","link":"https:\/\/blog.edu.turku.fi\/projektit\/av-up-uutta-osaamista-av-alalle\/","title":{"rendered":"AV UP \u2013 Uutta osaamista av-alalle"},"content":{"rendered":"<p><strong>AV UP \u2013 Uutta osaamista av-alalle<\/strong><br \/>\n<strong>Yhteyshenkil\u00f6:<\/strong> Saija-Riikka Louhelainen (saija.louhelainen@edu.turku.fi)<br \/>\n<strong>Tavoite ja teht\u00e4v\u00e4t: <\/strong>AV UP \u2013 Uutta osaamista av-alalle -hanke (ESR 2024-2026) vahvistaa toimialan osaamista ja tukee tuotantojen kasvutarpeita sek\u00e4 media-alan kasvua ja kilpailukyky\u00e4.<\/p>\n<p><img loading=\"lazy\" decoding=\"async\" class=\"alignnone wp-image-605 size-medium\" src=\"https:\/\/blog.edu.turku.fi\/projektit\/files\/2023\/11\/FI_Co-fundedbytheEU_RGB_POS-300x71.png\" alt=\"EU-lipputunnus, jonka yhteydess\u00e4 on teksti \u201dEuroopan unionin osarahoittama\u201d.\" width=\"300\" height=\"71\" srcset=\"https:\/\/blog.edu.turku.fi\/projektit\/files\/2023\/11\/FI_Co-fundedbytheEU_RGB_POS-300x71.png 300w, https:\/\/blog.edu.turku.fi\/projektit\/files\/2023\/11\/FI_Co-fundedbytheEU_RGB_POS-1024x243.png 1024w\" sizes=\"auto, (max-width: 300px) 85vw, 300px\" \/><\/p>\n<p>AV UP -hankkeessa kehitet\u00e4\u00e4n ennakointia, koulutusta sek\u00e4 oppilaitosten ja ty\u00f6el\u00e4m\u00e4n yhteisty\u00f6t\u00e4. AV UP sitouttaa alan oppilaitokset ja toimijat valtakunnalliseen koulutuksen palvelumalliin. Pilottien avulla testataan uusia jatkuvan oppimisen tapoja. Hankkeen kohderyhm\u00e4\u00e4 ovat av-alan tekij\u00e4t, joiden osaaminen tarvitsee p\u00e4ivityst\u00e4. Lis\u00e4ksi kohteena ovat av-alalla toimivat yritykset, joilla on ty\u00f6voima- ja osaamistarpeita. Kohderyhm\u00e4\u00e4 ovat my\u00f6s alanvaihtajat, av-alalle suuntautuvat henkil\u00f6t. TAMK on hankkeen koordinaattori ja vastaa hallinnoinnista, viestinn\u00e4st\u00e4, arvioinnista sek\u00e4 verkoston yhteisty\u00f6n sujuvuudesta. Hankkeen j\u00e4lkeen av-alan kouluttajilla, sidosryhmill\u00e4, alan toimijoilla ja tekij\u00f6ill\u00e4 on yhten\u00e4inen k\u00e4sitys ty\u00f6el\u00e4m\u00e4n tulevista tarpeista.<\/p>\n<p>Turun kaupungin kasvatuksen ja opetuksen palvelukokonaisuuden osana toimiva Turun ammatti-instituutti (TAI) toteuttaa ryhm\u00e4hankkeen osahankkeen. Ammatti-instituutti suunnittelee ja toteuttaa hankkeessa pilotoitavia pieni\u00e4 osaamiskokonaisuuksia, ja osallistuu valtakunnalliseen kehitt\u00e4mistoimintaan muiden hanketoteuttajien kanssa.<\/p>\n<p>Hankkeen koordinoinnista ja johtamisesta vastaa projektip\u00e4\u00e4llikk\u00f6 Kai Salonen\/TAMK &#8211; Liiketalous ja media<br \/>\n<strong>Ryhm\u00e4hankkeen toteuttajat:<\/strong><\/p>\n<ul>\n<li>Tampereen ammattikorkeakoulu, P\u00e4\u00e4hankkeen toteuttaja<\/li>\n<li>Turun kaupunki, Osahankkeen toteuttaja<\/li>\n<li>Tampereen seudun ammattiopisto Tredu, Osahankkeen toteuttaja<\/li>\n<li>Turun ammattikorkeakoulu, Osahankkeen toteuttaja<\/li>\n<li>Yrkesh\u00f6gskolan Arcada, Osahankkeen toteuttaja<\/li>\n<li>Metropolia ammattikorkeakoulu, Osahankkeen toteuttaja<\/li>\n<li>Espoon seudun koulutuskuntayhtym\u00e4 Omnia, Osahankkeen toteuttaja<\/li>\n<\/ul>\n<p><strong>Toteutusalue:<\/strong> Valtakunnallinen<br \/>\n<strong>Toteutusaika:<\/strong> 1.1.2024-31.12.2026<\/p>\n","protected":false},"excerpt":{"rendered":"<p>AV UP \u2013 Uutta osaamista av-alalle Yhteyshenkil\u00f6: Saija-Riikka Louhelainen (saija.louhelainen@edu.turku.fi) Tavoite ja teht\u00e4v\u00e4t: AV UP \u2013 Uutta osaamista av-alalle -hanke (ESR 2024-2026) vahvistaa toimialan osaamista ja tukee tuotantojen kasvutarpeita sek\u00e4 media-alan kasvua ja kilpailukyky\u00e4. AV UP -hankkeessa kehitet\u00e4\u00e4n ennakointia, koulutusta sek\u00e4 oppilaitosten ja ty\u00f6el\u00e4m\u00e4n yhteisty\u00f6t\u00e4. AV UP sitouttaa alan oppilaitokset ja toimijat valtakunnalliseen koulutuksen palvelumalliin. &hellip; <a href=\"https:\/\/blog.edu.turku.fi\/projektit\/av-up-uutta-osaamista-av-alalle\/\" class=\"more-link\">Jatka lukemista<span class=\"screen-reader-text\"> &#8221;AV UP \u2013 Uutta osaamista av-alalle&#8221;<\/span><\/a><\/p>\n","protected":false},"author":3382,"featured_media":0,"parent":0,"menu_order":0,"comment_status":"closed","ping_status":"closed","template":"","meta":{"footnotes":""},"class_list":["post-753","page","type-page","status-publish","hentry"],"_links":{"self":[{"href":"https:\/\/blog.edu.turku.fi\/projektit\/wp-json\/wp\/v2\/pages\/753","targetHints":{"allow":["GET"]}}],"collection":[{"href":"https:\/\/blog.edu.turku.fi\/projektit\/wp-json\/wp\/v2\/pages"}],"about":[{"href":"https:\/\/blog.edu.turku.fi\/projektit\/wp-json\/wp\/v2\/types\/page"}],"author":[{"embeddable":true,"href":"https:\/\/blog.edu.turku.fi\/projektit\/wp-json\/wp\/v2\/users\/3382"}],"replies":[{"embeddable":true,"href":"https:\/\/blog.edu.turku.fi\/projektit\/wp-json\/wp\/v2\/comments?post=753"}],"version-history":[{"count":2,"href":"https:\/\/blog.edu.turku.fi\/projektit\/wp-json\/wp\/v2\/pages\/753\/revisions"}],"predecessor-version":[{"id":760,"href":"https:\/\/blog.edu.turku.fi\/projektit\/wp-json\/wp\/v2\/pages\/753\/revisions\/760"}],"wp:attachment":[{"href":"https:\/\/blog.edu.turku.fi\/projektit\/wp-json\/wp\/v2\/media?parent=753"}],"curies":[{"name":"wp","href":"https:\/\/api.w.org\/{rel}","templated":true}]}}