{"id":658,"date":"2024-01-08T16:26:41","date_gmt":"2024-01-08T14:26:41","guid":{"rendered":"https:\/\/blog.edu.turku.fi\/projektit\/?page_id=658"},"modified":"2025-01-08T16:45:24","modified_gmt":"2025-01-08T14:45:24","slug":"lukiokoulutuksen-paattyneiden-hankkeiden-tuotoksia","status":"publish","type":"page","link":"https:\/\/blog.edu.turku.fi\/projektit\/lukiokoulutuksen-paattyneiden-hankkeiden-tuotoksia\/","title":{"rendered":"Lukiokoulutuksen p\u00e4\u00e4ttyneet hankkeet"},"content":{"rendered":"<p><span class=\"ui-provider a b c d e f g h i j k l m n o p q r s t u v w x y z ab ac ae af ag ah ai aj ak\" dir=\"ltr\">T\u00e4\u00e4lt\u00e4 l\u00f6yd\u00e4t kootusti jo p\u00e4\u00e4ttyneiden hankkeiden esittelyt\/tulokset<\/span><\/p>\n<p><strong>Kaupunki + &#8211; lis\u00e4tyn todellisuuden oppimisymp\u00e4rist\u00f6 lukiokoulutuksessa (OPH ja Turun kaupunki, 2022-2024): <a href=\"https:\/\/blog.edu.turku.fi\/projektit\/lukio\/kaupunki-lisatyn-todellisuuden-oppimisymparisto-lukiokoulutuksessa\/\">Kaupunki+: lis\u00e4tyn todellisuuden oppimisymp\u00e4rist\u00f6 lukiokoulutuksessa \u2013 Kasvatuksen ja opetuksen projektit<\/a><\/strong><\/p>\n<p><strong>KESTOA &#8211; kest\u00e4v\u00e4 toinen aste (OPH ja Turun kaupunki, 2022-2024): <a href=\"https:\/\/blog.edu.turku.fi\/projektit\/lukio\/kestoa-kestava-toinen-aste\/\">KESTOA \u2013 kest\u00e4v\u00e4 toinen aste \u2013 Kasvatuksen ja opetuksen projektit (turku.fi)<\/a><\/strong><\/p>\n<p><strong>Laadukas ja saavutettava Turun lukiokoulutus (OPH ja Turun kaupunki, 2022-2024): <a href=\"https:\/\/blog.edu.turku.fi\/projektit\/lukio\/laadukas-ja-saavutettava-turun-lukiokoulutus\/\">Laadukas ja saavutettava Turun lukiokoulutus \u2013 Kasvatuksen ja opetuksen projektit<\/a><\/strong><\/p>\n<p><strong>Mieli liikkeelle (OKM ja Turun kaupunki, 2022-2023): <a href=\"https:\/\/blog.edu.turku.fi\/projektit\/mieli-liikkeelle\/\">Mieli liikkeelle \u2013 Kasvatuksen ja opetuksen projektit (turku.fi)<\/a><\/strong><\/p>\n<p><strong>Tie tulevaisuuteen &#8211; opinto-ohjauksen laadun kehitt\u00e4minen lukioissa (OPH ja Turun kaupunki, 2022-2023): <a href=\"https:\/\/blog.edu.turku.fi\/projektit\/lukio\/tie-tulevaisuuteen-opinto-ohjauksen-laadun-kehittaminen-lukioissa\/\">Tie tulevaisuuteen \u2013 opinto-ohjauksen laadun kehitt\u00e4minen lukioissa \u2013 Kasvatuksen ja opetuksen projektit (turku.fi)<\/a><\/strong><\/p>\n<p><strong>Turun liikkuva ty\u00f6el\u00e4m\u00e4 (2. aste) II (AVI ja Turun kaupunki, 2023-2023): <a href=\"https:\/\/blog.edu.turku.fi\/projektit\/turun-liikkuva-tyoelama-2-aste\/\">Turun liikkuva ty\u00f6el\u00e4m\u00e4 (2. aste) II \u2013 Kasvatuksen ja opetuksen projektit (turku.fi)<\/a><\/strong><\/p>\n","protected":false},"excerpt":{"rendered":"<p>T\u00e4\u00e4lt\u00e4 l\u00f6yd\u00e4t kootusti jo p\u00e4\u00e4ttyneiden hankkeiden esittelyt\/tulokset Kaupunki + &#8211; lis\u00e4tyn todellisuuden oppimisymp\u00e4rist\u00f6 lukiokoulutuksessa (OPH ja Turun kaupunki, 2022-2024): Kaupunki+: lis\u00e4tyn todellisuuden oppimisymp\u00e4rist\u00f6 lukiokoulutuksessa \u2013 Kasvatuksen ja opetuksen projektit KESTOA &#8211; kest\u00e4v\u00e4 toinen aste (OPH ja Turun kaupunki, 2022-2024): KESTOA \u2013 kest\u00e4v\u00e4 toinen aste \u2013 Kasvatuksen ja opetuksen projektit (turku.fi) Laadukas ja saavutettava Turun lukiokoulutus &hellip; <a href=\"https:\/\/blog.edu.turku.fi\/projektit\/lukiokoulutuksen-paattyneiden-hankkeiden-tuotoksia\/\" class=\"more-link\">Jatka lukemista<span class=\"screen-reader-text\"> &#8221;Lukiokoulutuksen p\u00e4\u00e4ttyneet hankkeet&#8221;<\/span><\/a><\/p>\n","protected":false},"author":3382,"featured_media":0,"parent":0,"menu_order":0,"comment_status":"closed","ping_status":"closed","template":"","meta":{"footnotes":""},"class_list":["post-658","page","type-page","status-publish","hentry"],"_links":{"self":[{"href":"https:\/\/blog.edu.turku.fi\/projektit\/wp-json\/wp\/v2\/pages\/658","targetHints":{"allow":["GET"]}}],"collection":[{"href":"https:\/\/blog.edu.turku.fi\/projektit\/wp-json\/wp\/v2\/pages"}],"about":[{"href":"https:\/\/blog.edu.turku.fi\/projektit\/wp-json\/wp\/v2\/types\/page"}],"author":[{"embeddable":true,"href":"https:\/\/blog.edu.turku.fi\/projektit\/wp-json\/wp\/v2\/users\/3382"}],"replies":[{"embeddable":true,"href":"https:\/\/blog.edu.turku.fi\/projektit\/wp-json\/wp\/v2\/comments?post=658"}],"version-history":[{"count":6,"href":"https:\/\/blog.edu.turku.fi\/projektit\/wp-json\/wp\/v2\/pages\/658\/revisions"}],"predecessor-version":[{"id":925,"href":"https:\/\/blog.edu.turku.fi\/projektit\/wp-json\/wp\/v2\/pages\/658\/revisions\/925"}],"wp:attachment":[{"href":"https:\/\/blog.edu.turku.fi\/projektit\/wp-json\/wp\/v2\/media?parent=658"}],"curies":[{"name":"wp","href":"https:\/\/api.w.org\/{rel}","templated":true}]}}