{"id":526,"date":"2023-01-18T16:13:47","date_gmt":"2023-01-18T14:13:47","guid":{"rendered":"https:\/\/blog.edu.turku.fi\/projektit\/?page_id=526"},"modified":"2024-07-02T07:24:52","modified_gmt":"2024-07-02T04:24:52","slug":"kerhotoiminta-koulun-kerhotoiminnan-tukeminen","status":"publish","type":"page","link":"https:\/\/blog.edu.turku.fi\/projektit\/perusopetus\/kerhotoiminta-koulun-kerhotoiminnan-tukeminen\/","title":{"rendered":"Kerhotoiminta: Koulun kerhotoiminnan tukeminen"},"content":{"rendered":"<p><strong>Yhteyshenkil\u00f6: <\/strong>projektikoordinaattori Kaisa Vartio (etunimi.sukunimi@edu.turku.fi)<br \/>\n<strong>Tavoite:<\/strong> Projektin tavoitteena on tarjota kaikille Turun kaupungin perusopetuksen oppilaille monipuolista kerhotoimintaa kouluissa, jonka kautta oppilaat l\u00f6yt\u00e4v\u00e4t itselleen mieluisan harrastuksen, johon he haluavat osallistua. Kerhotunteja kohdennetaan erityisesti alueille, joissa on tarjolla v\u00e4h\u00e4n harrastetoimintaa lapsille ja nuorille.<br \/>\n<strong>Toimenpiteet: <\/strong>J\u00e4rjestet\u00e4\u00e4n perusopetuksen oppilaille monipuolista kerhotoimintaa kouluissa.<br \/>\n<strong>Kohderyhm\u00e4:<\/strong> perusopetuksen oppilaat<br \/>\n<strong>Toteutusalue:<\/strong> Varsinais-Suomen sairaanhoitopiiri, kansallisen koordinaation osalta koko Suomi<br \/>\n<strong>Toteutusaika:<\/strong> 2024 &#8211; 2025<br \/>\n<strong>Toteutusalue:<\/strong> Turku<br \/>\n<strong>Rahoittaja:<\/strong> Opetushallitus sek\u00e4 Turun kaupunki<\/p>\n<p><img loading=\"lazy\" decoding=\"async\" class=\"alignnone wp-image-236\" src=\"https:\/\/blog.edu.turku.fi\/projektit\/files\/2022\/03\/OPH_rahoittaa_rgb-1-300x290.png\" alt=\"\" width=\"139\" height=\"134\" srcset=\"https:\/\/blog.edu.turku.fi\/projektit\/files\/2022\/03\/OPH_rahoittaa_rgb-1-300x290.png 300w, https:\/\/blog.edu.turku.fi\/projektit\/files\/2022\/03\/OPH_rahoittaa_rgb-1.png 360w\" sizes=\"auto, (max-width: 139px) 85vw, 139px\" \/><img loading=\"lazy\" decoding=\"async\" class=\"alignnone size-medium wp-image-41\" src=\"https:\/\/blog.edu.turku.fi\/projektit\/files\/2022\/01\/blog-turku-logo-150x82.png\" alt=\"Turun kaupungin logo\" width=\"150\" height=\"82\" \/><\/p>\n","protected":false},"excerpt":{"rendered":"<p>Yhteyshenkil\u00f6: projektikoordinaattori Kaisa Vartio (etunimi.sukunimi@edu.turku.fi) Tavoite: Projektin tavoitteena on tarjota kaikille Turun kaupungin perusopetuksen oppilaille monipuolista kerhotoimintaa kouluissa, jonka kautta oppilaat l\u00f6yt\u00e4v\u00e4t itselleen mieluisan harrastuksen, johon he haluavat osallistua. Kerhotunteja kohdennetaan erityisesti alueille, joissa on tarjolla v\u00e4h\u00e4n harrastetoimintaa lapsille ja nuorille. Toimenpiteet: J\u00e4rjestet\u00e4\u00e4n perusopetuksen oppilaille monipuolista kerhotoimintaa kouluissa. Kohderyhm\u00e4: perusopetuksen oppilaat Toteutusalue: Varsinais-Suomen sairaanhoitopiiri, kansallisen &hellip; <a href=\"https:\/\/blog.edu.turku.fi\/projektit\/perusopetus\/kerhotoiminta-koulun-kerhotoiminnan-tukeminen\/\" class=\"more-link\">Jatka lukemista<span class=\"screen-reader-text\"> &#8221;Kerhotoiminta: Koulun kerhotoiminnan tukeminen&#8221;<\/span><\/a><\/p>\n","protected":false},"author":2935,"featured_media":0,"parent":9,"menu_order":3,"comment_status":"closed","ping_status":"closed","template":"","meta":{"footnotes":""},"class_list":["post-526","page","type-page","status-publish","hentry"],"_links":{"self":[{"href":"https:\/\/blog.edu.turku.fi\/projektit\/wp-json\/wp\/v2\/pages\/526","targetHints":{"allow":["GET"]}}],"collection":[{"href":"https:\/\/blog.edu.turku.fi\/projektit\/wp-json\/wp\/v2\/pages"}],"about":[{"href":"https:\/\/blog.edu.turku.fi\/projektit\/wp-json\/wp\/v2\/types\/page"}],"author":[{"embeddable":true,"href":"https:\/\/blog.edu.turku.fi\/projektit\/wp-json\/wp\/v2\/users\/2935"}],"replies":[{"embeddable":true,"href":"https:\/\/blog.edu.turku.fi\/projektit\/wp-json\/wp\/v2\/comments?post=526"}],"version-history":[{"count":5,"href":"https:\/\/blog.edu.turku.fi\/projektit\/wp-json\/wp\/v2\/pages\/526\/revisions"}],"predecessor-version":[{"id":872,"href":"https:\/\/blog.edu.turku.fi\/projektit\/wp-json\/wp\/v2\/pages\/526\/revisions\/872"}],"up":[{"embeddable":true,"href":"https:\/\/blog.edu.turku.fi\/projektit\/wp-json\/wp\/v2\/pages\/9"}],"wp:attachment":[{"href":"https:\/\/blog.edu.turku.fi\/projektit\/wp-json\/wp\/v2\/media?parent=526"}],"curies":[{"name":"wp","href":"https:\/\/api.w.org\/{rel}","templated":true}]}}