{"id":286,"date":"2022-03-25T11:54:09","date_gmt":"2022-03-25T09:54:09","guid":{"rendered":"https:\/\/blog.edu.turku.fi\/projektit\/?page_id=286"},"modified":"2022-06-28T13:06:52","modified_gmt":"2022-06-28T10:06:52","slug":"suodattimen-uusi-elama","status":"publish","type":"page","link":"https:\/\/blog.edu.turku.fi\/projektit\/suodattimen-uusi-elama\/","title":{"rendered":"Suodattimen uusi el\u00e4m\u00e4"},"content":{"rendered":"<p><strong>Yhteyshenkil\u00f6:\u00a0<\/strong>Tarja Moisio-Rannikko (tarja.moisio-rannikko@edu.turku.fi)<br \/>\n<strong>Tavoite:\u00a0<\/strong>Hankkeen tavoitteena on kokeilla toiselle asteelle uutta, yritysyhteisty\u00f6n\u00e4 toteutettavaa tuotekehitykseen ja -testaukseen perustuvaa projektioppimisen mallia. Samalla kehitet\u00e4\u00e4n monialaista yhteisty\u00f6t\u00e4 TAIssa opinnollistaen kest\u00e4v\u00e4n kehityksen ja kiertotalouden teemaa esimerkki-casen avulla. Eri aloilla sopiviin tutkinnonosiin kehitet\u00e4\u00e4n aineistoa ja teht\u00e4vi\u00e4, joita hankkeen j\u00e4lkeenkin voidaan soveltaen k\u00e4ytt\u00e4\u00e4 yritysyhteisty\u00f6projekteissa.<\/p>\n<p>Hankkeessa tuotteistetaan ja testataan yhdess\u00e4 Teva-Team Oy:n kanssa teknisest\u00e4 kierr\u00e4tysmateriaalista valmistettavaa pien-, kerros- ja rivitaloihin asennettavaa ilmanvaihtosuodatinta. Erityisesti kiinnitet\u00e4\u00e4n huomiota valmistettavien suodattimien huoltomahdollisuuksiin kotitalouksissa k\u00e4ytett\u00e4viss\u00e4 olevilla laitteilla. Nykyiset suodattimet ovat kertak\u00e4ytt\u00f6isi\u00e4, mutta hankkeessa on tavoitteena pident\u00e4\u00e4 suodattimen elinkaarta pest\u00e4v\u00e4\u00e4 materiaalia k\u00e4ytt\u00e4en jopa 30 k\u00e4ytt\u00f6kertaan.<\/p>\n<p><strong>Kohderyhm\u00e4:\u00a0<\/strong>Turun ammatti-instituutin opiskelijat, henkil\u00f6st\u00f6 ja ty\u00f6el\u00e4m\u00e4.<br \/>\n<strong>Toteutusaika:<\/strong>\u00a01.1.2022-28.2.2023<br \/>\n<strong>Toteutusalue:\u00a0<\/strong>Turku<br \/>\n<strong>Rahoittaja:\u00a0<\/strong>Varsinais-Suomen Liitto \/ Alueiden kest\u00e4v\u00e4n kasvun ja elinvoiman (AKKE) \u2013m\u00e4\u00e4r\u00e4raha<\/p>\n<p><img loading=\"lazy\" decoding=\"async\" class=\"alignnone wp-image-279\" src=\"https:\/\/blog.edu.turku.fi\/projektit\/files\/2022\/03\/vsl_logo_sininen_rgb-2-2-300x23.png\" alt=\"\" width=\"300\" height=\"23\" srcset=\"https:\/\/blog.edu.turku.fi\/projektit\/files\/2022\/03\/vsl_logo_sininen_rgb-2-2-300x23.png 300w, https:\/\/blog.edu.turku.fi\/projektit\/files\/2022\/03\/vsl_logo_sininen_rgb-2-2-1024x78.png 1024w\" sizes=\"auto, (max-width: 300px) 85vw, 300px\" \/>\u00a0 \u00a0 \u00a0<img loading=\"lazy\" decoding=\"async\" class=\"alignnone wp-image-280\" src=\"https:\/\/blog.edu.turku.fi\/projektit\/files\/2022\/03\/vaakuna-1-211x300.png\" alt=\"\" width=\"63\" height=\"90\" srcset=\"https:\/\/blog.edu.turku.fi\/projektit\/files\/2022\/03\/vaakuna-1-211x300.png 211w, https:\/\/blog.edu.turku.fi\/projektit\/files\/2022\/03\/vaakuna-1-719x1024.png 719w, https:\/\/blog.edu.turku.fi\/projektit\/files\/2022\/03\/vaakuna-1.png 1729w\" sizes=\"auto, (max-width: 63px) 85vw, 63px\" \/><\/p>\n","protected":false},"excerpt":{"rendered":"<p>Yhteyshenkil\u00f6:\u00a0Tarja Moisio-Rannikko (tarja.moisio-rannikko@edu.turku.fi) Tavoite:\u00a0Hankkeen tavoitteena on kokeilla toiselle asteelle uutta, yritysyhteisty\u00f6n\u00e4 toteutettavaa tuotekehitykseen ja -testaukseen perustuvaa projektioppimisen mallia. Samalla kehitet\u00e4\u00e4n monialaista yhteisty\u00f6t\u00e4 TAIssa opinnollistaen kest\u00e4v\u00e4n kehityksen ja kiertotalouden teemaa esimerkki-casen avulla. Eri aloilla sopiviin tutkinnonosiin kehitet\u00e4\u00e4n aineistoa ja teht\u00e4vi\u00e4, joita hankkeen j\u00e4lkeenkin voidaan soveltaen k\u00e4ytt\u00e4\u00e4 yritysyhteisty\u00f6projekteissa. Hankkeessa tuotteistetaan ja testataan yhdess\u00e4 Teva-Team Oy:n kanssa teknisest\u00e4 &hellip; <a href=\"https:\/\/blog.edu.turku.fi\/projektit\/suodattimen-uusi-elama\/\" class=\"more-link\">Jatka lukemista<span class=\"screen-reader-text\"> &#8221;Suodattimen uusi el\u00e4m\u00e4&#8221;<\/span><\/a><\/p>\n","protected":false},"author":3210,"featured_media":0,"parent":0,"menu_order":0,"comment_status":"closed","ping_status":"closed","template":"","meta":{"footnotes":""},"class_list":["post-286","page","type-page","status-publish","hentry"],"_links":{"self":[{"href":"https:\/\/blog.edu.turku.fi\/projektit\/wp-json\/wp\/v2\/pages\/286","targetHints":{"allow":["GET"]}}],"collection":[{"href":"https:\/\/blog.edu.turku.fi\/projektit\/wp-json\/wp\/v2\/pages"}],"about":[{"href":"https:\/\/blog.edu.turku.fi\/projektit\/wp-json\/wp\/v2\/types\/page"}],"author":[{"embeddable":true,"href":"https:\/\/blog.edu.turku.fi\/projektit\/wp-json\/wp\/v2\/users\/3210"}],"replies":[{"embeddable":true,"href":"https:\/\/blog.edu.turku.fi\/projektit\/wp-json\/wp\/v2\/comments?post=286"}],"version-history":[{"count":3,"href":"https:\/\/blog.edu.turku.fi\/projektit\/wp-json\/wp\/v2\/pages\/286\/revisions"}],"predecessor-version":[{"id":382,"href":"https:\/\/blog.edu.turku.fi\/projektit\/wp-json\/wp\/v2\/pages\/286\/revisions\/382"}],"wp:attachment":[{"href":"https:\/\/blog.edu.turku.fi\/projektit\/wp-json\/wp\/v2\/media?parent=286"}],"curies":[{"name":"wp","href":"https:\/\/api.w.org\/{rel}","templated":true}]}}