{"id":129,"date":"2022-01-20T12:58:47","date_gmt":"2022-01-20T10:58:47","guid":{"rendered":"https:\/\/blog.edu.turku.fi\/projektit\/?page_id=129"},"modified":"2022-11-23T16:34:31","modified_gmt":"2022-11-23T14:34:31","slug":"ankkuri-ammattikoululaisten-nikotiinituotteiden-kayton-ennaltaehkaisyn-ja-lopettamisen-tukeminen-seka-yhteistyo-ja-johtamiskaytanteiden-implementointi","status":"publish","type":"page","link":"https:\/\/blog.edu.turku.fi\/projektit\/ammatillinen\/ankkuri-ammattikoululaisten-nikotiinituotteiden-kayton-ennaltaehkaisyn-ja-lopettamisen-tukeminen-seka-yhteistyo-ja-johtamiskaytanteiden-implementointi\/","title":{"rendered":"Ankkuri &#8211; ammattikoululaisten nikotiinituotteiden k\u00e4yt\u00f6n ennaltaehk\u00e4isyn ja lopettamisen tukeminen sek\u00e4 yhteisty\u00f6- ja johtamisk\u00e4yt\u00e4nteiden implementointi"},"content":{"rendered":"<p><strong>Yhteyshenkil\u00f6:<\/strong> Miia Lehtonen (miia.m.lehtonen@turku.fi)<br \/>\n<strong>Tavoite:<\/strong>\u00a0Ankkuri-projektin tarkoituksena on luoda uudenlaisia, matalan kynnyksen toimintamalleja ammattikoululaisten elintapaohjaukseen sek\u00e4 p\u00e4ihteiden k\u00e4yt\u00f6n ennaltaehk\u00e4isyyn ja lopettamisen tueksi. Lis\u00e4ksi tavoitteena on m\u00e4\u00e4ritt\u00e4\u00e4 ammatillisen koulutuksen ehk\u00e4isev\u00e4n p\u00e4ihdety\u00f6n johtamis- ja yhteisty\u00f6k\u00e4yt\u00e4nn\u00f6t.<br \/>\n<strong>Toteutusaika:<\/strong>\u00a012.2.2020 \u2013 31.12.2022<br \/>\n<strong>Toteutusalue:<\/strong>\u00a0Varsinais-Suomi<br \/>\n<strong>Rahoittaja:<\/strong>\u00a0STM<br \/>\n<strong>Lis\u00e4tietoja:<\/strong>\u00a0<a href=\"https:\/\/ankkuri.turkuamk.fi\/\">https:\/\/ankkuri.turkuamk.fi\/<\/a><\/p>\n<p><a href=\"https:\/\/blog.edu.turku.fi\/projektit\/files\/2022\/11\/Materiaali-1.-Opiskelijoiden-tekemaa-materiaalia_tupakka_sahkis_nuuska.pdf\">Opiskelijoiden tekem\u00e4\u00e4 materiaalia tupakkatuotteista<\/a><\/p>\n<p><a href=\"https:\/\/blog.edu.turku.fi\/projektit\/files\/2022\/11\/ANKKURI-hanke-loppuraportti_10.11.2022.pdf\">ANKKURI-hankkeen loppuraportti<\/a><\/p>\n<p><a href=\"https:\/\/blog.edu.turku.fi\/projektit\/files\/2022\/11\/Liite-1.-Raportti-nikotiinittoman-TAITO-kampuksen-suunnittelun-tueksi.pdf\">Raportti nikotiinittoman TAITO-kampuksen suunnittelun tueksi<\/a><\/p>\n<p><a href=\"https:\/\/blog.edu.turku.fi\/projektit\/files\/2022\/11\/Liite-2.-Opiskelijahyvinvoinnin-projektikoordinaattori.pdf\">Opiskelijahyvinvoinnin projektikoordinaattori<\/a><\/p>\n<p><a href=\"https:\/\/blog.edu.turku.fi\/projektit\/files\/2022\/11\/Materiaali-3.-Nuorten-terveyden-edistaminen.pdf\">Nuorten terveyden edist\u00e4minen<\/a><\/p>\n<p><a href=\"https:\/\/blog.edu.turku.fi\/projektit\/files\/2022\/11\/Materiaali-2.-Hyvinvointi-ja-paihteet_diat_26.10.2022.pdf\">Hyvinvointi ja p\u00e4ihteet<\/a><\/p>\n<p><a href=\"https:\/\/blog.edu.turku.fi\/projektit\/files\/2022\/11\/Materiaali-4.-Koska-urheilen-ja-terve-elama-on-minulle-tarkeaa-en-tupakoi.pdf\">Koska urheilen ja terve el\u00e4m\u00e4 on minulle t\u00e4rke\u00e4\u00e4 en tupakoi<\/a><\/p>\n<p><a href=\"https:\/\/blog.edu.turku.fi\/projektit\/files\/2022\/11\/Materiaali-5.-ANKKURI_kortit_TAI_105x148mm.pdf\">ANKKURI-kortit<\/a><\/p>\n<p><a href=\"https:\/\/blog.edu.turku.fi\/projektit\/files\/2022\/11\/Materiaali-6.-ANKKURI_julisteet_TAI_297x420mm.pdf\">ANKKURI-julisteet<\/a><\/p>\n<p>&nbsp;<\/p>\n<p>&nbsp;<\/p>\n","protected":false},"excerpt":{"rendered":"<p>Yhteyshenkil\u00f6: Miia Lehtonen (miia.m.lehtonen@turku.fi) Tavoite:\u00a0Ankkuri-projektin tarkoituksena on luoda uudenlaisia, matalan kynnyksen toimintamalleja ammattikoululaisten elintapaohjaukseen sek\u00e4 p\u00e4ihteiden k\u00e4yt\u00f6n ennaltaehk\u00e4isyyn ja lopettamisen tueksi. Lis\u00e4ksi tavoitteena on m\u00e4\u00e4ritt\u00e4\u00e4 ammatillisen koulutuksen ehk\u00e4isev\u00e4n p\u00e4ihdety\u00f6n johtamis- ja yhteisty\u00f6k\u00e4yt\u00e4nn\u00f6t. Toteutusaika:\u00a012.2.2020 \u2013 31.12.2022 Toteutusalue:\u00a0Varsinais-Suomi Rahoittaja:\u00a0STM Lis\u00e4tietoja:\u00a0https:\/\/ankkuri.turkuamk.fi\/ Opiskelijoiden tekem\u00e4\u00e4 materiaalia tupakkatuotteista ANKKURI-hankkeen loppuraportti Raportti nikotiinittoman TAITO-kampuksen suunnittelun tueksi Opiskelijahyvinvoinnin projektikoordinaattori Nuorten terveyden edist\u00e4minen Hyvinvointi &hellip; <a href=\"https:\/\/blog.edu.turku.fi\/projektit\/ammatillinen\/ankkuri-ammattikoululaisten-nikotiinituotteiden-kayton-ennaltaehkaisyn-ja-lopettamisen-tukeminen-seka-yhteistyo-ja-johtamiskaytanteiden-implementointi\/\" class=\"more-link\">Jatka lukemista<span class=\"screen-reader-text\"> &#8221;Ankkuri &#8211; ammattikoululaisten nikotiinituotteiden k\u00e4yt\u00f6n ennaltaehk\u00e4isyn ja lopettamisen tukeminen sek\u00e4 yhteisty\u00f6- ja johtamisk\u00e4yt\u00e4nteiden implementointi&#8221;<\/span><\/a><\/p>\n","protected":false},"author":2602,"featured_media":0,"parent":13,"menu_order":0,"comment_status":"closed","ping_status":"closed","template":"","meta":{"footnotes":""},"class_list":["post-129","page","type-page","status-publish","hentry"],"_links":{"self":[{"href":"https:\/\/blog.edu.turku.fi\/projektit\/wp-json\/wp\/v2\/pages\/129","targetHints":{"allow":["GET"]}}],"collection":[{"href":"https:\/\/blog.edu.turku.fi\/projektit\/wp-json\/wp\/v2\/pages"}],"about":[{"href":"https:\/\/blog.edu.turku.fi\/projektit\/wp-json\/wp\/v2\/types\/page"}],"author":[{"embeddable":true,"href":"https:\/\/blog.edu.turku.fi\/projektit\/wp-json\/wp\/v2\/users\/2602"}],"replies":[{"embeddable":true,"href":"https:\/\/blog.edu.turku.fi\/projektit\/wp-json\/wp\/v2\/comments?post=129"}],"version-history":[{"count":5,"href":"https:\/\/blog.edu.turku.fi\/projektit\/wp-json\/wp\/v2\/pages\/129\/revisions"}],"predecessor-version":[{"id":486,"href":"https:\/\/blog.edu.turku.fi\/projektit\/wp-json\/wp\/v2\/pages\/129\/revisions\/486"}],"up":[{"embeddable":true,"href":"https:\/\/blog.edu.turku.fi\/projektit\/wp-json\/wp\/v2\/pages\/13"}],"wp:attachment":[{"href":"https:\/\/blog.edu.turku.fi\/projektit\/wp-json\/wp\/v2\/media?parent=129"}],"curies":[{"name":"wp","href":"https:\/\/api.w.org\/{rel}","templated":true}]}}