{"id":100,"date":"2022-01-19T11:45:38","date_gmt":"2022-01-19T09:45:38","guid":{"rendered":"https:\/\/blog.edu.turku.fi\/projektit\/?page_id=100"},"modified":"2024-02-13T08:54:42","modified_gmt":"2024-02-13T06:54:42","slug":"lukulukkari-lukutaidon-ja-lukemisen-kulttuurin-vahvistaminen","status":"publish","type":"page","link":"https:\/\/blog.edu.turku.fi\/projektit\/perusopetus\/lukulukkari-lukutaidon-ja-lukemisen-kulttuurin-vahvistaminen\/","title":{"rendered":"Lukulukkari &#8211; lukutaidon ja lukemisen kulttuurin vahvistaminen"},"content":{"rendered":"<p><strong>Yhteyshenkil\u00f6:\u00a0<\/strong>Jaana Kilpinen (etunimi.sukunimi@turku.fi)<br \/>\n<strong>Tavoite:<\/strong>\u00a0Projektin tavoitteena on vahvistaa yl\u00e4koulun (vuosiluokat 7-9) oppilaiden ja erityisesti vieraskielisten oppilaiden lukutaitoa kehitt\u00e4m\u00e4ll\u00e4 ja kokeilemalla kouluissa lukulukkari- ja lukututor-toimintaa.<br \/>\n<strong>Kohderyhm\u00e4:<\/strong>\u00a0Perusopetuksen oppilaat ja opettajat<br \/>\n<strong>Toteutusaika:<\/strong> 23.06.2021 &#8211; 30.6.2023<br \/>\n<strong>Toteutusalue:<\/strong>\u00a0Turku, Turun yliopisto\/Turun normaalikoulu<br \/>\n<strong>Rahoittaja:<\/strong>\u00a0Opetus- ja kulttuuriministeri\u00f6 ja toteuttajaorganisaatiot<\/p>\n<p><img loading=\"lazy\" decoding=\"async\" class=\"alignnone size-medium wp-image-85\" src=\"https:\/\/blog.edu.turku.fi\/projektit\/files\/2022\/01\/OKM-logo-2R-fi-sv-sininen-L100-CMYK-300x46.jpg\" alt=\"Opetus- ja kulttuuriministeri\u00f6 rahoittaa projektia\" width=\"300\" height=\"46\" srcset=\"https:\/\/blog.edu.turku.fi\/projektit\/files\/2022\/01\/OKM-logo-2R-fi-sv-sininen-L100-CMYK-300x46.jpg 300w, https:\/\/blog.edu.turku.fi\/projektit\/files\/2022\/01\/OKM-logo-2R-fi-sv-sininen-L100-CMYK.jpg 1024w\" sizes=\"auto, (max-width: 300px) 85vw, 300px\" \/><img loading=\"lazy\" decoding=\"async\" class=\"alignnone size-medium wp-image-41\" src=\"https:\/\/blog.edu.turku.fi\/projektit\/files\/2022\/01\/blog-turku-logo-150x82.png\" alt=\"Turun kaupungin logo\" width=\"150\" height=\"82\" \/><\/p>\n","protected":false},"excerpt":{"rendered":"<p>Yhteyshenkil\u00f6:\u00a0Jaana Kilpinen (etunimi.sukunimi@turku.fi) Tavoite:\u00a0Projektin tavoitteena on vahvistaa yl\u00e4koulun (vuosiluokat 7-9) oppilaiden ja erityisesti vieraskielisten oppilaiden lukutaitoa kehitt\u00e4m\u00e4ll\u00e4 ja kokeilemalla kouluissa lukulukkari- ja lukututor-toimintaa. Kohderyhm\u00e4:\u00a0Perusopetuksen oppilaat ja opettajat Toteutusaika: 23.06.2021 &#8211; 30.6.2023 Toteutusalue:\u00a0Turku, Turun yliopisto\/Turun normaalikoulu Rahoittaja:\u00a0Opetus- ja kulttuuriministeri\u00f6 ja toteuttajaorganisaatiot<\/p>\n","protected":false},"author":2602,"featured_media":0,"parent":9,"menu_order":8,"comment_status":"closed","ping_status":"closed","template":"","meta":{"footnotes":""},"class_list":["post-100","page","type-page","status-publish","hentry"],"_links":{"self":[{"href":"https:\/\/blog.edu.turku.fi\/projektit\/wp-json\/wp\/v2\/pages\/100","targetHints":{"allow":["GET"]}}],"collection":[{"href":"https:\/\/blog.edu.turku.fi\/projektit\/wp-json\/wp\/v2\/pages"}],"about":[{"href":"https:\/\/blog.edu.turku.fi\/projektit\/wp-json\/wp\/v2\/types\/page"}],"author":[{"embeddable":true,"href":"https:\/\/blog.edu.turku.fi\/projektit\/wp-json\/wp\/v2\/users\/2602"}],"replies":[{"embeddable":true,"href":"https:\/\/blog.edu.turku.fi\/projektit\/wp-json\/wp\/v2\/comments?post=100"}],"version-history":[{"count":6,"href":"https:\/\/blog.edu.turku.fi\/projektit\/wp-json\/wp\/v2\/pages\/100\/revisions"}],"predecessor-version":[{"id":462,"href":"https:\/\/blog.edu.turku.fi\/projektit\/wp-json\/wp\/v2\/pages\/100\/revisions\/462"}],"up":[{"embeddable":true,"href":"https:\/\/blog.edu.turku.fi\/projektit\/wp-json\/wp\/v2\/pages\/9"}],"wp:attachment":[{"href":"https:\/\/blog.edu.turku.fi\/projektit\/wp-json\/wp\/v2\/media?parent=100"}],"curies":[{"name":"wp","href":"https:\/\/api.w.org\/{rel}","templated":true}]}}