{"id":2474,"date":"2024-03-04T10:16:02","date_gmt":"2024-03-04T08:16:02","guid":{"rendered":"https:\/\/blog.edu.turku.fi\/potkuri\/?page_id=2474"},"modified":"2024-03-04T10:16:02","modified_gmt":"2024-03-04T08:16:02","slug":"siirtymavaiheet","status":"publish","type":"page","link":"https:\/\/blog.edu.turku.fi\/potkuri\/siirtymavaiheet\/","title":{"rendered":"Siirtym\u00e4vaiheet"},"content":{"rendered":"<p><strong>Siirtym\u00e4vaiheen tuki esiopetuksesta perusopetukseen<\/strong><\/p>\n<p>Turun perusopetuksessa alakouluille on nimetty esiopetuksen yhteisty\u00f6yksik\u00f6t. Esiopetuksen oppilaat tutustuvat alkuopetuksen toimintaan yhteisty\u00f6koulunsa alkuopetuksen oppilaiden kanssa. Alkuopetuksen opettajilla on samalla mahdollisuus tutustua tuleviin oppilaisiinsa.<\/p>\n<p>Esiopetuksen ja alkuopetuksen yhteisty\u00f6st\u00e4 sovitaan lukuvuosittain syyskuun loppuun menness\u00e4 pidett\u00e4v\u00e4ss\u00e4 yhteisty\u00f6n suunnittelukokouksessa. Koulujen nime\u00e4m\u00e4t alkuopetuksen yhdysopettajat kutsuvat koolle yhteisty\u00f6alueeseen kuuluvat esiopettajat ja koulun alkuopettajat. Kokouksessa suunnitellaan tulevan lukuvuoden yhteiset tapahtumat. Tapahtumat ovat toiminnallisia. Jokaiselle esiopetusryhm\u00e4lle nimet\u00e4\u00e4n alkuopetuksen yhteisty\u00f6ryhm\u00e4. Tapaamisia on v\u00e4hint\u00e4\u00e4n yksi yht\u00e4 esiopetusryhm\u00e4\u00e4 kohden.<\/p>\n<p><em><strong>Koulun lukuvuosisuunnitelmassa\u00a0<\/strong><\/em>kuvataan suunnitelma esi- ja alkuopetuksen yhteistoiminnasta yhteisty\u00f6ss\u00e4 esi- ja alkuopettajien kesken.<\/p>\n<p><strong>Siirtym\u00e4vaiheen tuki toiselta kolmannelle vuosiluokalle<\/strong><\/p>\n<p>Toisen vuosiluokan kev\u00e4\u00e4ll\u00e4 tarkistetaan erityisen tuen p\u00e4\u00e4t\u00f6s, tiedotetaan oppilaille ja huoltajille uusista oppiaineista ja muista siirtym\u00e4vaiheeseen liittyvist\u00e4 asioista.<\/p>\n<p><strong>Siirtym\u00e4vaiheen tuki kuudennelta seitsem\u00e4nnelle vuosiluokalle<\/strong><\/p>\n<p>Kuudennen vuosiluokan kev\u00e4\u00e4ll\u00e4 tarkistetaan erityisen tuen p\u00e4\u00e4t\u00f6s.<\/p>\n<p>Yl\u00e4kouluun siirrytt\u00e4ess\u00e4 koulujen rehtorit, erityisopettajat, oppilaanohjaaja sek\u00e4 luokanopettajat ja luokanohjaajat tekev\u00e4t yhteisty\u00f6t\u00e4 tavoitteenaan oppilaan ehe\u00e4n koulupolun varmistaminen. Yl\u00e4koulut esittelev\u00e4t toimintaansa kuudesluokkalaisille ja heid\u00e4n huoltajilleen vanhempainillassa kev\u00e4\u00e4ll\u00e4 ennen siirtymist\u00e4 yl\u00e4kouluun. Kun oppilasvalinnat on tehty, oppilaille j\u00e4rjestet\u00e4\u00e4n tutustumisp\u00e4iv\u00e4 heid\u00e4n tulevaan yl\u00e4kouluunsa. Seitsem\u00e4nnen luokan alussa pidet\u00e4\u00e4n huolta uusien oppilaiden ryhm\u00e4ytymisest\u00e4. Luokanohjaaja kutsuu syksyn aikana kunkin oppilaan ja h\u00e4nen huoltajansa arviointi- ja kehityskeskusteluun.<\/p>\n<p><em><strong>Koulun opetussuunnitelmassa<\/strong><\/em>\u00a0kuvataan siirtym\u00e4vaiheen yhteisty\u00f6 kuudennelta vuosiluokalta seitsem\u00e4nnelle vuosiluokalle. Kuvaus laaditaan siirtym\u00e4vaiheeseen osallistuvien yhteisty\u00f6n\u00e4.<\/p>\n<p><strong>Siirtym\u00e4vaiheen tuki perusopetuksesta seuraavaan koulutusvaiheeseen<\/strong><\/p>\n<p>Jatko-opintoihin siirtymisess\u00e4 oppilaanohjaaja ja toisen asteen opinto-ohjaaja tekev\u00e4t keskin\u00e4ist\u00e4 ja tarvittaessa monialaista yhteisty\u00f6t\u00e4.<\/p>\n<p>Nuorille, joiden jatkokoulutusvalinta ei ole viel\u00e4 selkiytynyt, on mahdollisuus koulukokeiluihin. Koulukokeilujen tavoitteena on antaa nuorille tietoa h\u00e4nt\u00e4 kiinnostavasta alasta ja selkeytt\u00e4\u00e4 koulutusvalintaa ennen jatko-opintoihin hakeutumista tutustumalla koulutusalan opiskeluun.<\/p>\n<p>Toiselle asteelle siirtymist\u00e4 tukee my\u00f6s nivelvaiheen uraohjaajan toiminta.\u00a0 Uraohjaaja toimii yhteisty\u00f6ss\u00e4 oppilaanohjaajien kanssa ja tukee niit\u00e4 oppilaita, jotka tarvitsevat poikkeuksellisen paljon tukea toiselle asteelle siirtymisess\u00e4.<\/p>\n<p><em><strong>Koulun ohjaussuunnitelmassa tai lukuvuosisuunnitelmassa<\/strong><\/em>\u00a0voidaan t\u00e4sment\u00e4\u00e4 kaikkien siirtym\u00e4vaiheiden kuvausta.<\/p>\n","protected":false},"excerpt":{"rendered":"<p>Siirtym\u00e4vaiheen tuki esiopetuksesta perusopetukseen Turun perusopetuksessa alakouluille on nimetty esiopetuksen yhteisty\u00f6yksik\u00f6t. Esiopetuksen oppilaat tutustuvat alkuopetuksen toimintaan yhteisty\u00f6koulunsa alkuopetuksen oppilaiden kanssa. Alkuopetuksen opettajilla on samalla mahdollisuus tutustua tuleviin oppilaisiinsa. Esiopetuksen ja alkuopetuksen yhteisty\u00f6st\u00e4 sovitaan lukuvuosittain syyskuun loppuun menness\u00e4 pidett\u00e4v\u00e4ss\u00e4 yhteisty\u00f6n suunnittelukokouksessa.<\/p>\n","protected":false},"author":3384,"featured_media":0,"parent":0,"menu_order":0,"comment_status":"closed","ping_status":"closed","template":"","meta":{"footnotes":""},"class_list":["post-2474","page","type-page","status-publish","hentry"],"_links":{"self":[{"href":"https:\/\/blog.edu.turku.fi\/potkuri\/wp-json\/wp\/v2\/pages\/2474","targetHints":{"allow":["GET"]}}],"collection":[{"href":"https:\/\/blog.edu.turku.fi\/potkuri\/wp-json\/wp\/v2\/pages"}],"about":[{"href":"https:\/\/blog.edu.turku.fi\/potkuri\/wp-json\/wp\/v2\/types\/page"}],"author":[{"embeddable":true,"href":"https:\/\/blog.edu.turku.fi\/potkuri\/wp-json\/wp\/v2\/users\/3384"}],"replies":[{"embeddable":true,"href":"https:\/\/blog.edu.turku.fi\/potkuri\/wp-json\/wp\/v2\/comments?post=2474"}],"version-history":[{"count":1,"href":"https:\/\/blog.edu.turku.fi\/potkuri\/wp-json\/wp\/v2\/pages\/2474\/revisions"}],"predecessor-version":[{"id":2476,"href":"https:\/\/blog.edu.turku.fi\/potkuri\/wp-json\/wp\/v2\/pages\/2474\/revisions\/2476"}],"wp:attachment":[{"href":"https:\/\/blog.edu.turku.fi\/potkuri\/wp-json\/wp\/v2\/media?parent=2474"}],"curies":[{"name":"wp","href":"https:\/\/api.w.org\/{rel}","templated":true}]}}