{"id":1701,"date":"2023-10-23T10:07:02","date_gmt":"2023-10-23T07:07:02","guid":{"rendered":"https:\/\/blog.edu.turku.fi\/paussi\/?page_id=1701"},"modified":"2025-09-01T14:12:08","modified_gmt":"2025-09-01T11:12:08","slug":"kehittajaopettajat","status":"publish","type":"page","link":"https:\/\/blog.edu.turku.fi\/potkuri\/yhteystiedot\/kehittajaopettajat\/","title":{"rendered":"Kehitt\u00e4j\u00e4opettajat"},"content":{"rendered":"<p>Emilia Saarni<br \/>\nAlkuopetuksen kehitt\u00e4j\u00e4opettaja<br \/>\n040 726 3727<br \/>\nemilia.saarni@edu.turku.fi<\/p>\n<p>Sirkku Alin<br \/>\nKaksikielisen opetuksen kehitt\u00e4j\u00e4opettaja<br \/>\n040 358 0328<br \/>\nsirkku.alin@edu.turku.fi<\/p>\n<p>Marja Haastola<br \/>\nKielten opetuksen kehitt\u00e4j\u00e4opettaja, alakoulu<br \/>\n040 482 7927<br \/>\nmarja.haastola@edu.turku.fi<\/p>\n<p>Kielten opetuksen kehitt\u00e4j\u00e4opettaja, yl\u00e4koulu<br \/>\nAnnatuulia Aho<br \/>\n040 356 2171<br \/>\nannatuulia.aho@edu.turku.fi<\/p>\n<p>Maarit Savolainen<br \/>\nMatematiikan kehitt\u00e4j\u00e4opettaja<br \/>\n040 642 1567<br \/>\nmaarit.savolainen@edu.turku.fi<\/p>\n<p>Leena Kulmala<br \/>\nEl\u00e4myspolun kehitt\u00e4j\u00e4opettaja<br \/>\n050 432 3575<br \/>\nleena.kulmala@edu.turku.fi<\/p>\n<p>Demi Blom<br \/>\nOsallisuuden kehitt\u00e4j\u00e4opettaja, yl\u00e4koulu<br \/>\ndemi.blom@edu.turku.fi<\/p>\n<p>Taija Caselius<br \/>\nPerusopetuksen kehitt\u00e4j\u00e4opettaja<br \/>\n040 610 2542<br \/>\ntaija.caselius@edu.turku.fi<\/p>\n<p>Juudit Hurtig<br \/>\nOppilaanohjauksen kehitt\u00e4j\u00e4opettaja<br \/>\nJuudit.Hurtig@edu.turku.fi<\/p>\n<p>Outi Jalassuo<br \/>\nProKoulu-kehitt\u00e4j\u00e4opettaja<br \/>\nouti.jalassuo@edu.turku.fi<\/p>\n<p>Mervi J\u00e4rvi\u00f6<br \/>\nLiikkuva el\u00e4m\u00e4ntapa -koordinaattori<br \/>\n040 197 8561<br \/>\nmervi.jarvio@edu.turku.fi<\/p>\n","protected":false},"excerpt":{"rendered":"<p>Emilia Saarni Alkuopetuksen kehitt\u00e4j\u00e4opettaja 040 726 3727 emilia.saarni@edu.turku.fi Sirkku Alin Kaksikielisen opetuksen kehitt\u00e4j\u00e4opettaja 040 358 0328 sirkku.alin@edu.turku.fi Marja Haastola Kielten opetuksen kehitt\u00e4j\u00e4opettaja, alakoulu 040 482 7927 marja.haastola@edu.turku.fi Kielten opetuksen kehitt\u00e4j\u00e4opettaja, yl\u00e4koulu Annatuulia Aho 040 356 2171 annatuulia.aho@edu.turku.fi Maarit Savolainen Matematiikan<\/p>\n","protected":false},"author":3384,"featured_media":0,"parent":1637,"menu_order":3,"comment_status":"closed","ping_status":"closed","template":"","meta":{"footnotes":""},"class_list":["post-1701","page","type-page","status-publish","hentry"],"_links":{"self":[{"href":"https:\/\/blog.edu.turku.fi\/potkuri\/wp-json\/wp\/v2\/pages\/1701","targetHints":{"allow":["GET"]}}],"collection":[{"href":"https:\/\/blog.edu.turku.fi\/potkuri\/wp-json\/wp\/v2\/pages"}],"about":[{"href":"https:\/\/blog.edu.turku.fi\/potkuri\/wp-json\/wp\/v2\/types\/page"}],"author":[{"embeddable":true,"href":"https:\/\/blog.edu.turku.fi\/potkuri\/wp-json\/wp\/v2\/users\/3384"}],"replies":[{"embeddable":true,"href":"https:\/\/blog.edu.turku.fi\/potkuri\/wp-json\/wp\/v2\/comments?post=1701"}],"version-history":[{"count":13,"href":"https:\/\/blog.edu.turku.fi\/potkuri\/wp-json\/wp\/v2\/pages\/1701\/revisions"}],"predecessor-version":[{"id":2935,"href":"https:\/\/blog.edu.turku.fi\/potkuri\/wp-json\/wp\/v2\/pages\/1701\/revisions\/2935"}],"up":[{"embeddable":true,"href":"https:\/\/blog.edu.turku.fi\/potkuri\/wp-json\/wp\/v2\/pages\/1637"}],"wp:attachment":[{"href":"https:\/\/blog.edu.turku.fi\/potkuri\/wp-json\/wp\/v2\/media?parent=1701"}],"curies":[{"name":"wp","href":"https:\/\/api.w.org\/{rel}","templated":true}]}}