{"id":26,"date":"2024-01-23T15:15:49","date_gmt":"2024-01-23T13:15:49","guid":{"rendered":"https:\/\/blog.edu.turku.fi\/poljin\/?page_id=26"},"modified":"2024-01-24T09:59:29","modified_gmt":"2024-01-24T07:59:29","slug":"yhteystiedot","status":"publish","type":"page","link":"https:\/\/blog.edu.turku.fi\/poljin\/yhteystiedot\/","title":{"rendered":"Yhteystiedot"},"content":{"rendered":"<p><b>Miia Lehtonen<br \/>\n<\/b>Projektip\u00e4\u00e4llikk\u00f6<br \/>\nTurun kaupunki<br \/>\n+358 44\u00a0907 52 54<br \/>\n<a href=\"mailto:miia.m.lehtonen@turku.fi\">miia.m.lehtonen(a)turku.fi<\/a><\/p>\n<p><b>Krister Rantala<br \/>\n<\/b>Koulutusp\u00e4\u00e4llikk\u00f6<br \/>\nLinnasm\u00e4en opisto<br \/>\n+358 40 051 09 97<br \/>\n<a href=\"mailto:krister.rantala@linnas.fi\">krister.rantala<\/a><a href=\"mailto:miia.m.lehtonen@turku.fi\">(a)<\/a><a href=\"mailto:krister.rantala@linnas.fi\">linnas.fi<\/a><\/p>\n<p><b>Mirva Julkunen<br \/>\n<\/b>Projektikoordinaattori<br \/>\nL\u00e4nsirannikon Koulutus Oy<br \/>\n+358 44 455 83 00<br \/>\n<a href=\"mailto:Mirva.Julkunen@winnova.fi\">Mirva.Julkunen<\/a><a href=\"mailto:miia.m.lehtonen@turku.fi\">(a)<\/a><a href=\"mailto:Mirva.Julkunen@winnova.fi\">winnova.fi<\/a><\/p>\n<p><b>Kirsi Tontti<br \/>\n<\/b>Projektisuunnittelija<br \/>\nSalon seudun koulutuskuntayhtym\u00e4<br \/>\n+358 44 770 42 18<br \/>\n<a href=\"mailto:kirsi.tontti@sskky.fi\">kirsi.tontti<\/a><a href=\"mailto:miia.m.lehtonen@turku.fi\">(a)<\/a><a href=\"mailto:kirsi.tontti@sskky.fi\">sskky.fi<\/a><\/p>\n<p><b>Kirsi M\u00e4ki<br \/>\n<\/b>Hankekoordinaattori<br \/>\nLounais-Suomen koulutuskuntayhtym\u00e4<br \/>\n+358 40 620 34 90<br \/>\n<a href=\"mailto:kirsi.maki@novida.fi\">kirsi.maki<\/a><a href=\"mailto:miia.m.lehtonen@turku.fi\">(a)<\/a><a href=\"mailto:kirsi.maki@novida.fi\">novida.fi<\/a><\/p>\n","protected":false},"excerpt":{"rendered":"<p>Miia Lehtonen Projektip\u00e4\u00e4llikk\u00f6 Turun kaupunki +358 44\u00a0907 52 54 miia.m.lehtonen(a)turku.fi Krister Rantala Koulutusp\u00e4\u00e4llikk\u00f6 Linnasm\u00e4en opisto +358 40 051 09 97 krister.rantala(a)linnas.fi Mirva Julkunen Projektikoordinaattori L\u00e4nsirannikon Koulutus Oy +358 44 455 83 00 Mirva.Julkunen(a)winnova.fi Kirsi Tontti Projektisuunnittelija Salon seudun koulutuskuntayhtym\u00e4 +358 44 770 42 18 kirsi.tontti(a)sskky.fi Kirsi M\u00e4ki Hankekoordinaattori Lounais-Suomen koulutuskuntayhtym\u00e4 +358 40 620 34 90 &hellip; <a href=\"https:\/\/blog.edu.turku.fi\/poljin\/yhteystiedot\/\" class=\"more-link\">Jatka lukemista<span class=\"screen-reader-text\"> &#8221;Yhteystiedot&#8221;<\/span><\/a><\/p>\n","protected":false},"author":56,"featured_media":0,"parent":0,"menu_order":0,"comment_status":"closed","ping_status":"closed","template":"","meta":{"footnotes":""},"class_list":["post-26","page","type-page","status-publish","hentry"],"_links":{"self":[{"href":"https:\/\/blog.edu.turku.fi\/poljin\/wp-json\/wp\/v2\/pages\/26","targetHints":{"allow":["GET"]}}],"collection":[{"href":"https:\/\/blog.edu.turku.fi\/poljin\/wp-json\/wp\/v2\/pages"}],"about":[{"href":"https:\/\/blog.edu.turku.fi\/poljin\/wp-json\/wp\/v2\/types\/page"}],"author":[{"embeddable":true,"href":"https:\/\/blog.edu.turku.fi\/poljin\/wp-json\/wp\/v2\/users\/56"}],"replies":[{"embeddable":true,"href":"https:\/\/blog.edu.turku.fi\/poljin\/wp-json\/wp\/v2\/comments?post=26"}],"version-history":[{"count":3,"href":"https:\/\/blog.edu.turku.fi\/poljin\/wp-json\/wp\/v2\/pages\/26\/revisions"}],"predecessor-version":[{"id":41,"href":"https:\/\/blog.edu.turku.fi\/poljin\/wp-json\/wp\/v2\/pages\/26\/revisions\/41"}],"wp:attachment":[{"href":"https:\/\/blog.edu.turku.fi\/poljin\/wp-json\/wp\/v2\/media?parent=26"}],"curies":[{"name":"wp","href":"https:\/\/api.w.org\/{rel}","templated":true}]}}