{"id":9,"date":"2020-04-15T16:06:05","date_gmt":"2020-04-15T13:06:05","guid":{"rendered":"https:\/\/blog.edu.turku.fi\/pml\/?page_id=9"},"modified":"2026-01-26T11:56:28","modified_gmt":"2026-01-26T09:56:28","slug":"hakijalle","status":"publish","type":"page","link":"https:\/\/blog.edu.turku.fi\/pml\/hakijalle\/","title":{"rendered":"Hakijalle"},"content":{"rendered":"<p><img loading=\"lazy\" decoding=\"async\" class=\"aligncenter wp-image-2786 size-large\" src=\"https:\/\/blog.edu.turku.fi\/pml\/files\/2024\/11\/kuva-hakijan-sivulle-852x568.jpg\" alt=\"\" width=\"852\" height=\"568\" srcset=\"https:\/\/blog.edu.turku.fi\/pml\/files\/2024\/11\/kuva-hakijan-sivulle.jpg 852w, https:\/\/blog.edu.turku.fi\/pml\/files\/2024\/11\/kuva-hakijan-sivulle-300x200.jpg 300w\" sizes=\"auto, (max-width: 852px) 100vw, 852px\" \/><\/p>\n<h3>&nbsp;<\/h3>\n<h3>Hae Puolalanm\u00e4en lukioon yhteishaussa Opintopolun kautta<\/h3>\n<p>Kev\u00e4\u00e4n 2026 <strong>yhteishakuaika<\/strong> syksyll\u00e4 2026 alkavaan&nbsp;perusopetuksen j\u00e4lkeiseen koulutukseen on <strong>17.2.\u201317.3.2026<\/strong>.<\/p>\n<p>Lukioomme otetaan vuosittain yhteens\u00e4 165 uutta opiskelijaa: 117 yleislinjalle ja 48 musiikkilinjalle.<\/p>\n<p>Opiskelijat valitaan p\u00e4\u00e4tt\u00f6todistuksen lukuaineiden keskiarvon perusteella. Musiikkilinjalla on lis\u00e4ksi p\u00e4\u00e4sykoe. <strong>Musiikkilinjan p\u00e4\u00e4sykokeet toteutetaan kev\u00e4\u00e4ll\u00e4 2026 videohakuna.<\/strong> Lue lis\u00e4\u00e4 <a href=\"https:\/\/blog.edu.turku.fi\/pml\/hakijalle\/musiikkilinjan-hakuohjeet\/\">t\u00e4\u00e4lt\u00e4<\/a>.<\/p>\n<p>Yhteishaun tulokset julkaistaan aikaisintaan 11.6.2026. Valinnan tuloksen n\u00e4kee Opintopolusta. Mik\u00e4li s\u00e4hk\u00f6postiosoite on ilmoitettu hakemuksessa, Opintopolusta saa tulokset my\u00f6s s\u00e4hk\u00f6postiin. Lukiopaikka vastaanotetaan Opintopolun s\u00e4hk\u00f6postiviestiss\u00e4 olevan linkin kautta viimeist\u00e4\u00e4n 25.6.2026. Lukion oma suositus on, ett\u00e4 merkitset paikan vastaanotetuksi \/ hylk\u00e4\u00e4t paikan Opintopolussa viimeist\u00e4\u00e4n keskiviikkona 17.6.2026. Voit my\u00f6s ilmoittaa tiedon puhelimitse lukion kansliaan (p. 040 569 2835).<\/p>\n<p>Mik\u00e4li sinulla on kysytt\u00e4v\u00e4\u00e4 lukioomme hakeutumisesta tai lukion toiminnasta, ole yhteydess\u00e4 rehtoreihin tai opinto-ohjaajiin. <a href=\"https:\/\/blog.edu.turku.fi\/pml\/yhteystiedot\/\">T\u00e4\u00e4lt\u00e4 l\u00f6yd\u00e4t yhteystiedot<\/a>.<\/p>\n<h4>Esittelyillat<\/h4>\n<p>Kev\u00e4\u00e4n 2026 esittelyillat on pidetty. L\u00e4mmin kiitos kaikille esittelyiltoihin osallistuneille. Jos sinulle j\u00e4i viel\u00e4 kysytt\u00e4v\u00e4\u00e4 tai pohdittavaa, niin ole meihin yhteydess\u00e4!<\/p>\n<p>Voit tutustua lukiomme toimintaan ja tunnelmiin my\u00f6s kotisivujen ja Instagramin (@puolalanmaenlukio) avulla.<\/p>\n<h4>Lukiokoulutus<\/h4>\n<p>Lukio-opintojen laajuus on v\u00e4hint\u00e4\u00e4n 150 opintopistett\u00e4. Opinnot muodostuvat valtakunnallisista pakollisista ja valinnaisista sek\u00e4 koulukohtaisista valinnaisista opinnoista. Opinnot tehd\u00e4\u00e4n opintojaksoittain, ja kunkin opintojakson laajuus vaihtelee 1-4 opintopisteen v\u00e4lill\u00e4. Lukiossa opiskelija itse vaikuttaa opinto-ohjelmaansa ja opiskeluaikatauluunsa.<\/p>\n<h4>Lukiomme<\/h4>\n<p>Puolalanm\u00e4en lukion toimintaa luonnehtivat vire\u00e4 musiikkitoiminta, monipuolinen kieltenopetus ja kansainv\u00e4lisyys, matemaattis-luonnontieteellinen ja humanistinen yleissivistys sek\u00e4 ymp\u00e4rist\u00f6st\u00e4 ja l\u00e4himm\u00e4isest\u00e4 huolehtiminen.&nbsp;Kunnioitamme perinteit\u00e4, el\u00e4mme t\u00e4ss\u00e4 ajassa ja t\u00e4ht\u00e4\u00e4mme tulevaisuuteen.<\/p>\n<p>Lukiomme koko, noin 500 opiskelijaa, mahdollistaa monipuolisen kurssitarjonnan, mutta samalla kotoisan ja turvallisen opiskeluilmapiirin. Meill\u00e4 kaikki tuntevat toisensa. Opiskelijoiden oma aktiivisuus, yhdess\u00e4 tekemisen meininki ja tasokas opetus luovat onnistuneet puitteet oppimiselle ja menestykselle ylioppilaskirjoituksissa.<\/p>\n<p>Puolalanm\u00e4en lukiossa on Turun laajin kielitarjonta: englannin lis\u00e4ksi A-kielin\u00e4 voi opiskella ruotsia, ranskaa, saksaa ja ven\u00e4j\u00e4\u00e4 sek\u00e4 B-kielin\u00e4 espanjaa, ruotsia, saksaa, ranskaa ja ven\u00e4j\u00e4\u00e4. Lukiossamme on mahdollista suorittaa ranskan ja saksan kieliss\u00e4 viralliset kielitutkinnot Delf ja DSD II (Deutsches Sprachdiplom).<\/p>\n<p>Arjessa kansainv\u00e4lisyys n\u00e4kyy esimerkiksi siin\u00e4, ett\u00e4 useat opiskelijamme osallistuvat kansainv\u00e4lisiin projekteihin, matkoihin, kilpailuihin ja partnerikoulutoimintaan. Painotamme kaikessa toiminnassamme kulttuurien v\u00e4list\u00e4 vuorovaikutusta ja keskin\u00e4ist\u00e4 arvostusta.<\/p>\n<p>Taiteet, tieteet ja taidot t\u00e4ydent\u00e4v\u00e4t meill\u00e4 luontevasti toisiaan sek\u00e4 syvent\u00e4v\u00e4t kaikkien t\u00e4\u00e4ll\u00e4 ty\u00f6skentelevien ja opiskelevien sivistyst\u00e4, suvaitsevaisuutta ja kauneudentajua. Lukiossamme voi my\u00f6s suorittaa kuvataiteen ja musiikin lukiodiplomin.<\/p>\n<h4>Musiikkilinja<\/h4>\n<p>Lukiomme musiikkilinja tarjoaa monipuolisia el\u00e4myksi\u00e4 ja kokemuksia musiikin parissa sek\u00e4 pyrkii her\u00e4tt\u00e4m\u00e4\u00e4n koko el\u00e4m\u00e4n ajan kest\u00e4v\u00e4n kiinnostuksen musiikkiin. Tuemme musiikkialan jatko-opintoihin ja ammatteihin suuntaavia opinnoissaan. Musiikkikasvatuksemme on monipuolista ja erityisen\u00e4 vahvuutenamme on kuorotoiminta sek\u00e4 suuret musiikkiprojektit, usein yhteisty\u00f6ss\u00e4 Puolalan musiikkiluokkien kanssa. J\u00e4rjest\u00e4mme vuosittain useita konsertteja Turussa ja l\u00e4hikunnissa yhteisty\u00f6ss\u00e4 musiikkioppilaitosten kanssa. Musiikkilinja tuo oman vahvan osansa Puolalanm\u00e4en lukion kansainv\u00e4liseen toimintaan. Kuorot matkustavat s\u00e4\u00e4nn\u00f6llisesti ulkomaille ja koulussamme vierailee esiintyj\u00e4ryhmi\u00e4 vuosittain. Lue lis\u00e4\u00e4 musiikkilukiosta<strong> <a href=\"https:\/\/blog.edu.turku.fi\/pml\/musiikkilukio\/\">t\u00e4st\u00e4<\/a><\/strong> ja katso hakuohjeet <strong><a href=\"https:\/\/blog.edu.turku.fi\/pml\/hakijalle\/musiikkilinjan-hakuohjeet\/\">t\u00e4st\u00e4<\/a><\/strong>. Jos sinua kiinnostaa k\u00e4yd\u00e4 katsomassa konserttia tms. tapahtumaa, katso aikataulut <strong><a href=\"https:\/\/www.puolalanmusiikki.fi\/ajankohtaista\/\" target=\"_blank\" rel=\"noopener\">t\u00e4\u00e4lt\u00e4<\/a><\/strong>.<\/p>\n<h4>Puolalanm\u00e4en henki<\/h4>\n<p>Lukio on paljon muutakin kuin oppiaineita, opintojaksoja ja opiskelua: yhteiset kokemukset, hauskat hetket, kultaiset yst\u00e4v\u00e4t ja Puolalanm\u00e4en henki kantavat pitk\u00e4lle el\u00e4m\u00e4ss\u00e4!<\/p>\n<p><strong>Tervetuloa Turun viihtyisimp\u00e4\u00e4n lukioon!<\/strong><\/p>\n","protected":false},"excerpt":{"rendered":"<p>&nbsp; Hae Puolalanm\u00e4en lukioon yhteishaussa Opintopolun kautta Kev\u00e4\u00e4n 2026 yhteishakuaika syksyll\u00e4 2026 alkavaan&nbsp;perusopetuksen j\u00e4lkeiseen koulutukseen on 17.2.\u201317.3.2026. Lukioomme otetaan vuosittain yhteens\u00e4 165 uutta opiskelijaa: 117 yleislinjalle ja 48 musiikkilinjalle. Opiskelijat valitaan p\u00e4\u00e4tt\u00f6todistuksen lukuaineiden keskiarvon perusteella. Musiikkilinjalla on lis\u00e4ksi p\u00e4\u00e4sykoe. Musiikkilinjan<\/p>\n","protected":false},"author":95,"featured_media":0,"parent":0,"menu_order":0,"comment_status":"closed","ping_status":"closed","template":"page-templates\/contact.php","meta":{"ngg_post_thumbnail":0,"footnotes":""},"class_list":["post-9","page","type-page","status-publish","hentry"],"_links":{"self":[{"href":"https:\/\/blog.edu.turku.fi\/pml\/wp-json\/wp\/v2\/pages\/9","targetHints":{"allow":["GET"]}}],"collection":[{"href":"https:\/\/blog.edu.turku.fi\/pml\/wp-json\/wp\/v2\/pages"}],"about":[{"href":"https:\/\/blog.edu.turku.fi\/pml\/wp-json\/wp\/v2\/types\/page"}],"author":[{"embeddable":true,"href":"https:\/\/blog.edu.turku.fi\/pml\/wp-json\/wp\/v2\/users\/95"}],"replies":[{"embeddable":true,"href":"https:\/\/blog.edu.turku.fi\/pml\/wp-json\/wp\/v2\/comments?post=9"}],"version-history":[{"count":263,"href":"https:\/\/blog.edu.turku.fi\/pml\/wp-json\/wp\/v2\/pages\/9\/revisions"}],"predecessor-version":[{"id":3066,"href":"https:\/\/blog.edu.turku.fi\/pml\/wp-json\/wp\/v2\/pages\/9\/revisions\/3066"}],"wp:attachment":[{"href":"https:\/\/blog.edu.turku.fi\/pml\/wp-json\/wp\/v2\/media?parent=9"}],"curies":[{"name":"wp","href":"https:\/\/api.w.org\/{rel}","templated":true}]}}