{"id":552,"date":"2020-05-05T17:40:34","date_gmt":"2020-05-05T14:40:34","guid":{"rendered":"https:\/\/blog.edu.turku.fi\/pml\/?page_id=552"},"modified":"2025-03-12T21:13:41","modified_gmt":"2025-03-12T19:13:41","slug":"german","status":"publish","type":"page","link":"https:\/\/blog.edu.turku.fi\/pml\/esittely\/german\/","title":{"rendered":"Die gymnasiale Oberstufe von Puolalanm\u00e4ki"},"content":{"rendered":"<p><strong>Puolalanm\u00e4en lukio<\/strong> ist eine Schule mit Tradition. Ungef\u00e4hr 500 Sch\u00fclerinnen und Sch\u00fcler besuchen diese Schule in Turku. Ihre Schwerpunkte sind Musik, vielseitiger Sprachenunterricht und Internationalit\u00e4t. Im Jahr 1988 wurde der Musikzweig der gymnasialen Oberstufe in die Reihe der zehn \u00fcberregionalen musikp\u00e4dagogischen Sondergymnasien in Finnland aufgenommen.<\/p>\n<p>Die Schule hat R\u00e4ume in drei historisch und architektonisch wertvollen Geb\u00e4uden \u2013 Aurakatu 11, Tornikatu 4 und Puutarhakatu 5 im unmittelbaren Stadtzentrum. Die Umgebung ist \u00e4stethisch angenehm in der N\u00e4he des Parkes Puolalanpuisto und des Kunstmuseums Turun taidemuseo. Wir haben enge Zusammenarbeit mit der Gesamtschule Puolalan yhten\u00e4iskoulu und wollen uns weiterhin zusammen als Kompetenzzentrum f\u00fcr Musik und vielseitigen Sprachunterricht und Internationalit\u00e4t entwickeln.<\/p>\n<p style=\"font-size: 16px;border-bottom: 1px dashed black\">Kennzeichnend f\u00fcr Puolalanm\u00e4en lukio sind<\/p>\n<ul>\n<li>Musikerziehung: spezielle Ausbildungsarbeit im Bereich der Musik<\/li>\n<li>Vielseitiger Sprachunterricht und Internationalit\u00e4t<\/li>\n<li>Globale und humane Denkweise<\/li>\n<li>Humanistische sowie naturwissenschaftliche Allgemeinbildung<\/li>\n<\/ul>\n<p style=\"font-size: 16px;border-bottom: 1px dashed black\">Internationalit\u00e4t<\/p>\n<p>Fremdsprachen und Internationalit\u00e4t sind neben der Musik ein besonderer Schwerpunkt unserer Schule. Wir haben ein umfangreiches Sprachprogramm, d.h. unsere Sch\u00fclerinnen und Sch\u00fcler k\u00f6nnen als A-Sprache \u2013 erste Fremdsprache Englisch, Schwedisch, Deutsch, Franz\u00f6sisch und Russisch lernen. Sehr viele von ihnen haben zwei A-Sprachen, manche sogar drei und fast alle w\u00e4hlen all die Sprachen auch als Teil der Abiturpr\u00fcfung. Unsere Schule bietet auch Sch\u00fclern aus anderen Gymnasien in Turku Unterricht in A-Sprachen, besonders in Russisch, Franz\u00f6sisch und Deutsch an. Als B2- Sprachen kann man neben den oben genannten Sprachen noch Spanisch lernen. In all diesen F\u00e4chern geben wir vielseitigen und vertiefenden Unterricht in Sprachen und deren Kulturen.<\/p>\n<p>Seit 2003 haben wir eine Strategie f\u00fcr die F\u00f6rderung der Internationalisierung in unserer Schule. Nach der Strategie wollen wir schon w\u00e4hrend der Schulzeit unseren Sch\u00fclern die M\u00f6glichkeit geben an der internationalen Zusammenarbeit teilzunehmen, damit sie dann sp\u00e4ter im Leben bereit sind aktiv dabei mitzuwirken. Die Internationalit\u00e4t ist ein Teil des Schulalltags bei uns.<\/p>\n<p>Wir haben Partnerschulen in den L\u00e4ndern, deren Sprache und Kultur in unserer Schule unterrichtet wird. In Deutschland haben wir besonders engen Kontakt mit dem Schiller-Gymnasium in K\u00f6ln. Jedes Jahr machen wir gemeinsam gegenseitigen Sch\u00fcleraustausch. Dar\u00fcber hinaus haben wir auch gemeinsam zahlreiche verschiedene \u2013 z.B. vom Zentralamt f\u00fcr Unterricht in Finnland koordinierte \u2013 Projekte und auch Comenius-Projekte mitgemacht. Die gegenseitigen Besuche der Partnerschulen sind immer ein wesentlicher Teil der Projekte.<\/p>\n<p style=\"font-size: 16px;border-bottom: 1px dashed black\">Musik<\/p>\n<p>40 % unserer Sch\u00fclerinnen und Sch\u00fcler machen in dem musikalischen Sonderprogramm mit. Unsere Ausbildungsarbeit im Bereich der Musik ist sowohl regional als auch \u00fcberregional. Wir machen Zusammenarbeit mit regionalen Musikinstituten und auch den anderen Musikgymnasien in Finnland.<\/p>\n<p>Wir haben mehrere Schulch\u00f6re \u2013 der Kammerchor Camis und der M\u00e4dchenchor Chorus Iuvenalis sind st\u00e4ndige Ch\u00f6re \u2013 und das Kammerorchester Concentus Aboensis. Sowohl die Ch\u00f6re als auch das Orchester nehmen oft an verschiedenen Wettbewerben im In- und Ausland teil und sind auch erfolgreich dabei gewesen. In unserer Schule gibt es auch aktive Bandt\u00e4tigkeit, und viele von denen sind hoch qualifiziert. Die Schule bietet den Sch\u00fclerinnen und Sch\u00fclern auch Unterricht in verschiedenen Instrumenten und im Gesang an.<\/p>\n<p>Das Musikgymnasium schafft eine ganz besondere Stimmung an Puolalanm\u00e4ki. Sch\u00fcler, die in dem musikalischen Sonderprogramm nicht mitmachen, gew\u00f6hnen sich als Publikum \u2013 sowohl im Alltag als auch an Festen daran, dass Musik ein Teil vom Schulalltag ist. Die Musik kennt keine Grenzen: Jedes Jahr werden mehrere Konzert- und Chorreisen im In- und Ausland veranstaltet. Durch das Musikgymnaisum haben wir zahlreiche internationale Kontakte bekommen und viele neue Freundschaften geschlossen. Die Sch\u00fcler der Musiklinie sind sehr gefragt um in verschiedenen Veranstaltungen in Turku aufzutreten.<\/p>\n<p>&nbsp;<\/p>\n","protected":false},"excerpt":{"rendered":"<p>Puolalanm\u00e4en lukio ist eine Schule mit Tradition. Ungef\u00e4hr 500 Sch\u00fclerinnen und Sch\u00fcler besuchen diese Schule in Turku. Ihre Schwerpunkte sind Musik, vielseitiger Sprachenunterricht und Internationalit\u00e4t. Im Jahr 1988 wurde der Musikzweig der gymnasialen Oberstufe in die Reihe der zehn \u00fcberregionalen<\/p>\n","protected":false},"author":95,"featured_media":0,"parent":88,"menu_order":0,"comment_status":"closed","ping_status":"closed","template":"","meta":{"ngg_post_thumbnail":0,"footnotes":""},"class_list":["post-552","page","type-page","status-publish","hentry"],"_links":{"self":[{"href":"https:\/\/blog.edu.turku.fi\/pml\/wp-json\/wp\/v2\/pages\/552","targetHints":{"allow":["GET"]}}],"collection":[{"href":"https:\/\/blog.edu.turku.fi\/pml\/wp-json\/wp\/v2\/pages"}],"about":[{"href":"https:\/\/blog.edu.turku.fi\/pml\/wp-json\/wp\/v2\/types\/page"}],"author":[{"embeddable":true,"href":"https:\/\/blog.edu.turku.fi\/pml\/wp-json\/wp\/v2\/users\/95"}],"replies":[{"embeddable":true,"href":"https:\/\/blog.edu.turku.fi\/pml\/wp-json\/wp\/v2\/comments?post=552"}],"version-history":[{"count":6,"href":"https:\/\/blog.edu.turku.fi\/pml\/wp-json\/wp\/v2\/pages\/552\/revisions"}],"predecessor-version":[{"id":2888,"href":"https:\/\/blog.edu.turku.fi\/pml\/wp-json\/wp\/v2\/pages\/552\/revisions\/2888"}],"up":[{"embeddable":true,"href":"https:\/\/blog.edu.turku.fi\/pml\/wp-json\/wp\/v2\/pages\/88"}],"wp:attachment":[{"href":"https:\/\/blog.edu.turku.fi\/pml\/wp-json\/wp\/v2\/media?parent=552"}],"curies":[{"name":"wp","href":"https:\/\/api.w.org\/{rel}","templated":true}]}}