{"id":1296,"date":"2020-06-06T18:08:17","date_gmt":"2020-06-06T15:08:17","guid":{"rendered":"https:\/\/blog.edu.turku.fi\/pml\/?page_id=1296"},"modified":"2024-12-04T14:39:48","modified_gmt":"2024-12-04T12:39:48","slug":"ylioppilastutkinto","status":"publish","type":"page","link":"https:\/\/blog.edu.turku.fi\/pml\/opiskelijalle\/ylioppilastutkinto\/","title":{"rendered":"Ylioppilastutkinto"},"content":{"rendered":"<p><img loading=\"lazy\" decoding=\"async\" class=\"wp-image-1368 alignnone\" src=\"https:\/\/blog.edu.turku.fi\/pml\/files\/2020\/06\/Lakkikasa-e1591466991642-1024x211.jpg\" alt=\"Monta ylioppilaslakkia kasassa\" width=\"695\" height=\"143\" srcset=\"https:\/\/blog.edu.turku.fi\/pml\/files\/2020\/06\/Lakkikasa-e1591466991642-1024x211.jpg 1024w, https:\/\/blog.edu.turku.fi\/pml\/files\/2020\/06\/Lakkikasa-e1591466991642-300x62.jpg 300w, https:\/\/blog.edu.turku.fi\/pml\/files\/2020\/06\/Lakkikasa-e1591466991642-768x158.jpg 768w, https:\/\/blog.edu.turku.fi\/pml\/files\/2020\/06\/Lakkikasa-e1591466991642.jpg 1201w\" sizes=\"auto, (max-width: 695px) 100vw, 695px\" \/>&nbsp;&nbsp;<\/p>\n<p><strong>Ylioppilastutkintoon<\/strong> vaaditaan v\u00e4hint\u00e4\u00e4n viisi koetta. Kaikkien kokelaiden pit\u00e4\u00e4 suorittaa \u00e4idinkielen ja kirjallisuuden koe tai suomi toisena kielen\u00e4 -koe. Muut nelj\u00e4 ainetta valitaan siten, ett\u00e4 kokelas valitsee ne v\u00e4hint\u00e4\u00e4n kolmesta eri aineryhm\u00e4st\u00e4. Aineryhm\u00e4t ovat toinen kotimainen kieli, matematiikka, vieras kieli ja reaaliaineet. Tutkintoon vaadittaviin viiteen kokeeseen tulee sis\u00e4lty\u00e4 v\u00e4hint\u00e4\u00e4n yksi pitk\u00e4n oppim\u00e4\u00e4r\u00e4n koe.&nbsp; N\u00e4iden lis\u00e4ksi kokelas voi sis\u00e4llytt\u00e4\u00e4 tutkintoonsa yhden tai useamman muun kokeen.<\/p>\n<p>Ylioppilastutkinnon voi kirjoittaa kerralla tai hajauttaa sen halutessaan korkeintaan kolmeen per\u00e4kk\u00e4iseen tutkintokertaan. Tutkintokerralla tarkoitetaan kev\u00e4tt\u00e4 tai syksy\u00e4. Ylioppilastutkinnon hajauttamista kannattaa mietti\u00e4, jos kirjoitettavia aineita on paljon.<\/p>\n<p>Syksyn kirjoituksiin on ilmoittauduttava 5.6. ja kev\u00e4\u00e4n kirjoituksiin 1.12. menness\u00e4. Huomioi, ett\u00e4 lukion ilmoittama oma viimeinen p\u00e4iv\u00e4m\u00e4\u00e4r\u00e4 saattaa olla aiempi. <strong>Ilmoittautuminen on sitova<\/strong>.<\/p>\n<p>Lukio antaa tarkemmat ohjeet ylioppilaskirjoituksista aina ennen kev\u00e4\u00e4n ja syksyn tutkintokertaan ilmoittautumista.<\/p>\n<p><a href=\"http:\/\/www.ylioppilastutkinto.fi\/fi\/\" target=\"_blank\" rel=\"noopener noreferrer\"><img loading=\"lazy\" decoding=\"async\" class=\"wp-image-1212 alignright\" src=\"https:\/\/blog.edu.turku.fi\/pml\/files\/2020\/06\/logo-ytl-150x113.png\" alt=\"Ylioppilastutkintolautakunnan logo ja linkki ytl:n sivuille\" width=\"172\" height=\"129\"\/><\/a><a href=\"http:\/\/www.ylioppilastutkinto.fi\/fi\/\" target=\"_blank\" rel=\"noopener noreferrer\">Ylioppilastutkintolautakunnan sivut<\/a><\/p>\n<p><a href=\"https:\/\/www.ylioppilastutkinto.fi\/fi\/tutkinnon-suorittaminen\/koepaivat\" target=\"_blank\" rel=\"noopener noreferrer\">Koep\u00e4iv\u00e4t<\/a><\/p>\n<p><a href=\"https:\/\/www.ylioppilastutkinto.fi\/fi\/tutkinnon-toimeenpano\/maaraykset-ja-ohjeet\" target=\"_blank\" rel=\"noopener noreferrer\">M\u00e4\u00e4r\u00e4ykset ja ohjeet<\/a><\/p>\n<p>&nbsp;<\/p>\n","protected":false},"excerpt":{"rendered":"<p>&nbsp;&nbsp; Ylioppilastutkintoon vaaditaan v\u00e4hint\u00e4\u00e4n viisi koetta. Kaikkien kokelaiden pit\u00e4\u00e4 suorittaa \u00e4idinkielen ja kirjallisuuden koe tai suomi toisena kielen\u00e4 -koe. Muut nelj\u00e4 ainetta valitaan siten, ett\u00e4 kokelas valitsee ne v\u00e4hint\u00e4\u00e4n kolmesta eri aineryhm\u00e4st\u00e4. Aineryhm\u00e4t ovat toinen kotimainen kieli, matematiikka, vieras kieli<\/p>\n","protected":false},"author":95,"featured_media":0,"parent":82,"menu_order":0,"comment_status":"closed","ping_status":"closed","template":"","meta":{"ngg_post_thumbnail":0,"footnotes":""},"class_list":["post-1296","page","type-page","status-publish","hentry"],"_links":{"self":[{"href":"https:\/\/blog.edu.turku.fi\/pml\/wp-json\/wp\/v2\/pages\/1296","targetHints":{"allow":["GET"]}}],"collection":[{"href":"https:\/\/blog.edu.turku.fi\/pml\/wp-json\/wp\/v2\/pages"}],"about":[{"href":"https:\/\/blog.edu.turku.fi\/pml\/wp-json\/wp\/v2\/types\/page"}],"author":[{"embeddable":true,"href":"https:\/\/blog.edu.turku.fi\/pml\/wp-json\/wp\/v2\/users\/95"}],"replies":[{"embeddable":true,"href":"https:\/\/blog.edu.turku.fi\/pml\/wp-json\/wp\/v2\/comments?post=1296"}],"version-history":[{"count":59,"href":"https:\/\/blog.edu.turku.fi\/pml\/wp-json\/wp\/v2\/pages\/1296\/revisions"}],"predecessor-version":[{"id":2806,"href":"https:\/\/blog.edu.turku.fi\/pml\/wp-json\/wp\/v2\/pages\/1296\/revisions\/2806"}],"up":[{"embeddable":true,"href":"https:\/\/blog.edu.turku.fi\/pml\/wp-json\/wp\/v2\/pages\/82"}],"wp:attachment":[{"href":"https:\/\/blog.edu.turku.fi\/pml\/wp-json\/wp\/v2\/media?parent=1296"}],"curies":[{"name":"wp","href":"https:\/\/api.w.org\/{rel}","templated":true}]}}