{"id":129,"date":"2021-08-30T14:25:19","date_gmt":"2021-08-30T11:25:19","guid":{"rendered":"https:\/\/blog.edu.turku.fi\/peruskoulunabc\/?page_id=129"},"modified":"2022-01-24T12:47:56","modified_gmt":"2022-01-24T10:47:56","slug":"kodin-ja-koulun-yhteistyo","status":"publish","type":"page","link":"https:\/\/blog.edu.turku.fi\/peruskoulunabc\/kodin-ja-koulun-yhteistyo\/","title":{"rendered":"Kodin ja koulun yhteisty\u00f6"},"content":{"rendered":"<p><iframe loading=\"lazy\" title=\"Koulunk\u00e4ynti on yhteisty\u00f6t\u00e4 koulun ja kodin v\u00e4lill\u00e4\" width=\"525\" height=\"295\" src=\"https:\/\/www.youtube.com\/embed\/TQWo09kizFs?feature=oembed\" frameborder=\"0\" allow=\"accelerometer; autoplay; clipboard-write; encrypted-media; gyroscope; picture-in-picture; web-share\" referrerpolicy=\"strict-origin-when-cross-origin\" allowfullscreen><\/iframe><\/p>\n<h4><strong>Kodin ja koulun yhteisty\u00f6<\/strong><\/h4>\n<p>Video valottaa sit\u00e4, miksi koulut l\u00e4hett\u00e4v\u00e4t Wilma-viestej\u00e4 ja j\u00e4rjest\u00e4v\u00e4t vanhempainiltoja. Video on suunnattu erityisesti maahanmuuttajataustaisille huoltajille. Se on tehty osana Teemme tulevaisuuden tekij\u00f6it\u00e4 \u2013 peruskoulu on parasta! -hanketta.<\/p>\n<p>Video: Tussitaikurit Oy \/ Marker Wizards Ltd.<\/p>\n<p style=\"text-align: center\">***<\/p>\n<p><iframe loading=\"lazy\" title=\"Nelj\u00e4 faktaa suomalaisesta peruskoulusta\" width=\"525\" height=\"295\" src=\"https:\/\/www.youtube.com\/embed\/uWgEKhthelY?feature=oembed\" frameborder=\"0\" allow=\"accelerometer; autoplay; clipboard-write; encrypted-media; gyroscope; picture-in-picture; web-share\" referrerpolicy=\"strict-origin-when-cross-origin\" allowfullscreen><\/iframe><\/p>\n<h4><strong>Nelj\u00e4 faktaa suomalaisesta peruskoulusta &amp; Koulun ja kodin yhteisty\u00f6 -videot \u2013 selostukset ja tekstitykset saatavilla useilla kielill\u00e4<\/strong><\/h4>\n<p><span class=\"TextRun SCXW232961226 BCX0\" lang=\"FI-FI\" xml:lang=\"FI-FI\" data-contrast=\"auto\"><span class=\"NormalTextRun SCXW232961226 BCX0\">Nelj\u00e4 faktaa suomalaisesta peruskoulusta -video avaa suomalaisen peruskoulun keskeisimpi\u00e4 asioita, kuten mit\u00e4 oppivelvollisuus tarkoittaa ja keit\u00e4 koulussa ty\u00f6skentelee. Koulunk\u00e4ynti on yhteisty\u00f6t\u00e4 koulun ja kodin v\u00e4lill\u00e4 -v<span class=\"TextRun BCX0 SCXW54492956\" lang=\"FI-FI\" xml:lang=\"FI-FI\" data-contrast=\"auto\"><span class=\"NormalTextRun BCX0 SCXW54492956\">ideo valottaa sit\u00e4, miksi koulut l\u00e4hett\u00e4v\u00e4t Wilma-viestej\u00e4 ja j\u00e4rjest\u00e4v\u00e4t vanhempainiltoja. <\/span><\/span><\/span><\/span><\/p>\n<p><span class=\"TextRun SCXW232961226 BCX0\" lang=\"FI-FI\" xml:lang=\"FI-FI\" data-contrast=\"auto\"><span class=\"NormalTextRun SCXW232961226 BCX0\">Videot on suunnattu erityisesti maahanmuuttajataustaisille huoltajille. Soittolistalta l\u00f6yd\u00e4t versiot arabiaksi, englanniksi, kurdiksi, somaliksi, ven\u00e4j\u00e4ksi ja selkosuomeksi. <\/span><\/span><\/p>\n<p><span class=\"TextRun SCXW232961226 BCX0\" lang=\"FI-FI\" xml:lang=\"FI-FI\" data-contrast=\"auto\"><span class=\"NormalTextRun SCXW232961226 BCX0\">Videot: Tussitaikurit Oy<br \/>\nTuotanto: <\/span><\/span><span class=\"TextRun SCXW232961226 BCX0\" lang=\"FI-FI\" xml:lang=\"FI-FI\" data-contrast=\"auto\"><span class=\"NormalTextRun SCXW232961226 BCX0\">Teemme tulevaisuuden tekij\u00f6it\u00e4 \u2013 peruskoulu on parasta! -hanke<\/span><\/span><span class=\"EOP SCXW232961226 BCX0\" data-ccp-props=\"{&quot;201341983&quot;:0,&quot;335559739&quot;:220,&quot;335559740&quot;:240}\"><br \/>\n<\/span><\/p>\n<p style=\"text-align: center\">***<\/p>\n<p><iframe loading=\"lazy\" title=\"N\u00e4in luot Wilma-tunnukset \u2013 Tekstitykset saatavilla useilla kielill\u00e4\" width=\"525\" height=\"295\" src=\"https:\/\/www.youtube.com\/embed\/_4xKtSpIXoE?feature=oembed\" frameborder=\"0\" allow=\"accelerometer; autoplay; clipboard-write; encrypted-media; gyroscope; picture-in-picture; web-share\" referrerpolicy=\"strict-origin-when-cross-origin\" allowfullscreen><\/iframe><\/p>\n<h4><strong>N\u00e4in luot Wilma-tunnukset \u2013 tekstitykset saatavilla useilla kielill\u00e4<\/strong><\/h4>\n<p>T\u00e4m\u00e4 video opastaa, miten voit luoda Wilmaan tunnukset. Tunnusten luomista varten tarvitset s\u00e4hk\u00f6postiosoitteen ja lapsesi koulun antaman avainkoodin.<\/p>\n<p>Video on suunnattu erityisesti maahanmuuttajataustaisille huoltajille. Videoon on saatavilla tekstitykset albaniaksi, arabiaksi, dariksi, englanniksi, kiinaksi, kurdiksi, somaliksi, suomeksi, turkiksi, ven\u00e4j\u00e4ksi, vietnamiksi ja viroksi.<\/p>\n<p>Video: Visma Enterprise Oy<br \/>\nTekstitykset: Teemme tulevaisuuden tekij\u00f6it\u00e4 \u2013 peruskoulu on parasta! -hanke<\/p>\n<p style=\"text-align: center\">***<\/p>\n<p><iframe loading=\"lazy\" title=\"Wilman perustoiminnot huoltajalle\" width=\"525\" height=\"295\" src=\"https:\/\/www.youtube.com\/embed\/CBCWWAitkcc?feature=oembed\" frameborder=\"0\" allow=\"accelerometer; autoplay; clipboard-write; encrypted-media; gyroscope; picture-in-picture; web-share\" referrerpolicy=\"strict-origin-when-cross-origin\" allowfullscreen><\/iframe><\/p>\n<h4><strong>Wilman perustoiminnot huoltajille<\/strong><\/h4>\n<p><span class=\"style-scope yt-formatted-string\" dir=\"auto\">Wilmassa olevat toiminnot vaihtelevat sen mukaan, mink\u00e4laisesta oppilaitoksesta on kyse ja mit\u00e4 toimintoja on otettu k\u00e4ytt\u00f6\u00f6n. Wilma-tiimin tuotep\u00e4\u00e4llikk\u00f6 kertoo t\u00e4ss\u00e4 ohjelman perustoiminnoista. <\/span><\/p>\n<p style=\"text-align: center\">***<\/p>\n<h4><strong>Vanhempainyhdistyksen k\u00e4sikirja<\/strong><\/h4>\n<p><a href=\"https:\/\/blog.edu.turku.fi\/peruskoulunabc\/files\/2022\/01\/Vanhempainyhdistyksen-kasikirja.pdf\">Vanhempainyhdistyksen k\u00e4sikirja<\/a><\/p>\n","protected":false},"excerpt":{"rendered":"<p>Kodin ja koulun yhteisty\u00f6 Video valottaa sit\u00e4, miksi koulut l\u00e4hett\u00e4v\u00e4t Wilma-viestej\u00e4 ja j\u00e4rjest\u00e4v\u00e4t vanhempainiltoja. Video on suunnattu erityisesti maahanmuuttajataustaisille huoltajille. Se on tehty osana Teemme tulevaisuuden tekij\u00f6it\u00e4 \u2013 peruskoulu on parasta! -hanketta. Video: Tussitaikurit Oy \/ Marker Wizards Ltd. *** Nelj\u00e4 faktaa suomalaisesta peruskoulusta &amp; Koulun ja kodin yhteisty\u00f6 -videot \u2013 selostukset ja tekstitykset saatavilla &hellip; <\/p>\n<p class=\"link-more\"><a href=\"https:\/\/blog.edu.turku.fi\/peruskoulunabc\/kodin-ja-koulun-yhteistyo\/\" class=\"more-link\">Jatka lukemista<span class=\"screen-reader-text\"> &#8221;Kodin ja koulun yhteisty\u00f6&#8221;<\/span><\/a><\/p>\n","protected":false},"author":3146,"featured_media":0,"parent":0,"menu_order":0,"comment_status":"closed","ping_status":"closed","template":"","meta":{"footnotes":""},"class_list":["post-129","page","type-page","status-publish","hentry"],"_links":{"self":[{"href":"https:\/\/blog.edu.turku.fi\/peruskoulunabc\/wp-json\/wp\/v2\/pages\/129","targetHints":{"allow":["GET"]}}],"collection":[{"href":"https:\/\/blog.edu.turku.fi\/peruskoulunabc\/wp-json\/wp\/v2\/pages"}],"about":[{"href":"https:\/\/blog.edu.turku.fi\/peruskoulunabc\/wp-json\/wp\/v2\/types\/page"}],"author":[{"embeddable":true,"href":"https:\/\/blog.edu.turku.fi\/peruskoulunabc\/wp-json\/wp\/v2\/users\/3146"}],"replies":[{"embeddable":true,"href":"https:\/\/blog.edu.turku.fi\/peruskoulunabc\/wp-json\/wp\/v2\/comments?post=129"}],"version-history":[{"count":12,"href":"https:\/\/blog.edu.turku.fi\/peruskoulunabc\/wp-json\/wp\/v2\/pages\/129\/revisions"}],"predecessor-version":[{"id":281,"href":"https:\/\/blog.edu.turku.fi\/peruskoulunabc\/wp-json\/wp\/v2\/pages\/129\/revisions\/281"}],"wp:attachment":[{"href":"https:\/\/blog.edu.turku.fi\/peruskoulunabc\/wp-json\/wp\/v2\/media?parent=129"}],"curies":[{"name":"wp","href":"https:\/\/api.w.org\/{rel}","templated":true}]}}