{"id":515,"date":"2026-01-07T11:25:09","date_gmt":"2026-01-07T09:25:09","guid":{"rendered":"https:\/\/blog.edu.turku.fi\/perhepaivahoito\/?page_id=515"},"modified":"2026-01-07T13:01:00","modified_gmt":"2026-01-07T11:01:00","slug":"yksityinen-perhepaivahoito","status":"publish","type":"page","link":"https:\/\/blog.edu.turku.fi\/perhepaivahoito\/yksityinen-perhepaivahoito\/","title":{"rendered":"Yksityinen perhep\u00e4iv\u00e4hoito"},"content":{"rendered":"<p>Yksityinen perhep\u00e4iv\u00e4hoito on varhaiskasvatusta, joka tapahtuu yksityisen perhep\u00e4iv\u00e4hoitajan omassa kodissa. Perhep\u00e4iv\u00e4hoitoryhm\u00e4ss\u00e4 on maksimissaan 4 lasta perhep\u00e4iv\u00e4hoitajan omat lapset mukaan lukien. Lis\u00e4ksi ryhm\u00e4\u00e4n voidaan sijoittaa osap\u00e4iv\u00e4ksi esiopetusik\u00e4inen.<\/p>\n<p>Yksityinen perhep\u00e4iv\u00e4hoitaja on kunnan hyv\u00e4ksym\u00e4 hoitaja. Turun kaupunki ohjaa ja valvoo yksityist\u00e4 varhaiskasvatusta sek\u00e4 neuvoo palveluntuottajaa yksityisen varhaiskasvatuksen toimipaikan perustamisessa. Varhaiskasvatusta toteutetaan Turun kaupungin varhaiskasvatussuunnitelman ja lapsen yksil\u00f6llisen varhaiskasvatussuunnitelman mukaisesti.<\/p>\n<p>Perhep\u00e4iv\u00e4hoitaja on itsen\u00e4inen ammatinharjoittaja, joten tiedustelut vapaista paikosta tulee tehd\u00e4 suoraan perhep\u00e4iv\u00e4hoitajalle. Turun alueen perhep\u00e4iv\u00e4hoitajien yhteystiedot l\u00f6yd\u00e4t Turun seudun yksityiset p\u00e4iv\u00e4hoitajat ry:n nettisivuilta <a href=\"https:\/\/www.paivahoitajat.fi\/\" target=\"_blank\" rel=\"noopener\">https:\/\/www.paivahoitajat.fi\/<\/a><\/p>\n<h5>Turussa yksityist\u00e4 perhep\u00e4iv\u00e4hoitoa on sek\u00e4 yksityisen hoidon tuella ett\u00e4 palvelusetelill\u00e4<\/h5>\n<p>Hakiessa paikkaa palvelusetelituottajalta, t\u00e4yt\u00e4 sama s\u00e4hk\u00f6isen lomakkeen, kuin haettaessa kunnalliseen p\u00e4iv\u00e4hoitoon. Valitse t\u00e4ll\u00f6in\u00a0alueeksi Palveluseteli.\u00a0T\u00e4ll\u00f6in s\u00e4hk\u00f6iseen lomakkeeseen avautuu pudotusvalikko, josta l\u00f6yd\u00e4t yksityiset varhaiskasvatuspaikat.<\/p>\n<p>Yksityisen hoidon tukea haetaan Kelasta. Lakis\u00e4\u00e4teisen tuen lis\u00e4ksi Turku maksaa turkulaisille yksityisen hoidon tukeen kuntalis\u00e4\u00e4 kokop\u00e4iv\u00e4hoidosta. Yksityisen hoidon tuen saamisen edellytyksen\u00e4 on, ett\u00e4 alle kouluik\u00e4inen lapsi on yksityisess\u00e4 varhaiskasvatuksessa, eik\u00e4 voi olla samanaikaisesti kunnan j\u00e4rjest\u00e4m\u00e4ss\u00e4 varhaiskasvatuksessa. Yksityisen hoidon tukea voi saada sen vuoden hein\u00e4kuun loppuun asti, jolloin lapsi siirtyy perusopetukseen. Yksityisen hoidon tukeen kuuluu hoitoraha ja hoitolis\u00e4.\u00a0Tuki voi olla enint\u00e4\u00e4n lapsen hoitomaksun suuruinen <a href=\"https:\/\/www.kela.fi\/yksityisen-hoidon-tuki\" target=\"_blank\" rel=\"noopener\">https:\/\/www.kela.fi\/lastenhoidon-tuet<\/a><\/p>\n<p>Yksityisen hoidon tuki ja kuntalis\u00e4 my\u00f6nnet\u00e4\u00e4n vanhemmille lapsen p\u00e4iv\u00e4hoidon j\u00e4rjest\u00e4miseen ja Kela maksaa sen suoraan perhep\u00e4iv\u00e4hoitajalle. perhep\u00e4iv\u00e4hoitaja kertoo p\u00e4iv\u00e4hoitomaksun ja vanhempien osuuden siit\u00e4.<\/p>\n<p>Perhep\u00e4iv\u00e4hoidon kuntalis\u00e4 Turussa 1.8.2024 alkaen on<\/p>\n<ul>\n<li style=\"list-style-type: none\">\n<ul>\n<li style=\"list-style-type: none\">\n<ul>\n<li>alle 3v. lapselle 459 \u20ac \/kk<\/li>\n<li>yli 3v. lapselle 288\u00a0\u20ac \/kk<\/li>\n<li>esikoululaiselle kuntalis\u00e4 on 133 \u20ac \/kk \/ lapsi<\/li>\n<\/ul>\n<\/li>\n<\/ul>\n<\/li>\n<\/ul>\n<p>Yksityisen hoidon tuen hoitorahan ja kuntalis\u00e4n saa kokom\u00e4\u00e4r\u00e4isen\u00e4 yli 25h\/vko varhaiskasvatuksesta. N\u00e4ist\u00e4 sek\u00e4 palvelusetelist\u00e4 voitte kysy\u00e4 lis\u00e4\u00e4 palveluntuottajalta tai varhaiskasvatuksen palveluohjauksesta.<\/p>\n<p><a href=\"https:\/\/blog.edu.turku.fi\/perhepaivahoito\/files\/2024\/09\/sandpit-5158635_1280.jpg\"><img loading=\"lazy\" decoding=\"async\" class=\"alignright wp-image-566 size-full\" src=\"https:\/\/blog.edu.turku.fi\/perhepaivahoito\/files\/2024\/09\/sandpit-5158635_1280-e1725360028388.jpg\" alt=\"\" width=\"994\" height=\"418\" srcset=\"https:\/\/blog.edu.turku.fi\/perhepaivahoito\/files\/2024\/09\/sandpit-5158635_1280-e1725360028388.jpg 994w, https:\/\/blog.edu.turku.fi\/perhepaivahoito\/files\/2024\/09\/sandpit-5158635_1280-e1725360028388-300x126.jpg 300w, https:\/\/blog.edu.turku.fi\/perhepaivahoito\/files\/2024\/09\/sandpit-5158635_1280-e1725360028388-768x323.jpg 768w\" sizes=\"auto, (max-width: 709px) 85vw, (max-width: 909px) 67vw, (max-width: 1362px) 62vw, 840px\" \/><\/a><\/p>\n<p>&nbsp;<\/p>\n","protected":false},"excerpt":{"rendered":"<p>Yksityinen perhep\u00e4iv\u00e4hoito on varhaiskasvatusta, joka tapahtuu yksityisen perhep\u00e4iv\u00e4hoitajan omassa kodissa. Perhep\u00e4iv\u00e4hoitoryhm\u00e4ss\u00e4 on maksimissaan 4 lasta perhep\u00e4iv\u00e4hoitajan omat lapset mukaan lukien. Lis\u00e4ksi ryhm\u00e4\u00e4n voidaan sijoittaa osap\u00e4iv\u00e4ksi esiopetusik\u00e4inen. Yksityinen perhep\u00e4iv\u00e4hoitaja on kunnan hyv\u00e4ksym\u00e4 hoitaja. Turun kaupunki ohjaa ja valvoo yksityist\u00e4 varhaiskasvatusta sek\u00e4 neuvoo palveluntuottajaa yksityisen varhaiskasvatuksen toimipaikan perustamisessa. Varhaiskasvatusta toteutetaan Turun kaupungin varhaiskasvatussuunnitelman ja lapsen yksil\u00f6llisen varhaiskasvatussuunnitelman &hellip; <a href=\"https:\/\/blog.edu.turku.fi\/perhepaivahoito\/yksityinen-perhepaivahoito\/\" class=\"more-link\">Jatka lukemista<span class=\"screen-reader-text\"> &#8221;Yksityinen perhep\u00e4iv\u00e4hoito&#8221;<\/span><\/a><\/p>\n","protected":false},"author":9,"featured_media":0,"parent":0,"menu_order":0,"comment_status":"closed","ping_status":"closed","template":"","meta":{"footnotes":""},"class_list":["post-515","page","type-page","status-publish","hentry"],"_links":{"self":[{"href":"https:\/\/blog.edu.turku.fi\/perhepaivahoito\/wp-json\/wp\/v2\/pages\/515","targetHints":{"allow":["GET"]}}],"collection":[{"href":"https:\/\/blog.edu.turku.fi\/perhepaivahoito\/wp-json\/wp\/v2\/pages"}],"about":[{"href":"https:\/\/blog.edu.turku.fi\/perhepaivahoito\/wp-json\/wp\/v2\/types\/page"}],"author":[{"embeddable":true,"href":"https:\/\/blog.edu.turku.fi\/perhepaivahoito\/wp-json\/wp\/v2\/users\/9"}],"replies":[{"embeddable":true,"href":"https:\/\/blog.edu.turku.fi\/perhepaivahoito\/wp-json\/wp\/v2\/comments?post=515"}],"version-history":[{"count":15,"href":"https:\/\/blog.edu.turku.fi\/perhepaivahoito\/wp-json\/wp\/v2\/pages\/515\/revisions"}],"predecessor-version":[{"id":698,"href":"https:\/\/blog.edu.turku.fi\/perhepaivahoito\/wp-json\/wp\/v2\/pages\/515\/revisions\/698"}],"wp:attachment":[{"href":"https:\/\/blog.edu.turku.fi\/perhepaivahoito\/wp-json\/wp\/v2\/media?parent=515"}],"curies":[{"name":"wp","href":"https:\/\/api.w.org\/{rel}","templated":true}]}}