{"id":510,"date":"2024-09-03T11:21:14","date_gmt":"2024-09-03T08:21:14","guid":{"rendered":"https:\/\/blog.edu.turku.fi\/perhepaivahoito\/?page_id=510"},"modified":"2024-09-03T13:14:36","modified_gmt":"2024-09-03T10:14:36","slug":"etusivu","status":"publish","type":"page","link":"https:\/\/blog.edu.turku.fi\/perhepaivahoito\/","title":{"rendered":"Etusivu"},"content":{"rendered":"<p style=\"text-align: left\">Perhep\u00e4iv\u00e4hoidossa lapsi saa mahdollisuuden henkil\u00f6kohtaiseen kasvuun pieness\u00e4 ryhm\u00e4ss\u00e4, kodinomaisessa ymp\u00e4rist\u00f6ss\u00e4. Leikin kautta perhep\u00e4iv\u00e4hoidossa opitaan monipuolisesti arjen taitoja oman hoitajan ohjauksessa. Varhaiskasvatusta toteutetaan Turun kaupungin varhaiskasvatussuunnitelman ja lapsen yksil\u00f6llisen varhaiskasvatussuunnitelman mukaisesti.<\/p>\n<p>Perhep\u00e4iv\u00e4hoitaja hoitaa lapsia omassa kodissaan. Perhep\u00e4iv\u00e4hoidon lapsiryhm\u00e4n koko on nelj\u00e4 ja ryhm\u00e4perhep\u00e4iv\u00e4hoitokodissa kahdeksan kahdella aikuisella. Lis\u00e4ksi ryhm\u00e4\u00e4n voidaan sijoittaa osap\u00e4iv\u00e4ksi esiopetusik\u00e4inen.<\/p>\n<p>Vanhemmat voivat valita lapselleen kunnallisen tai yksityisen varhaiskasvatuksen. Yksityinen varhaiskasvatus voi olla yksityisess\u00e4 p\u00e4iv\u00e4kodissa, yksityist\u00e4 perhep\u00e4iv\u00e4hoitoa, ryhm\u00e4perhep\u00e4iv\u00e4hoitoa tai hoitoa, jossa perhe palkkaa kotiinsa hoitajan.<\/p>\n<p>Turun kaupungissa on tarjolla<\/p>\n<ul>\n<li style=\"list-style-type: none\">\n<ul>\n<li>kunnallista perhep\u00e4iv\u00e4hoitoa<\/li>\n<li>yksityinen perhep\u00e4iv\u00e4hoito palvelusetelill\u00e4 ja yksityisen hoidon tuella<\/li>\n<li>yksityinen ryhm\u00e4perhep\u00e4iv\u00e4hoito palvelusetelill\u00e4 ja yksityisen hoidon tuella<\/li>\n<li>hoitajan palkkaaminen kotiin yksityisen hoidon tuella<\/li>\n<\/ul>\n<\/li>\n<\/ul>\n<h3><\/h3>\n<h3>Varhaiskasvatus perhep\u00e4iv\u00e4hoidossa, tavoitteena hyvinvoiva lapsi<\/h3>\n<h3 style=\"line-height: 1.21739\"><img loading=\"lazy\" decoding=\"async\" class=\"size-full wp-image-519 alignright\" src=\"https:\/\/blog.edu.turku.fi\/perhepaivahoito\/files\/2024\/09\/pph.jpg\" alt=\"\" width=\"300\" height=\"195\" \/><span style=\"font-size: 16px;font-weight: 400\">Hoitop\u00e4iv\u00e4n aikana lapsia havainnoimalla perhep\u00e4<\/span><span style=\"font-size: 16px;font-weight: 400\">iv\u00e4hoitaja tunnistaa oman lapsiryhm\u00e4ns\u00e4 tarpeet ja kiinnostuksen kohteet. T\u00e4m\u00e4n pohjalta h\u00e4n suunnittelee toiminnan. Lasten herkki\u00e4, kokonaisvaltaisia aisteja sek\u00e4 mielikuvitusta innostetaan el\u00e4myksin ja kokemuksin.<\/span><\/h3>\n<p>P\u00e4ivitt\u00e4in toistuvissa tilanteissa, kuten pukeminen, riisuminen, ruokailu, p\u00e4iv\u00e4unet sek\u00e4 puhtauteen ja siisteyteen liittyv\u00e4t hetket, rakentuu lapsien ja perhep\u00e4iv\u00e4hoitajan v\u00e4lille turvallinen ja l\u00e4mmin vuorovaikutus. Se luo hyv\u00e4t olosuhteet lapsen kielen ja ajattelun kehittymiselle. Lapsille puhuminen, lukeminen, lorujen ja satujen kertominen ovat my\u00f6s oppimistilanteita, joissa lapsi omaksuu uusia asioita.<\/p>\n<p>Ulkoilu on oleellinen osa hoitop\u00e4iv\u00e4\u00e4 l\u00e4hes joka s\u00e4\u00e4ll\u00e4. Liikunta, ruokailut sek\u00e4 lepohetki muodostavat s\u00e4\u00e4nn\u00f6llisen, mutta joustavan p\u00e4iv\u00e4rytmin. Perhep\u00e4iv\u00e4hoidossa lapselle tarjotaan terveellist\u00e4 kotiruokaa.<\/p>\n<p>Hoitoon tulo- ja l\u00e4ht\u00f6tilanteissa lapselle t\u00e4rke\u00e4t henkil\u00f6t, vanhemmat ja perhep\u00e4iv\u00e4hoitaja kohtaavat p\u00e4ivitt\u00e4in. N\u00e4iss\u00e4 tilanteissa voidaan luontevasti keskustella lapsesta ja h\u00e4nen p\u00e4iv\u00e4hoitop\u00e4iv\u00e4st\u00e4\u00e4n.<\/p>\n<p>Perhep\u00e4iv\u00e4hoidossa lauletaan, kuunnellaan musiikkia, luetaan loruja ja satuja, joita n\u00e4ytell\u00e4\u00e4n ja leikit\u00e4\u00e4n, sadutetaan, maalataan ja muovaillaan, tutustutaan erilaisiin materiaaleihin. Perhep\u00e4iv\u00e4hoitaja j\u00e4rjest\u00e4\u00e4 lapsille monipuolisia taiteellisia kokemuksia ja el\u00e4myksi\u00e4. H\u00e4n k\u00e4y mahdollisuuksien mukaan lasten kanssa teattereissa, konserteissa, kirkoissa ja museoissa sek\u00e4 k\u00e4ytt\u00e4\u00e4 kirjaston palveluja.<\/p>\n<p>Perhep\u00e4iv\u00e4hoidossa lapset kasvavat suomalaiseen kulttuuriin ja perinteeseen. Lis\u00e4ksi lapsille annetaan mahdollisuus tutustua toisiin kulttuureihin.<\/p>\n<h4>Ruokakasvatus perhep\u00e4iv\u00e4hoidossa<\/h4>\n<p>Perhep\u00e4iv\u00e4hoidossa lapset saavat hoitajan valmistamaa monipuolista kotiruokaa. Koti ymp\u00e4rist\u00f6n\u00e4 ja pieni lapsiryhm\u00e4 mahdollistavat lapsen osallistumisen ruoan valmistukseen ja muihin keitti\u00f6t\u00f6ihin.<\/p>\n<p>Ruokailu on perhep\u00e4iv\u00e4hoitajan ja lasten v\u00e4linen rauhallinen ja kiireet\u00f6n vuorovaikutustilanne. L\u00e4heisess\u00e4 vuorovaikutuksessa on helppo opetella ruokatapoja ja ottaa huomioon lasten yksil\u00f6lliset tarpeet. Perhep\u00e4iv\u00e4hoitaja tarkastelee omia ty\u00f6tapojaan s\u00e4\u00e4nn\u00f6llisesti ja muuttaa niit\u00e4 lapsiryhm\u00e4n tarpeen mukaan. Tarkastelun pohjana k\u00e4ytet\u00e4\u00e4n Turun kaupungin vasun ruokakasvatus osiota.<\/p>\n<h4>Perhep\u00e4iv\u00e4hoito varhaiskasvatusymp\u00e4rist\u00f6n\u00e4<\/h4>\n<p>Fyysisell\u00e4 varhaiskasvatusymp\u00e4rist\u00f6ll\u00e4 tarkoitetaan kodin tiloja, oppimisv\u00e4lineit\u00e4, materiaaleja, piha- ja ulkoalueita, leluja ja muita v\u00e4lineit\u00e4.<\/p>\n<p>Psyykkisell\u00e4 varhaiskasvatusymp\u00e4rist\u00f6ll\u00e4 tarkoitetaan perhep\u00e4iv\u00e4hoitokodin ilmapiiri\u00e4, jossa hoitaja on aidosti l\u00e4sn\u00e4. My\u00f6nteinen, turvallinen ja kiireet\u00f6n hoitop\u00e4iv\u00e4 on lapsen hyvinvoinnin perusta. Sen luovat perhep\u00e4iv\u00e4hoitaja, lapset ja heid\u00e4n perheens\u00e4 yhdess\u00e4.<\/p>\n<p>Sosiaalisella varhaiskasvatusymp\u00e4rist\u00f6ll\u00e4 tarkoitetaan jatkuvaa vuorovaikutusta lapsen, lapsiryhm\u00e4n, perhep\u00e4iv\u00e4hoitajan ja vanhempien v\u00e4lill\u00e4. Perhep\u00e4iv\u00e4hoidossa oman lis\u00e4ns\u00e4 lapsen ja h\u00e4nen perheens\u00e4 el\u00e4m\u00e4\u00e4n tuo perhep\u00e4iv\u00e4hoitajan oma perhe ja muut l\u00e4heiset ihmiset sek\u00e4 toiset hoitajat lapsiryhm\u00e4ns\u00e4 kanssa. Kolmiperhep\u00e4iv\u00e4hoidossa lapsen el\u00e4m\u00e4\u00e4n t\u00e4m\u00e4n lis\u00e4n tuovat hoidossa olevien muiden lasten perheet ja heid\u00e4n l\u00e4heisens\u00e4.<\/p>\n<p>Perhep\u00e4iv\u00e4hoidon oppimisymp\u00e4rist\u00f6ss\u00e4 on lapsen ik\u00e4\u00e4 ja kehitystasoa vastaavia virikkeit\u00e4, v\u00e4lineit\u00e4 ja materiaalia. Perhep\u00e4iv\u00e4hoitajan teht\u00e4v\u00e4n\u00e4 on ohjata ja neuvoa lasta, luoda mahdollisuuksia lapselle tehd\u00e4 itse oivalluksia ja valintoja. Lapsille j\u00e4rjestet\u00e4\u00e4n tila erilaisiin leikkeihin, sek\u00e4 mahdollisuus hiljaiseen h\u00e4iri\u00f6tt\u00f6m\u00e4\u00e4n toimintaan. Ulkoilu tapahtuu perhep\u00e4iv\u00e4hoitajan omassa pihassa tai l\u00e4hiymp\u00e4rist\u00f6ss\u00e4. Maastossa liikkuminen ja retkeily kuuluvat perhep\u00e4iv\u00e4hoidon arkeen.<\/p>\n<p>Tuttu hoitaja, oma ryhm\u00e4 ja s\u00e4\u00e4nn\u00f6llinen p\u00e4iv\u00e4rytmi luovat lapselle turvallisuuden tunteen. Hyv\u00e4\u00e4n kasvuymp\u00e4rist\u00f6\u00f6n kuuluu my\u00f6s lapsen yksil\u00f6llinen huomioiminen, selkeiden rajojen asettaminen sek\u00e4 l\u00e4heisyys ja hellyys.<\/p>\n<p>Perhep\u00e4iv\u00e4hoitokoti lasten kasvuymp\u00e4rist\u00f6n\u00e4 muuttuu ja kehittyy lapsiryhm\u00e4n mukana siten, ett\u00e4 ymp\u00e4rist\u00f6 tarjoaa lapsille haasteellista ja monipuolista tekemist\u00e4.<\/p>\n","protected":false},"excerpt":{"rendered":"<p>Perhep\u00e4iv\u00e4hoidossa lapsi saa mahdollisuuden henkil\u00f6kohtaiseen kasvuun pieness\u00e4 ryhm\u00e4ss\u00e4, kodinomaisessa ymp\u00e4rist\u00f6ss\u00e4. Leikin kautta perhep\u00e4iv\u00e4hoidossa opitaan monipuolisesti arjen taitoja oman hoitajan ohjauksessa. Varhaiskasvatusta toteutetaan Turun kaupungin varhaiskasvatussuunnitelman ja lapsen yksil\u00f6llisen varhaiskasvatussuunnitelman mukaisesti. Perhep\u00e4iv\u00e4hoitaja hoitaa lapsia omassa kodissaan. Perhep\u00e4iv\u00e4hoidon lapsiryhm\u00e4n koko on nelj\u00e4 ja ryhm\u00e4perhep\u00e4iv\u00e4hoitokodissa kahdeksan kahdella aikuisella. Lis\u00e4ksi ryhm\u00e4\u00e4n voidaan sijoittaa osap\u00e4iv\u00e4ksi esiopetusik\u00e4inen. Vanhemmat voivat valita lapselleen &hellip; <a href=\"https:\/\/blog.edu.turku.fi\/perhepaivahoito\/\" class=\"more-link\">Jatka lukemista<span class=\"screen-reader-text\"> &#8221;Etusivu&#8221;<\/span><\/a><\/p>\n","protected":false},"author":9,"featured_media":0,"parent":0,"menu_order":0,"comment_status":"closed","ping_status":"closed","template":"","meta":{"footnotes":""},"class_list":["post-510","page","type-page","status-publish","hentry"],"_links":{"self":[{"href":"https:\/\/blog.edu.turku.fi\/perhepaivahoito\/wp-json\/wp\/v2\/pages\/510","targetHints":{"allow":["GET"]}}],"collection":[{"href":"https:\/\/blog.edu.turku.fi\/perhepaivahoito\/wp-json\/wp\/v2\/pages"}],"about":[{"href":"https:\/\/blog.edu.turku.fi\/perhepaivahoito\/wp-json\/wp\/v2\/types\/page"}],"author":[{"embeddable":true,"href":"https:\/\/blog.edu.turku.fi\/perhepaivahoito\/wp-json\/wp\/v2\/users\/9"}],"replies":[{"embeddable":true,"href":"https:\/\/blog.edu.turku.fi\/perhepaivahoito\/wp-json\/wp\/v2\/comments?post=510"}],"version-history":[{"count":17,"href":"https:\/\/blog.edu.turku.fi\/perhepaivahoito\/wp-json\/wp\/v2\/pages\/510\/revisions"}],"predecessor-version":[{"id":591,"href":"https:\/\/blog.edu.turku.fi\/perhepaivahoito\/wp-json\/wp\/v2\/pages\/510\/revisions\/591"}],"wp:attachment":[{"href":"https:\/\/blog.edu.turku.fi\/perhepaivahoito\/wp-json\/wp\/v2\/media?parent=510"}],"curies":[{"name":"wp","href":"https:\/\/api.w.org\/{rel}","templated":true}]}}