{"id":42,"date":"2015-06-25T12:47:27","date_gmt":"2015-06-25T09:47:27","guid":{"rendered":"https:\/\/blog.edu.turku.fi\/parolanpolunphy\/?page_id=42"},"modified":"2022-07-14T09:46:06","modified_gmt":"2022-07-14T06:46:06","slug":"yleista","status":"publish","type":"page","link":"https:\/\/blog.edu.turku.fi\/parolanpolunphy\/","title":{"rendered":"Yleist\u00e4"},"content":{"rendered":"<p>Parolanpolun p\u00e4iv\u00e4koti on aloittanut toimintansa kev\u00e4\u00e4ll\u00e4 1974. P\u00e4iv\u00e4koti sijaitsee Runosm\u00e4en kaupunginosassa. N\u00e4iden yli 40 vuoden aikana p\u00e4iv\u00e4koti on el\u00e4nyt l\u00e4hi\u00f6n tarpeiden mukaan ja k\u00e4ynyt l\u00e4pi monenlaisia muutoksia. Ehk\u00e4 suurimpia muutoksia on ollut monikultuuristen lasten m\u00e4\u00e4r\u00e4n lis\u00e4\u00e4ntyminen. Olemme kokeneet sen rikkautena.\u00a0 Pyrimme tarjoamaan lapsille monipuolista, tavoitteelista toimintaa.<\/p>\n<p>Saat kimallusta, kikatusta, opit nauttimaan<br \/>\nja luottamaan ja leikkim\u00e4\u00e4n ja lujaa keinumaan.<br \/>\nSaat onnea, saat valoa, saat mustia muruja<br \/>\n\u2013 ilo n\u00e4kyy paremmin, kun on my\u00f6s suruja.<br \/>\nSaat vain hetken olla pieni huoleton<br \/>\nmutta maailmassa sulle syli aina on.<\/p>\n<p>\u2013 Johanna Venho-<\/p>\n<p>&nbsp;<\/p>\n<p>&nbsp;<\/p>\n","protected":false},"excerpt":{"rendered":"<p>Parolanpolun p\u00e4iv\u00e4koti on aloittanut toimintansa kev\u00e4\u00e4ll\u00e4 1974. P\u00e4iv\u00e4koti sijaitsee Runosm\u00e4en kaupunginosassa. N\u00e4iden yli 40 vuoden aikana p\u00e4iv\u00e4koti on el\u00e4nyt l\u00e4hi\u00f6n tarpeiden mukaan ja k\u00e4ynyt l\u00e4pi monenlaisia muutoksia. Ehk\u00e4 suurimpia muutoksia on ollut monikultuuristen lasten m\u00e4\u00e4r\u00e4n lis\u00e4\u00e4ntyminen. Olemme kokeneet sen rikkautena.\u00a0 Pyrimme tarjoamaan lapsille monipuolista, tavoitteelista toimintaa. Saat kimallusta, kikatusta, opit nauttimaan ja luottamaan ja leikkim\u00e4\u00e4n &hellip; <a href=\"https:\/\/blog.edu.turku.fi\/parolanpolunphy\/\" class=\"more-link\">Jatka lukemista<span class=\"screen-reader-text\"> &#8221;Yleist\u00e4&#8221;<\/span><\/a><\/p>\n","protected":false},"author":1223,"featured_media":0,"parent":0,"menu_order":1,"comment_status":"closed","ping_status":"closed","template":"","meta":{"footnotes":""},"class_list":["post-42","page","type-page","status-publish","hentry"],"_links":{"self":[{"href":"https:\/\/blog.edu.turku.fi\/parolanpolunphy\/wp-json\/wp\/v2\/pages\/42","targetHints":{"allow":["GET"]}}],"collection":[{"href":"https:\/\/blog.edu.turku.fi\/parolanpolunphy\/wp-json\/wp\/v2\/pages"}],"about":[{"href":"https:\/\/blog.edu.turku.fi\/parolanpolunphy\/wp-json\/wp\/v2\/types\/page"}],"author":[{"embeddable":true,"href":"https:\/\/blog.edu.turku.fi\/parolanpolunphy\/wp-json\/wp\/v2\/users\/1223"}],"replies":[{"embeddable":true,"href":"https:\/\/blog.edu.turku.fi\/parolanpolunphy\/wp-json\/wp\/v2\/comments?post=42"}],"version-history":[{"count":11,"href":"https:\/\/blog.edu.turku.fi\/parolanpolunphy\/wp-json\/wp\/v2\/pages\/42\/revisions"}],"predecessor-version":[{"id":1547,"href":"https:\/\/blog.edu.turku.fi\/parolanpolunphy\/wp-json\/wp\/v2\/pages\/42\/revisions\/1547"}],"wp:attachment":[{"href":"https:\/\/blog.edu.turku.fi\/parolanpolunphy\/wp-json\/wp\/v2\/media?parent=42"}],"curies":[{"name":"wp","href":"https:\/\/api.w.org\/{rel}","templated":true}]}}