{"id":610,"date":"2016-09-16T08:40:21","date_gmt":"2016-09-16T05:40:21","guid":{"rendered":"https:\/\/blog.edu.turku.fi\/pansio\/?page_id=610"},"modified":"2026-02-03T10:03:34","modified_gmt":"2026-02-03T08:03:34","slug":"teemat-ja-tapahtumat","status":"publish","type":"page","link":"https:\/\/blog.edu.turku.fi\/pansio\/teemat-ja-tapahtumat\/","title":{"rendered":"Teemat ja tapahtumat"},"content":{"rendered":"<p><b><span data-contrast=\"none\">SYYSLUKUKAUSI\u00a07.8.-20.12.2025<\/span><\/b><\/p>\n<p><b><span data-contrast=\"none\">Elokuu<\/span><\/b><span data-contrast=\"none\">\u202f<\/span><\/p>\n<p><span data-contrast=\"none\">7.8.\u202f\u202f\u202f\u202f\u202f\u202f\u202f\u202f\u202f\u202f\u202f\u202f\u202f\u202f\u202f\u00a0<\/span> <span data-contrast=\"none\">Koulu alkaa.\u202f\u202f<\/span><span data-ccp-props=\"{&quot;134233117&quot;:false,&quot;134233118&quot;:false,&quot;201341983&quot;:0,&quot;335559738&quot;:0,&quot;335559739&quot;:0,&quot;335559740&quot;:240}\">\u00a0<\/span><\/p>\n<p><span data-contrast=\"none\">13.8.\u202f\u202f\u202f\u202f\u202f\u202f\u202f\u202f\u202f\u202f\u202f\u202f\u202f\u202f\u202f<\/span> <span data-contrast=\"none\">Koulurauhan julistus ja henkil\u00f6st\u00f6n esitt\u00e4ytyminen\u202f\u202f<\/span><span data-ccp-props=\"{&quot;134233117&quot;:false,&quot;134233118&quot;:false,&quot;201341983&quot;:0,&quot;335559738&quot;:0,&quot;335559739&quot;:0,&quot;335559740&quot;:240}\">\u00a0<\/span><\/p>\n<p><span data-contrast=\"none\">21.-22.8.\u202f\u202f\u202f\u202f\u00a0<\/span> <span data-contrast=\"none\">Oppilaiden ja luokkien koulukuvaus\u202f\u202f<\/span><span data-ccp-props=\"{&quot;134233117&quot;:false,&quot;134233118&quot;:false,&quot;201341983&quot;:0,&quot;335559685&quot;:1290,&quot;335559738&quot;:0,&quot;335559739&quot;:0,&quot;335559740&quot;:240,&quot;335559991&quot;:1290}\">\u00a0<\/span><\/p>\n<p><span data-contrast=\"none\">Oppilaskunnan hallituksen vaalit<\/span><\/p>\n<p><b><span data-contrast=\"none\">Syyskuu<\/span><\/b><\/p>\n<p><span data-contrast=\"none\">1.-30.9.\u202f\u202f\u202f\u202f\u202f\u202f\u202f\u202f\u00a0<\/span> <span data-contrast=\"none\">MOVE-mittaukset 5.\u00a0lk\u202f<\/span><span data-ccp-props=\"{&quot;134233117&quot;:false,&quot;134233118&quot;:false,&quot;201341983&quot;:0,&quot;335559738&quot;:0,&quot;335559739&quot;:0,&quot;335559740&quot;:240}\">\u00a0<\/span><\/p>\n<p><span data-contrast=\"none\">8.9.\u202f\u202f\u202f\u202f\u202f\u202f\u202f\u202f\u202f\u202f\u202f\u202f\u202f\u202f\u202f\u00a0<\/span> <span data-contrast=\"none\">Kansainv\u00e4linen lukutaitop\u00e4iv\u00e4 (YK)\u202f<\/span><span data-ccp-props=\"{&quot;134233117&quot;:false,&quot;134233118&quot;:false,&quot;201341983&quot;:0,&quot;335559738&quot;:0,&quot;335559739&quot;:0,&quot;335559740&quot;:240}\">\u00a0<\/span><\/p>\n<p><span data-contrast=\"none\">21.9.\u202f\u202f\u202f\u202f\u202f\u202f\u202f\u202f\u202f\u202f\u202f\u202f\u00a0<\/span> <span data-contrast=\"none\">Turun p\u00e4iv\u00e4<\/span><\/p>\n<p><b><span data-contrast=\"none\">Lokakuu<\/span><\/b><\/p>\n<p><span data-contrast=\"none\">4.10.<\/span> <span data-contrast=\"none\">Vanhanajan\u00a0koulup\u00e4iv\u00e4,\u00a0Unicef-k\u00e4vely\u00a0(Kodin\u00a0ja koulun p\u00e4iv\u00e4)<\/span><span data-ccp-props=\"{&quot;134233117&quot;:false,&quot;134233118&quot;:false,&quot;201341983&quot;:0,&quot;335559685&quot;:1290,&quot;335559738&quot;:0,&quot;335559739&quot;:0,&quot;335559740&quot;:240,&quot;335559991&quot;:1290}\">\u00a0<\/span><\/p>\n<p><span data-contrast=\"none\">10.10.\u00a0<\/span> <span data-contrast=\"none\">Aleksis\u00a0Kiven, suomalaisen kirjallisuuden\u00a0p\u00e4iv\u00e4<\/span><span data-ccp-props=\"{&quot;134233117&quot;:false,&quot;134233118&quot;:false,&quot;201341983&quot;:0,&quot;335559685&quot;:1290,&quot;335559738&quot;:0,&quot;335559739&quot;:0,&quot;335559740&quot;:240,&quot;335559991&quot;:1290}\">\u00a0<\/span><\/p>\n<p><span data-contrast=\"none\">13.-17.10.\u202f\u202f\u202f\u00a0<\/span> <span data-contrast=\"none\">Syysloma<\/span><\/p>\n<p><b><span data-contrast=\"none\">Marraskuu<\/span><\/b><\/p>\n<p><span data-contrast=\"none\">20.11.\u202f\u202f\u202f\u202f\u202f\u202f\u202f\u202f\u202f\u202f\u202f\u202f\u00a0<\/span> <span data-contrast=\"none\">Kansainv\u00e4linen lasten p\u00e4iv\u00e4 (YK), Lapsen oikeuksien p\u00e4iv\u00e4; Oppilaskunnan hallituksen tapahtuma<\/span><\/p>\n<p><b><span data-contrast=\"none\">Joulukuu<\/span><\/b><\/p>\n<p><span data-contrast=\"none\">5.12.\u202f\u202f\u202f\u202f\u202f\u202f\u202f\u202f\u202f\u202f\u202f\u202f\u202f\u202f\u202f<\/span> <span data-contrast=\"none\">Koulun 75-vuotisjuhlap\u00e4iv\u00e4, lipunnosto, juhlatilaisuudet, poikkeusaikatauluna koulup\u00e4iv\u00e4 klo 8-12.\u202f\u202f<\/span><span data-ccp-props=\"{&quot;134233117&quot;:false,&quot;134233118&quot;:false,&quot;201341983&quot;:0,&quot;335559685&quot;:1290,&quot;335559738&quot;:0,&quot;335559739&quot;:0,&quot;335559740&quot;:240,&quot;335559991&quot;:1290}\">\u00a0<\/span><\/p>\n<p><span data-contrast=\"none\">6.12.<\/span><b><span data-contrast=\"none\">\u202f\u202f\u202f\u202f\u202f\u202f<\/span><\/b><span data-contrast=\"none\">\u202f\u202f\u202f\u202f\u202f\u202f\u202f\u202f\u00a0<\/span> <span data-contrast=\"none\">Itsen\u00e4isyysp\u00e4iv\u00e4<\/span><span data-ccp-props=\"{&quot;134233117&quot;:false,&quot;134233118&quot;:false,&quot;201341983&quot;:0,&quot;335559685&quot;:1290,&quot;335559738&quot;:0,&quot;335559739&quot;:0,&quot;335559740&quot;:240,&quot;335559991&quot;:1290}\">\u00a0<\/span><\/p>\n<p><span data-contrast=\"none\">13.12.\u202f\u202f\u202f\u202f\u202f\u202f\u202f\u202f\u202f\u202f\u202f\u00a0<\/span> <span data-contrast=\"none\">Lucian p\u00e4iv\u00e4<\/span><span data-ccp-props=\"{&quot;134233117&quot;:false,&quot;134233118&quot;:false,&quot;201341983&quot;:0,&quot;335559738&quot;:0,&quot;335559739&quot;:0,&quot;335559740&quot;:240}\">\u00a0<\/span><\/p>\n<p><span data-contrast=\"none\">19.12.\u00a0<\/span> <span data-contrast=\"none\">Koulup\u00e4iv\u00e4\u00a08-12<\/span><span data-ccp-props=\"{&quot;134233117&quot;:false,&quot;134233118&quot;:false,&quot;201341983&quot;:0,&quot;335559738&quot;:0,&quot;335559739&quot;:0,&quot;335559740&quot;:240}\">\u00a0<\/span><\/p>\n<p><span data-contrast=\"none\">20.12.\u202f\u202f\u202f\u202f\u202f\u202f\u202f\u202f\u202f\u202f\u202f\u00a0<\/span> <span data-contrast=\"none\">Syyslukukauden p\u00e4\u00e4t\u00f6sp\u00e4iv\u00e4,\u00a0klo 9-11.\u202f<\/span><span data-ccp-props=\"{&quot;134233117&quot;:false,&quot;134233118&quot;:false,&quot;201341983&quot;:0,&quot;335559738&quot;:0,&quot;335559739&quot;:0,&quot;335559740&quot;:240}\">\u00a0<\/span><\/p>\n<p><span data-contrast=\"none\">21.12.-6.1.\u202f\u202f\u202f\u202f\u00a0<\/span> <span data-contrast=\"none\">Joululoma<\/span><\/p>\n<p><span data-contrast=\"none\">\u202f<\/span><span data-ccp-props=\"{&quot;134233117&quot;:false,&quot;134233118&quot;:false,&quot;201341983&quot;:0,&quot;335559685&quot;:1290,&quot;335559738&quot;:0,&quot;335559739&quot;:0,&quot;335559740&quot;:240,&quot;335559991&quot;:1290}\">\u00a0<\/span><\/p>\n<p><b><span data-contrast=\"none\">KEV\u00c4TLUKUKAUSI 7.1.-30.5.2026<\/span><\/b><\/p>\n<p><b><span data-contrast=\"none\">Tammikuu<\/span><\/b><\/p>\n<p><span data-contrast=\"none\">7.1.\u202f\u202f\u202f\u202f\u202f\u202f\u202f\u202f\u202f\u202f\u202f\u00a0<\/span> <span data-contrast=\"none\">Koulu alkaa\u202f<\/span><\/p>\n<p><b><span data-contrast=\"none\">Helmikuu<\/span><\/b><\/p>\n<p><span data-contrast=\"none\">2.-6.2.\u00a0<\/span> <span data-contrast=\"none\">Uutisten viikko, lukuviikko\u202f<\/span><span data-ccp-props=\"{&quot;134233117&quot;:false,&quot;134233118&quot;:false,&quot;201341983&quot;:0,&quot;335559738&quot;:0,&quot;335559739&quot;:0,&quot;335559740&quot;:240}\">\u00a0<\/span><\/p>\n<p><span data-contrast=\"none\">13.2.<\/span> <span data-contrast=\"none\">Yst\u00e4v\u00e4np\u00e4iv\u00e4 <del>-teemap\u00e4iv\u00e4 klo 8-12, Rusettiluistelu<\/del><\/span><del> <span data-contrast=\"none\">\u202f<\/span><span data-ccp-props=\"{&quot;134233117&quot;:false,&quot;134233118&quot;:false,&quot;201341983&quot;:0,&quot;335559685&quot;:1290,&quot;335559738&quot;:0,&quot;335559739&quot;:0,&quot;335559740&quot;:240,&quot;335559991&quot;:1290}\">\u00a0<\/span><\/del><\/p>\n<p><span data-contrast=\"none\">16.-20.2.\u202f\u202f\u202f\u202f\u202f\u202f\u202f\u00a0<\/span> <span data-contrast=\"none\">Talviloma<\/span><\/p>\n<p><b><span data-contrast=\"none\">Maaliskuu<\/span><\/b><\/p>\n<p><span data-contrast=\"none\">16.-20.3<\/span> <span data-contrast=\"none\">Pansku-pingviinin viikko<\/span><span data-ccp-props=\"{&quot;134233117&quot;:false,&quot;134233118&quot;:false,&quot;201341983&quot;:0,&quot;335559738&quot;:0,&quot;335559739&quot;:0,&quot;335559740&quot;:240}\">\u00a0<\/span><\/p>\n<p><span data-contrast=\"none\">17.3.<\/span> <span data-contrast=\"none\">Kaveritaitojenp\u00e4iv\u00e4,\u00a0klo\u00a08-12<\/span><\/p>\n<p><b><span data-contrast=\"none\">Huhtikuu<\/span><\/b><\/p>\n<p><span data-contrast=\"none\">3.-6.4.\u00a0<\/span> <span data-contrast=\"none\">P\u00e4\u00e4si\u00e4isloma<\/span><span data-ccp-props=\"{&quot;134233117&quot;:false,&quot;134233118&quot;:false,&quot;201341983&quot;:0,&quot;335559685&quot;:1290,&quot;335559738&quot;:0,&quot;335559739&quot;:0,&quot;335559740&quot;:240,&quot;335559991&quot;:1290}\">\u00a0<\/span><\/p>\n<p><span data-contrast=\"none\">9.4.<\/span> <span data-contrast=\"none\">Mikael Agricolan p\u00e4iv\u00e4, suomen kielen p\u00e4iv\u00e4\u00a0(lukuviikot\u00a0alkavat)<\/span><span data-ccp-props=\"{&quot;134233117&quot;:false,&quot;134233118&quot;:false,&quot;201341983&quot;:0,&quot;335559685&quot;:1290,&quot;335559738&quot;:0,&quot;335559739&quot;:0,&quot;335559740&quot;:240,&quot;335559991&quot;:1290}\">\u00a0<\/span><\/p>\n<p><span data-contrast=\"none\">9.4.-17.4.<\/span> <span data-contrast=\"none\">Lukuviikko<\/span><span data-ccp-props=\"{&quot;134233117&quot;:false,&quot;134233118&quot;:false,&quot;201341983&quot;:0,&quot;335559685&quot;:1290,&quot;335559738&quot;:0,&quot;335559739&quot;:0,&quot;335559740&quot;:240,&quot;335559991&quot;:1290}\">\u00a0<\/span><\/p>\n<p><span data-contrast=\"none\">30.4.\u202f\u202f\u202f\u202f\u202f\u202f\u202f\u202f\u202f\u202f\u202f\u00a0<\/span> <span data-contrast=\"none\">Vapputapahtuma; Oppilaskunta<\/span><\/p>\n<p><b><span data-contrast=\"none\">Toukokuu<\/span><\/b><\/p>\n<p><span data-contrast=\"none\">1.5.\u202f\u202f\u202f\u202f\u202f\u202f\u202f\u202f\u202f\u202f\u202f\u202f\u202f\u202f\u202f\u202f\u00a0<\/span> <span data-contrast=\"none\">Vappu\u202f\u202f<\/span><span data-ccp-props=\"{&quot;134233117&quot;:false,&quot;134233118&quot;:false,&quot;201341983&quot;:0,&quot;335559685&quot;:1290,&quot;335559738&quot;:0,&quot;335559739&quot;:0,&quot;335559740&quot;:240,&quot;335559991&quot;:1290}\">\u00a0<\/span><\/p>\n<p><span data-contrast=\"none\">14.5.<\/span> <span data-contrast=\"none\">Helatorstai,\u00a0vapaap\u00e4iv\u00e4<\/span><span data-ccp-props=\"{&quot;134233117&quot;:false,&quot;134233118&quot;:false,&quot;201341983&quot;:0,&quot;335559685&quot;:1290,&quot;335559738&quot;:0,&quot;335559739&quot;:0,&quot;335559740&quot;:240,&quot;335559991&quot;:1290}\">\u00a0<\/span><\/p>\n<p><span data-contrast=\"none\">15.5.<\/span> <span data-contrast=\"none\">Vapaap\u00e4iv\u00e4\u00a0(korvaa lauantain\u00a04.10.2025)<\/span><\/p>\n<p style=\"padding-left: 40px\"><em>Lukuvuoden p\u00e4\u00e4t\u00f6sviikon tapahtumat<\/em><\/p>\n<p><span data-contrast=\"none\">25.5.<\/span> <span data-contrast=\"none\">Koulua ty\u00f6j\u00e4rjestyksen mukaisesti<\/span><span data-ccp-props=\"{&quot;134233117&quot;:false,&quot;134233118&quot;:false,&quot;201341983&quot;:0,&quot;335559738&quot;:0,&quot;335559739&quot;:0,&quot;335559740&quot;:240}\">\u00a0<\/span><\/p>\n<p><span data-contrast=\"none\">26.5.<\/span> <span data-contrast=\"none\">Viestikarnevaali\u00a0ja\u00a0liikunnallinen\u00a0teemap\u00e4iv\u00e4\u00a0klo 9-13<\/span><span data-ccp-props=\"{&quot;134233117&quot;:false,&quot;134233118&quot;:false,&quot;201341983&quot;:0,&quot;335559738&quot;:0,&quot;335559739&quot;:0,&quot;335559740&quot;:240}\">\u00a0<\/span><\/p>\n<p><span data-contrast=\"none\">27.5.<\/span> <span data-contrast=\"none\">Retki- ja\u00a0liikuntap\u00e4iv\u00e4\u00a0klo\u00a09-13<\/span><span data-ccp-props=\"{&quot;134233117&quot;:false,&quot;134233118&quot;:false,&quot;201341983&quot;:0,&quot;335559738&quot;:0,&quot;335559739&quot;:0,&quot;335559740&quot;:240}\">\u00a0<\/span><\/p>\n<p><span data-contrast=\"none\">28.5.<\/span> <span data-contrast=\"none\">Lukutaito-\u00a0ja\u00a0kirjallisuusp\u00e4iv\u00e4\u00a0klo 9-13<\/span><span data-ccp-props=\"{&quot;134233117&quot;:false,&quot;134233118&quot;:false,&quot;201341983&quot;:0,&quot;335559738&quot;:0,&quot;335559739&quot;:0,&quot;335559740&quot;:240}\">\u00a0<\/span><\/p>\n<p><span data-contrast=\"none\">29.5.\u00a0<\/span> <span data-contrast=\"none\">Taitojenp\u00e4iv\u00e4,\u00a0klo\u00a08-12<\/span><span data-ccp-props=\"{&quot;134233117&quot;:false,&quot;134233118&quot;:false,&quot;201341983&quot;:0,&quot;335559738&quot;:0,&quot;335559739&quot;:0,&quot;335559740&quot;:240}\">\u00a0<\/span><\/p>\n<p><span data-contrast=\"none\">30.5.<\/span> <span data-contrast=\"none\">P\u00e4\u00e4t\u00f6sp\u00e4iv\u00e4,\u00a0klo 9-11<\/span><span data-ccp-props=\"{&quot;134233117&quot;:false,&quot;134233118&quot;:false,&quot;201341983&quot;:0,&quot;335559738&quot;:0,&quot;335559739&quot;:0,&quot;335559740&quot;:240}\">\u00a0<\/span><\/p>\n<p><span data-ccp-props=\"{}\">\u00a0<\/span><\/p>\n","protected":false},"excerpt":{"rendered":"<p>SYYSLUKUKAUSI\u00a07.8.-20.12.2025 Elokuu\u202f 7.8.\u202f\u202f\u202f\u202f\u202f\u202f\u202f\u202f\u202f\u202f\u202f\u202f\u202f\u202f\u202f\u00a0 Koulu alkaa.\u202f\u202f\u00a0 13.8.\u202f\u202f\u202f\u202f\u202f\u202f\u202f\u202f\u202f\u202f\u202f\u202f\u202f\u202f\u202f Koulurauhan julistus ja henkil\u00f6st\u00f6n esitt\u00e4ytyminen\u202f\u202f\u00a0 21.-22.8.\u202f\u202f\u202f\u202f\u00a0 Oppilaiden ja luokkien koulukuvaus\u202f\u202f\u00a0 Oppilaskunnan hallituksen vaalit Syyskuu 1.-30.9.\u202f\u202f\u202f\u202f\u202f\u202f\u202f\u202f\u00a0 MOVE-mittaukset 5.\u00a0lk\u202f\u00a0 8.9.\u202f\u202f\u202f\u202f\u202f\u202f\u202f\u202f\u202f\u202f\u202f\u202f\u202f\u202f\u202f\u00a0 Kansainv\u00e4linen lukutaitop\u00e4iv\u00e4 (YK)\u202f\u00a0 21.9.\u202f\u202f\u202f\u202f\u202f\u202f\u202f\u202f\u202f\u202f\u202f\u202f\u00a0 Turun p\u00e4iv\u00e4 Lokakuu 4.10. Vanhanajan\u00a0koulup\u00e4iv\u00e4,\u00a0Unicef-k\u00e4vely\u00a0(Kodin\u00a0ja koulun p\u00e4iv\u00e4)\u00a0 10.10.\u00a0 Aleksis\u00a0Kiven, suomalaisen kirjallisuuden\u00a0p\u00e4iv\u00e4\u00a0 13.-17.10.\u202f\u202f\u202f\u00a0 Syysloma Marraskuu 20.11.\u202f\u202f\u202f\u202f\u202f\u202f\u202f\u202f\u202f\u202f\u202f\u202f\u00a0 Kansainv\u00e4linen lasten p\u00e4iv\u00e4 (YK), Lapsen oikeuksien p\u00e4iv\u00e4; Oppilaskunnan hallituksen tapahtuma Joulukuu 5.12.\u202f\u202f\u202f\u202f\u202f\u202f\u202f\u202f\u202f\u202f\u202f\u202f\u202f\u202f\u202f &hellip; <a href=\"https:\/\/blog.edu.turku.fi\/pansio\/teemat-ja-tapahtumat\/\" class=\"more-link\">Jatka lukemista<span class=\"screen-reader-text\"> &#8221;Teemat ja tapahtumat&#8221;<\/span><\/a><\/p>\n","protected":false},"author":352,"featured_media":0,"parent":0,"menu_order":0,"comment_status":"closed","ping_status":"closed","template":"","meta":{"footnotes":""},"class_list":["post-610","page","type-page","status-publish","hentry"],"_links":{"self":[{"href":"https:\/\/blog.edu.turku.fi\/pansio\/wp-json\/wp\/v2\/pages\/610","targetHints":{"allow":["GET"]}}],"collection":[{"href":"https:\/\/blog.edu.turku.fi\/pansio\/wp-json\/wp\/v2\/pages"}],"about":[{"href":"https:\/\/blog.edu.turku.fi\/pansio\/wp-json\/wp\/v2\/types\/page"}],"author":[{"embeddable":true,"href":"https:\/\/blog.edu.turku.fi\/pansio\/wp-json\/wp\/v2\/users\/352"}],"replies":[{"embeddable":true,"href":"https:\/\/blog.edu.turku.fi\/pansio\/wp-json\/wp\/v2\/comments?post=610"}],"version-history":[{"count":41,"href":"https:\/\/blog.edu.turku.fi\/pansio\/wp-json\/wp\/v2\/pages\/610\/revisions"}],"predecessor-version":[{"id":1327,"href":"https:\/\/blog.edu.turku.fi\/pansio\/wp-json\/wp\/v2\/pages\/610\/revisions\/1327"}],"wp:attachment":[{"href":"https:\/\/blog.edu.turku.fi\/pansio\/wp-json\/wp\/v2\/media?parent=610"}],"curies":[{"name":"wp","href":"https:\/\/api.w.org\/{rel}","templated":true}]}}