{"id":96,"date":"2016-11-02T11:45:56","date_gmt":"2016-11-02T09:45:56","guid":{"rendered":"https:\/\/blog.edu.turku.fi\/paattinen\/?page_id=96"},"modified":"2022-09-09T14:33:30","modified_gmt":"2022-09-09T11:33:30","slug":"opetus","status":"publish","type":"page","link":"https:\/\/blog.edu.turku.fi\/paattinen\/opetus\/","title":{"rendered":"Opetus"},"content":{"rendered":"<p>Allaolevasta linkist\u00e4 aukeaa J\u00e4k\u00e4rl\u00e4n, Paattisten ja Yli-Maarian koulujen digipolku:<\/p>\n<p><a href=\"https:\/\/blog.edu.turku.fi\/paattinen\/files\/2019\/02\/digipolku-0.8.pdf\">digipolku 0.8<\/a><\/p>\n<p>&nbsp;<\/p>\n","protected":false},"excerpt":{"rendered":"<p>Allaolevasta linkist\u00e4 aukeaa J\u00e4k\u00e4rl\u00e4n, Paattisten ja Yli-Maarian koulujen digipolku: digipolku 0.8 &nbsp;<\/p>\n","protected":false},"author":2095,"featured_media":0,"parent":0,"menu_order":0,"comment_status":"closed","ping_status":"closed","template":"","meta":{"footnotes":""},"class_list":["post-96","page","type-page","status-publish","hentry"],"_links":{"self":[{"href":"https:\/\/blog.edu.turku.fi\/paattinen\/wp-json\/wp\/v2\/pages\/96","targetHints":{"allow":["GET"]}}],"collection":[{"href":"https:\/\/blog.edu.turku.fi\/paattinen\/wp-json\/wp\/v2\/pages"}],"about":[{"href":"https:\/\/blog.edu.turku.fi\/paattinen\/wp-json\/wp\/v2\/types\/page"}],"author":[{"embeddable":true,"href":"https:\/\/blog.edu.turku.fi\/paattinen\/wp-json\/wp\/v2\/users\/2095"}],"replies":[{"embeddable":true,"href":"https:\/\/blog.edu.turku.fi\/paattinen\/wp-json\/wp\/v2\/comments?post=96"}],"version-history":[{"count":5,"href":"https:\/\/blog.edu.turku.fi\/paattinen\/wp-json\/wp\/v2\/pages\/96\/revisions"}],"predecessor-version":[{"id":626,"href":"https:\/\/blog.edu.turku.fi\/paattinen\/wp-json\/wp\/v2\/pages\/96\/revisions\/626"}],"wp:attachment":[{"href":"https:\/\/blog.edu.turku.fi\/paattinen\/wp-json\/wp\/v2\/media?parent=96"}],"curies":[{"name":"wp","href":"https:\/\/api.w.org\/{rel}","templated":true}]}}