{"id":74,"date":"2016-11-02T11:18:04","date_gmt":"2016-11-02T09:18:04","guid":{"rendered":"https:\/\/blog.edu.turku.fi\/paattinen\/?page_id=74"},"modified":"2023-08-02T12:58:01","modified_gmt":"2023-08-02T09:58:01","slug":"opasteet","status":"publish","type":"page","link":"https:\/\/blog.edu.turku.fi\/paattinen\/opasteet\/","title":{"rendered":"Saapuminen Paattisten kouluun"},"content":{"rendered":"<p>Toffinkuja 2<br \/>\n21330 Paattinen<\/p>\n<p><a href=\"mailto:paattisten.koulu@turku.fi\">paattisten.koulu@turku.fi<\/a><\/p>\n\n<!-- iframe plugin v.6.0 wordpress.org\/plugins\/iframe\/ -->\n<iframe loading=\"lazy\" src=\"https:\/\/www.google.com\/maps\/embed?pb=!1m18!1m12!1m3!1d489.7748252582987!2d22.3794615292793!3d60.59204629888242!2m3!1f0!2f0!3f0!3m2!1i1024!2i768!4f13.1!3m3!1m2!1s0x468c0ade1f252537%3A0x962ad6d7ef490bcb!2sPaattisten+koulu+ja+p%C3%A4iv%C3%A4koti!5e0!3m2!1sfi!2sfi!4v1478079391392\" width=\"350\" height=\"350\" frameborder=\"0\" style=\"border:0\" 0=\"allowfullscreen&gt;&lt;\/iframe\" scrolling=\"yes\" class=\"iframe-class\"><\/iframe>\n\n<p><img loading=\"lazy\" decoding=\"async\" class=\"alignnone wp-image-76 size-large\" src=\"https:\/\/blog.edu.turku.fi\/paattinen\/files\/2016\/11\/opasteet-758x499.jpg\" alt=\"opasteet\" width=\"758\" height=\"499\" srcset=\"https:\/\/blog.edu.turku.fi\/paattinen\/files\/2016\/11\/opasteet.jpg 758w, https:\/\/blog.edu.turku.fi\/paattinen\/files\/2016\/11\/opasteet-300x197.jpg 300w\" sizes=\"auto, (max-width: 758px) 85vw, 758px\" \/><\/p>\n<p>Kun tuot lapsia aamulla kouluun, k\u00e4yt\u00e4 Ullaistentiet\u00e4. Pys\u00e4yt\u00e4 autosi kohtaan j\u00e4tt\u00f6liikenne. Toivomme, ett\u00e4 noudatat oikeaa kiertosuuntaa ja huomaat ajokieltomerkin koulun pihalle. V\u00e4lituntialueelle ei saa ajaa autolla.<\/p>\n<p>Oppilaat tulevat sis\u00e4lle koulun<br \/>\n1. kerrokseen ovesta G<br \/>\n2. kerrokseen ovesta F<\/p>\n<p>My\u00f6s koulun juhliin ja vanhempain-iltoihin tullaan ovista G tai F.<br \/>\nP\u00e4iv\u00e4koti k\u00e4ytt\u00e4\u00e4 ovia B, C ja D.<br \/>\nIltak\u00e4ytt\u00e4j\u00e4t k\u00e4ytt\u00e4v\u00e4t ovea K.<br \/>\nOvi O on vain kirjaston k\u00e4yt\u00f6ss\u00e4.<\/p>\n<p>Hallintotiloihin, neuvolaan, terveydenhoitajan, koulupsykologin ja -kuraattorin luo tullaan ovesta A.<\/p>\n<p>A ja F-ovien luona on ovikello. Kun summeri soi, avaa ovi painamalla ovikellon alla olevaa avauspainiketta. Ovi avautuu s\u00e4hk\u00f6isesti. Ovea ei saa auki kahvasta vet\u00e4m\u00e4ll\u00e4.<\/p>\n<p>Tavaraliikenne ajaa koululle Toffinkujan kautta. Keitti\u00f6\u00f6n tavarat tuodaan ovesta P.<\/p>\n<p>Osa Toffinkujan viereisist\u00e4 pys\u00e4k\u00f6intipaikoista on vuokrattu. Vuokratulla paikalla on teksti &#8221;varattu&#8221;, eik\u00e4 siihen saa pys\u00e4k\u00f6id\u00e4 muut kuin paikan vuokraaja.<\/p>\n","protected":false},"excerpt":{"rendered":"<p>Toffinkuja 2 21330 Paattinen paattisten.koulu@turku.fi Kun tuot lapsia aamulla kouluun, k\u00e4yt\u00e4 Ullaistentiet\u00e4. Pys\u00e4yt\u00e4 autosi kohtaan j\u00e4tt\u00f6liikenne. Toivomme, ett\u00e4 noudatat oikeaa kiertosuuntaa ja huomaat ajokieltomerkin koulun pihalle. V\u00e4lituntialueelle ei saa ajaa autolla. Oppilaat tulevat sis\u00e4lle koulun 1. kerrokseen ovesta G 2. kerrokseen ovesta F My\u00f6s koulun juhliin ja vanhempain-iltoihin tullaan ovista G tai F. P\u00e4iv\u00e4koti k\u00e4ytt\u00e4\u00e4 &hellip; <a href=\"https:\/\/blog.edu.turku.fi\/paattinen\/opasteet\/\" class=\"more-link\">Jatka lukemista<span class=\"screen-reader-text\"> &#8221;Saapuminen Paattisten kouluun&#8221;<\/span><\/a><\/p>\n","protected":false},"author":2095,"featured_media":0,"parent":0,"menu_order":0,"comment_status":"closed","ping_status":"closed","template":"","meta":{"footnotes":""},"class_list":["post-74","page","type-page","status-publish","hentry"],"_links":{"self":[{"href":"https:\/\/blog.edu.turku.fi\/paattinen\/wp-json\/wp\/v2\/pages\/74","targetHints":{"allow":["GET"]}}],"collection":[{"href":"https:\/\/blog.edu.turku.fi\/paattinen\/wp-json\/wp\/v2\/pages"}],"about":[{"href":"https:\/\/blog.edu.turku.fi\/paattinen\/wp-json\/wp\/v2\/types\/page"}],"author":[{"embeddable":true,"href":"https:\/\/blog.edu.turku.fi\/paattinen\/wp-json\/wp\/v2\/users\/2095"}],"replies":[{"embeddable":true,"href":"https:\/\/blog.edu.turku.fi\/paattinen\/wp-json\/wp\/v2\/comments?post=74"}],"version-history":[{"count":10,"href":"https:\/\/blog.edu.turku.fi\/paattinen\/wp-json\/wp\/v2\/pages\/74\/revisions"}],"predecessor-version":[{"id":681,"href":"https:\/\/blog.edu.turku.fi\/paattinen\/wp-json\/wp\/v2\/pages\/74\/revisions\/681"}],"wp:attachment":[{"href":"https:\/\/blog.edu.turku.fi\/paattinen\/wp-json\/wp\/v2\/media?parent=74"}],"curies":[{"name":"wp","href":"https:\/\/api.w.org\/{rel}","templated":true}]}}