{"id":629,"date":"2022-09-15T14:07:03","date_gmt":"2022-09-15T11:07:03","guid":{"rendered":"https:\/\/blog.edu.turku.fi\/paattinen\/?page_id=629"},"modified":"2025-11-05T14:19:03","modified_gmt":"2025-11-05T12:19:03","slug":"poissaoloihin-puuttuminen-ja-ennaltaehkaisy","status":"publish","type":"page","link":"https:\/\/blog.edu.turku.fi\/paattinen\/opetus\/poissaoloihin-puuttuminen-ja-ennaltaehkaisy\/","title":{"rendered":"Poissaoloihin puuttuminen ja ennaltaehk\u00e4isy"},"content":{"rendered":"<p><a href=\"https:\/\/www.turku.fi\/perusopetus\/koulupoissaolot\">Kouluyhteis\u00f6\u00f6n kiinnitt\u00e4misen ja poissaoloihin puuttumisen malli | Turku.fi<\/a><\/p>\n","protected":false},"excerpt":{"rendered":"<p>Kouluyhteis\u00f6\u00f6n kiinnitt\u00e4misen ja poissaoloihin puuttumisen malli | Turku.fi<\/p>\n","protected":false},"author":1006,"featured_media":0,"parent":96,"menu_order":1,"comment_status":"closed","ping_status":"closed","template":"","meta":{"footnotes":""},"class_list":["post-629","page","type-page","status-publish","hentry"],"_links":{"self":[{"href":"https:\/\/blog.edu.turku.fi\/paattinen\/wp-json\/wp\/v2\/pages\/629","targetHints":{"allow":["GET"]}}],"collection":[{"href":"https:\/\/blog.edu.turku.fi\/paattinen\/wp-json\/wp\/v2\/pages"}],"about":[{"href":"https:\/\/blog.edu.turku.fi\/paattinen\/wp-json\/wp\/v2\/types\/page"}],"author":[{"embeddable":true,"href":"https:\/\/blog.edu.turku.fi\/paattinen\/wp-json\/wp\/v2\/users\/1006"}],"replies":[{"embeddable":true,"href":"https:\/\/blog.edu.turku.fi\/paattinen\/wp-json\/wp\/v2\/comments?post=629"}],"version-history":[{"count":6,"href":"https:\/\/blog.edu.turku.fi\/paattinen\/wp-json\/wp\/v2\/pages\/629\/revisions"}],"predecessor-version":[{"id":805,"href":"https:\/\/blog.edu.turku.fi\/paattinen\/wp-json\/wp\/v2\/pages\/629\/revisions\/805"}],"up":[{"embeddable":true,"href":"https:\/\/blog.edu.turku.fi\/paattinen\/wp-json\/wp\/v2\/pages\/96"}],"wp:attachment":[{"href":"https:\/\/blog.edu.turku.fi\/paattinen\/wp-json\/wp\/v2\/media?parent=629"}],"curies":[{"name":"wp","href":"https:\/\/api.w.org\/{rel}","templated":true}]}}