{"id":428,"date":"2019-02-07T14:00:26","date_gmt":"2019-02-07T12:00:26","guid":{"rendered":"https:\/\/blog.edu.turku.fi\/paattinen\/?page_id=428"},"modified":"2019-02-07T15:36:09","modified_gmt":"2019-02-07T13:36:09","slug":"jakarlan-paattisten-ja-yli-maarian-koulujen-digipolku","status":"publish","type":"page","link":"https:\/\/blog.edu.turku.fi\/paattinen\/opetus\/jakarlan-paattisten-ja-yli-maarian-koulujen-digipolku\/","title":{"rendered":"J\u00e4k\u00e4rl\u00e4n, Paattisten ja Yli-Maarian koulujen digipolku"},"content":{"rendered":"<p><a href=\"https:\/\/blog.edu.turku.fi\/paattinen\/files\/2019\/02\/Digipolku-J\u00c4K-PAA-YMA.pdf\">Digipolku (J\u00c4K PAA YMA)<\/a><\/p>\n","protected":false},"excerpt":{"rendered":"<p>Digipolku (J\u00c4K PAA YMA)<\/p>\n","protected":false},"author":2107,"featured_media":0,"parent":96,"menu_order":0,"comment_status":"closed","ping_status":"closed","template":"","meta":{"footnotes":""},"class_list":["post-428","page","type-page","status-publish","hentry"],"_links":{"self":[{"href":"https:\/\/blog.edu.turku.fi\/paattinen\/wp-json\/wp\/v2\/pages\/428","targetHints":{"allow":["GET"]}}],"collection":[{"href":"https:\/\/blog.edu.turku.fi\/paattinen\/wp-json\/wp\/v2\/pages"}],"about":[{"href":"https:\/\/blog.edu.turku.fi\/paattinen\/wp-json\/wp\/v2\/types\/page"}],"author":[{"embeddable":true,"href":"https:\/\/blog.edu.turku.fi\/paattinen\/wp-json\/wp\/v2\/users\/2107"}],"replies":[{"embeddable":true,"href":"https:\/\/blog.edu.turku.fi\/paattinen\/wp-json\/wp\/v2\/comments?post=428"}],"version-history":[{"count":8,"href":"https:\/\/blog.edu.turku.fi\/paattinen\/wp-json\/wp\/v2\/pages\/428\/revisions"}],"predecessor-version":[{"id":443,"href":"https:\/\/blog.edu.turku.fi\/paattinen\/wp-json\/wp\/v2\/pages\/428\/revisions\/443"}],"up":[{"embeddable":true,"href":"https:\/\/blog.edu.turku.fi\/paattinen\/wp-json\/wp\/v2\/pages\/96"}],"wp:attachment":[{"href":"https:\/\/blog.edu.turku.fi\/paattinen\/wp-json\/wp\/v2\/media?parent=428"}],"curies":[{"name":"wp","href":"https:\/\/api.w.org\/{rel}","templated":true}]}}