{"id":757,"date":"2014-11-12T17:30:04","date_gmt":"2014-11-12T15:30:04","guid":{"rendered":"https:\/\/blog.edu.turku.fi\/paaskyvuori\/?page_id=757"},"modified":"2018-12-04T11:41:40","modified_gmt":"2018-12-04T09:41:40","slug":"raportteja","status":"publish","type":"page","link":"https:\/\/blog.edu.turku.fi\/paaskyvuori\/raportteja\/","title":{"rendered":"RAPORTTEJA"},"content":{"rendered":"<p><strong>T\u00e4lt\u00e4 sivulta l\u00f6ytyv\u00e4t P\u00e4\u00e4skyvuoren koulua koskevia raportteja (mm. koulukiinteist\u00f6\u00f6n liittyv\u00e4t raportit):<\/strong><\/p>\n<p>P\u00e4\u00e4skyvuoren koulun aulan kosteusmittausraportti (mittaus 12.1.2015) (PDF)<a href=\"https:\/\/blog.edu.turku.fi\/paaskyvuori\/files\/2015\/01\/P\u00e4\u00e4skyvuoren-koulu-Aulankosteusmittausraportti-12.1.2015-.pdf\" target=\"_blank\" rel=\"noopener noreferrer\">(alasiiven aulan kosteusmittausraportti 3)<\/a><\/p>\n<p>P\u00e4\u00e4skyvuoren koulun aulan kosteusmittausraportti (mittaus 4.11.2014)(PDF)<a href=\"https:\/\/blog.edu.turku.fi\/paaskyvuori\/files\/2014\/11\/Talvitie-10-P\u00e4\u00e4skyvuorenkoulu-Aulankosteusmittausraportti-1.pdf\">(alasiiven aulan kosteusmittausraportti 1)<\/a><\/p>\n<p>P\u00e4\u00e4skyvuoren koulun kosteusvauriokorjausseloste 30.10.2014 (PDF) <a href=\"https:\/\/blog.edu.turku.fi\/paaskyvuori\/files\/2014\/11\/P\u00e4\u00e4skyvuoren-koulun-kosteusvauriokorjaus-30.10.2014.pdf\">(kosteusvauriokorjaus 30.10.2014)<\/a><\/p>\n<p>P\u00e4\u00e4skyvuoren koulun vesivahinkokartoitus 5.9.2014 (PDF)<a href=\"https:\/\/blog.edu.turku.fi\/paaskyvuori\/files\/2014\/11\/Talvitie-10-P\u00e4\u00e4skyvuorenkoulu-Bsiipi.pdf\">(vesivahinkokartoitus 5.9.2014)<\/a><\/p>\n<p>Selvitys suoritetuista tutkimuksista P\u00e4\u00e4skyvuoren koulussa (<a href=\"https:\/\/blog.edu.turku.fi\/paaskyvuori\/files\/2015\/10\/Selvitys-suoritetuista-tutkimuksista_P\u00e4\u00e4skyvuoren-koulu_KIAT_070915.pdf\">raportti<\/a>)<\/p>\n<p>Tiedotustilaisuuden 20.10.2015 diat: (\u00a0<a href=\"https:\/\/blog.edu.turku.fi\/paaskyvuori\/files\/2015\/10\/P\u00e4\u00e4skyvuoren-koulu-Talvitie-10-Turku_info_201015-003_2.pdf\">tiedotustilaisuuden diat<\/a>)<\/p>\n<p>Selvitys suoritetuista tutkimuksista P\u00e4\u00e4skyvuoren koulussa (<a href=\"https:\/\/blog.edu.turku.fi\/paaskyvuori\/files\/2016\/03\/Selvitys-suoritetuista-tutkimuksista_P\u00e4\u00e4skyvuoren-koulu_B-siipi_032016.pdf\">raportti maaliskuu 2016<\/a>)<\/p>\n<p>P\u00e4\u00e4skyvuoren koulussa suoritettu CO2-mittaus (<a href=\"https:\/\/blog.edu.turku.fi\/paaskyvuori\/files\/2017\/03\/P\u00e4\u00e4skyvuori-co2.docx\"><strong><u><span style=\"color: #0066cc\">P\u00e4\u00e4skyvuori co2<\/span><\/u><\/strong><\/a>\u00a0)<\/p>\n<p>P\u00e4\u00e4skyvuoren koulussa suoritettu VOC-mittaus (<a href=\"https:\/\/blog.edu.turku.fi\/paaskyvuori\/files\/2017\/03\/mittausraportti_VOC.pptx\"><u><span style=\"color: #0066cc\">mittausraportti_VOC<\/span><\/u><\/a>)<\/p>\n<p>P\u00e4\u00e4skyvuoren koulun tiloissa (musiikkiluokassa \/ alasalissa ja niihin l\u00e4heisesti liittyviss\u00e4 tiloissa) tehty kosteustekninen kuntotarkastus (<a href=\"https:\/\/blog.edu.turku.fi\/paaskyvuori\/files\/2017\/03\/P\u00e4\u00e4skyvuoren_koulu_Kosteustekninen-kuntotarkastus_InstoKIAT_8.3.2017.pdf\">P\u00e4\u00e4skyvuoren_koulu_Kosteustekninen kuntotarkastus_InstoKIAT_8.3.2017<\/a>)<\/p>\n<p>TS:ssa julkaistu vastine\u00a0(<a href=\"https:\/\/blog.edu.turku.fi\/paaskyvuori\/files\/2017\/06\/Vastine-TS-30.5.2017.docx\"><strong><u><span style=\"color: #0066cc\">Vastine TS 30.5.2017<\/span><\/u><\/strong><\/a>)<\/p>\n<p>RAKSYSTEMS:n lis\u00e4tiedot 29.5.17 tiedotustilaisuuteen liittyen\u00a0\u00a0<a href=\"https:\/\/blog.edu.turku.fi\/paaskyvuori\/files\/2017\/06\/Tiedotustilaisuuden-lis\u00e4tiedot.pdf\">Tiedotustilaisuuden lis\u00e4tiedot<\/a><\/p>\n<p>Raportti P\u00e4\u00e4skyvuoren B-siivess\u00e4 kes\u00e4ll\u00e4 tehdyist\u00e4 toimenpiteist\u00e4: \u00a0<a href=\"https:\/\/blog.edu.turku.fi\/paaskyvuori\/files\/2017\/08\/P\u00e4\u00e4skyvuoren-koulu-alasiipi-B2-kes\u00e4n-kunnostusty\u00f6t.pdf\">P\u00e4\u00e4skyvuoren koulu alasiipi B2 kes\u00e4n kunnostusty\u00f6t<\/a><\/p>\n<p>P\u00e4\u00e4skyvuoren koulun B-siiven pintan\u00e4yteraportti <a href=\"https:\/\/blog.edu.turku.fi\/paaskyvuori\/files\/2017\/08\/P\u00e4\u00e4skyvuoren-koulu_Mikrobin\u00e4ytteet-1.8.2017.pdf\">P\u00e4\u00e4skyvuoren koulu_Mikrobin\u00e4ytteet 1.8.2017\u00a0<\/a><\/p>\n<p>P\u00e4\u00e4skyvuoren B-siivess\u00e4 toukokuun 2017 j\u00e4lkeen tehtyjen tutkimusten raportit<strong><a href=\"https:\/\/blog.edu.turku.fi\/paaskyvuori\/files\/2017\/10\/P\u00e4\u00e4skyvuoren-koulu_Mikrobin\u00e4ytteet-1.8.2017.pdf\">\u00a0 P\u00e4\u00e4skyvuoren koulu_Mikrobin\u00e4ytteet 1.8.2017<\/a>, <a href=\"https:\/\/blog.edu.turku.fi\/paaskyvuori\/files\/2017\/08\/P\u00e4\u00e4skyvuoren-koulu-alasiipi-B2-kes\u00e4n-kunnostusty\u00f6t.pdf\">P\u00e4\u00e4skyvuoren koulu alasiipi B2 kes\u00e4n kunnostusty\u00f6t<\/a>, <a href=\"https:\/\/blog.edu.turku.fi\/paaskyvuori\/files\/2017\/10\/Talvitie-10-20610-Turku_B121B117_Loppuraportti.pdf\">Talvitie 10, 20610 Turku_B121,B117_Loppuraportti\u00a0<\/a><\/strong><\/p>\n<p>TTL:n lausunto B-siiven remontoidusta k\u00e4yt\u00e4v\u00e4st\u00e4 ja nelj\u00e4st\u00e4 luokasta \u00a0<a href=\"https:\/\/blog.edu.turku.fi\/paaskyvuori\/files\/2017\/11\/P\u00e4\u00e4skyvuoren-Koulu-TTL-Lausunto-SISYMP-2017-365901-B.pdf\">P\u00e4\u00e4skyvuoren Koulu TTL Lausunto SISYMP-2017-365901-B<\/a><u><\/u><\/p>\n<p><strong><u><span style=\"color: #0066cc\"><a href=\"https:\/\/blog.edu.turku.fi\/paaskyvuori\/files\/2018\/12\/Olosuhdeseuranta_0511_1811_2018_P\u00e4\u00e4skyvuoren_koulu_Turku.pdf\">B-siiven olosuhdeseuranta marraskuu 2018<\/a><\/span><\/u><\/strong><\/p>\n","protected":false},"excerpt":{"rendered":"<p>T\u00e4lt\u00e4 sivulta l\u00f6ytyv\u00e4t P\u00e4\u00e4skyvuoren koulua koskevia raportteja (mm. koulukiinteist\u00f6\u00f6n liittyv\u00e4t raportit): P\u00e4\u00e4skyvuoren koulun aulan kosteusmittausraportti (mittaus 12.1.2015) (PDF)(alasiiven aulan kosteusmittausraportti 3) P\u00e4\u00e4skyvuoren koulun aulan kosteusmittausraportti (mittaus 4.11.2014)(PDF)(alasiiven aulan kosteusmittausraportti 1) P\u00e4\u00e4skyvuoren koulun kosteusvauriokorjausseloste 30.10.2014 (PDF) (kosteusvauriokorjaus 30.10.2014) P\u00e4\u00e4skyvuoren koulun vesivahinkokartoitus 5.9.2014 (PDF)(vesivahinkokartoitus 5.9.2014) Selvitys suoritetuista tutkimuksista P\u00e4\u00e4skyvuoren koulussa (raportti) Tiedotustilaisuuden 20.10.2015 diat: (\u00a0tiedotustilaisuuden diat) Selvitys &hellip; <a href=\"https:\/\/blog.edu.turku.fi\/paaskyvuori\/raportteja\/\" class=\"more-link\">Jatka lukemista<span class=\"screen-reader-text\"> &#8221;RAPORTTEJA&#8221;<\/span><\/a><\/p>\n","protected":false},"author":82,"featured_media":0,"parent":0,"menu_order":8,"comment_status":"closed","ping_status":"closed","template":"","meta":{"footnotes":""},"class_list":["post-757","page","type-page","status-publish","hentry"],"_links":{"self":[{"href":"https:\/\/blog.edu.turku.fi\/paaskyvuori\/wp-json\/wp\/v2\/pages\/757","targetHints":{"allow":["GET"]}}],"collection":[{"href":"https:\/\/blog.edu.turku.fi\/paaskyvuori\/wp-json\/wp\/v2\/pages"}],"about":[{"href":"https:\/\/blog.edu.turku.fi\/paaskyvuori\/wp-json\/wp\/v2\/types\/page"}],"author":[{"embeddable":true,"href":"https:\/\/blog.edu.turku.fi\/paaskyvuori\/wp-json\/wp\/v2\/users\/82"}],"replies":[{"embeddable":true,"href":"https:\/\/blog.edu.turku.fi\/paaskyvuori\/wp-json\/wp\/v2\/comments?post=757"}],"version-history":[{"count":33,"href":"https:\/\/blog.edu.turku.fi\/paaskyvuori\/wp-json\/wp\/v2\/pages\/757\/revisions"}],"predecessor-version":[{"id":1219,"href":"https:\/\/blog.edu.turku.fi\/paaskyvuori\/wp-json\/wp\/v2\/pages\/757\/revisions\/1219"}],"wp:attachment":[{"href":"https:\/\/blog.edu.turku.fi\/paaskyvuori\/wp-json\/wp\/v2\/media?parent=757"}],"curies":[{"name":"wp","href":"https:\/\/api.w.org\/{rel}","templated":true}]}}