{"id":40,"date":"2012-08-15T22:41:51","date_gmt":"2012-08-15T19:41:51","guid":{"rendered":"https:\/\/blog.edu.turku.fi\/paaskyvuori\/?page_id=40"},"modified":"2016-01-27T15:54:04","modified_gmt":"2016-01-27T13:54:04","slug":"kotitehtavat","status":"publish","type":"page","link":"https:\/\/blog.edu.turku.fi\/paaskyvuori\/opetus\/kotitehtavat\/","title":{"rendered":"KOTITEHT\u00c4V\u00c4T"},"content":{"rendered":"<p>Kodin ja koulun v\u00e4lisess\u00e4 yhteisty\u00f6ss\u00e4 oppilaan huoltajien velvollisuus on huolehtia siit\u00e4, ett\u00e4 oppilas k\u00e4y s\u00e4\u00e4nn\u00f6llisesti koulua, tekee kotiteht\u00e4v\u00e4ns\u00e4 ja ett\u00e4 h\u00e4nell\u00e4 kouluun tullessaan on opiskelussa tarvitsemansa v\u00e4lineet. Lapsen kasvaessa h\u00e4nen oma vastuunsa my\u00f6s lis\u00e4\u00e4ntyy ja h\u00e4nt\u00e4 tulee ohjata itse ottamaan vastuunsa n\u00e4ist\u00e4 velvoitteista; kuitenkin huoltajalla s\u00e4ilyy vastuu aina viime k\u00e4dess\u00e4.<\/p>\n<p>Opettajilla on eri k\u00e4yt\u00e4nt\u00f6j\u00e4 miten kotiteht\u00e4v\u00e4t annetaan oppilaille ja my\u00f6s\u00a0huoltajille tiedoksi. P\u00e4\u00e4s\u00e4\u00e4nt\u00f6isesti t\u00e4m\u00e4 tieto v\u00e4littyy huoltajille oppilaan\u00a0kautta. T\u00e4m\u00e4n varmistamiseksi oppilas voi esimerkiksi merkit\u00e4 siististi lyijykyn\u00e4ll\u00e4 oppikirjaan tai vihkoon. Opettajilla on mahdollisuus ilmoittaa kotiteht\u00e4v\u00e4t my\u00f6s s\u00e4hk\u00f6isill\u00e4 ty\u00f6kaluilla. Opettajat eiv\u00e4t kuitenkaan ole t\u00e4h\u00e4n velvoitettu, vaan opettajalla on vapaus valita tapa, jolla tieto annetuista kotiteht\u00e4vist\u00e4 v\u00e4littyy oppilaille ja heid\u00e4n huoltajilleen.<\/p>\n<p>&nbsp;<\/p>\n","protected":false},"excerpt":{"rendered":"<p>Kodin ja koulun v\u00e4lisess\u00e4 yhteisty\u00f6ss\u00e4 oppilaan huoltajien velvollisuus on huolehtia siit\u00e4, ett\u00e4 oppilas k\u00e4y s\u00e4\u00e4nn\u00f6llisesti koulua, tekee kotiteht\u00e4v\u00e4ns\u00e4 ja ett\u00e4 h\u00e4nell\u00e4 kouluun tullessaan on opiskelussa tarvitsemansa v\u00e4lineet. Lapsen kasvaessa h\u00e4nen oma vastuunsa my\u00f6s lis\u00e4\u00e4ntyy ja h\u00e4nt\u00e4 tulee ohjata itse ottamaan vastuunsa n\u00e4ist\u00e4 velvoitteista; kuitenkin huoltajalla s\u00e4ilyy vastuu aina viime k\u00e4dess\u00e4. Opettajilla on eri k\u00e4yt\u00e4nt\u00f6j\u00e4 miten &hellip; <a href=\"https:\/\/blog.edu.turku.fi\/paaskyvuori\/opetus\/kotitehtavat\/\" class=\"more-link\">Jatka lukemista<span class=\"screen-reader-text\"> &#8221;KOTITEHT\u00c4V\u00c4T&#8221;<\/span><\/a><\/p>\n","protected":false},"author":82,"featured_media":0,"parent":17,"menu_order":3,"comment_status":"closed","ping_status":"closed","template":"","meta":{"footnotes":""},"class_list":["post-40","page","type-page","status-publish","hentry"],"_links":{"self":[{"href":"https:\/\/blog.edu.turku.fi\/paaskyvuori\/wp-json\/wp\/v2\/pages\/40","targetHints":{"allow":["GET"]}}],"collection":[{"href":"https:\/\/blog.edu.turku.fi\/paaskyvuori\/wp-json\/wp\/v2\/pages"}],"about":[{"href":"https:\/\/blog.edu.turku.fi\/paaskyvuori\/wp-json\/wp\/v2\/types\/page"}],"author":[{"embeddable":true,"href":"https:\/\/blog.edu.turku.fi\/paaskyvuori\/wp-json\/wp\/v2\/users\/82"}],"replies":[{"embeddable":true,"href":"https:\/\/blog.edu.turku.fi\/paaskyvuori\/wp-json\/wp\/v2\/comments?post=40"}],"version-history":[{"count":7,"href":"https:\/\/blog.edu.turku.fi\/paaskyvuori\/wp-json\/wp\/v2\/pages\/40\/revisions"}],"predecessor-version":[{"id":946,"href":"https:\/\/blog.edu.turku.fi\/paaskyvuori\/wp-json\/wp\/v2\/pages\/40\/revisions\/946"}],"up":[{"embeddable":true,"href":"https:\/\/blog.edu.turku.fi\/paaskyvuori\/wp-json\/wp\/v2\/pages\/17"}],"wp:attachment":[{"href":"https:\/\/blog.edu.turku.fi\/paaskyvuori\/wp-json\/wp\/v2\/media?parent=40"}],"curies":[{"name":"wp","href":"https:\/\/api.w.org\/{rel}","templated":true}]}}