{"id":55,"date":"2015-10-29T12:04:19","date_gmt":"2015-10-29T10:04:19","guid":{"rendered":"https:\/\/blog.edu.turku.fi\/paaskyvuorenphy\/?page_id=55"},"modified":"2022-06-08T13:48:32","modified_gmt":"2022-06-08T10:48:32","slug":"ryhmat","status":"publish","type":"page","link":"https:\/\/blog.edu.turku.fi\/paaskyvuorenphy\/ryhmat\/","title":{"rendered":"P\u00e4\u00e4skyvuoren koulun esiopetus"},"content":{"rendered":"<div id='gallery-1' class='gallery galleryid-55 gallery-columns-3 gallery-size-medium'><figure class='gallery-item'>\n\t\t\t<div class='gallery-icon portrait'>\n\t\t\t\t<a href='https:\/\/blog.edu.turku.fi\/paaskyvuorenphy\/files\/2022\/06\/ystavyys-1.jpg'><img loading=\"lazy\" decoding=\"async\" width=\"225\" height=\"300\" src=\"https:\/\/blog.edu.turku.fi\/paaskyvuorenphy\/files\/2022\/06\/ystavyys-1-225x300.jpg\" class=\"attachment-medium size-medium\" alt=\"\" srcset=\"https:\/\/blog.edu.turku.fi\/paaskyvuorenphy\/files\/2022\/06\/ystavyys-1-225x300.jpg 225w, https:\/\/blog.edu.turku.fi\/paaskyvuorenphy\/files\/2022\/06\/ystavyys-1.jpg 600w\" sizes=\"auto, (max-width: 225px) 85vw, 225px\" \/><\/a>\n\t\t\t<\/div><\/figure><figure class='gallery-item'>\n\t\t\t<div class='gallery-icon portrait'>\n\t\t\t\t<a href='https:\/\/blog.edu.turku.fi\/paaskyvuorenphy\/files\/2022\/06\/matikka-1.jpg'><img loading=\"lazy\" decoding=\"async\" width=\"225\" height=\"300\" src=\"https:\/\/blog.edu.turku.fi\/paaskyvuorenphy\/files\/2022\/06\/matikka-1-225x300.jpg\" class=\"attachment-medium size-medium\" alt=\"\" srcset=\"https:\/\/blog.edu.turku.fi\/paaskyvuorenphy\/files\/2022\/06\/matikka-1-225x300.jpg 225w, https:\/\/blog.edu.turku.fi\/paaskyvuorenphy\/files\/2022\/06\/matikka-1.jpg 600w\" sizes=\"auto, (max-width: 225px) 85vw, 225px\" \/><\/a>\n\t\t\t<\/div><\/figure>\n\t\t<\/div>\n\n<p><strong>Haukat <\/strong>on esiopetusryhm\u00e4 14 lapselle, ryhm\u00e4ss\u00e4 ty\u00f6skentelee varhaiskasvatuksen opettaja ja lastenhoitaja. <em>Puh: 040 168 1304<\/em><\/p>\n<p><strong>Kotkat <\/strong>on esiopetusryhm\u00e4 14 lapselle, ryhm\u00e4ss\u00e4 ty\u00f6skentelee varhaiskasvatuksen opettaja ja lastenhoitaja. <em>Puh: 040 198 0607<\/em><\/p>\n<p><strong>Kiit\u00e4j\u00e4t <\/strong>on esiopetusryhm\u00e4 14 lapselle, ryhm\u00e4ss\u00e4 ty\u00f6skentelee varhaiskasvatuksen opettaja ja lastenhoitaja. <em>Puh: 040 168 2602<\/em><\/p>\n<div id='gallery-2' class='gallery galleryid-55 gallery-columns-3 gallery-size-medium'><figure class='gallery-item'>\n\t\t\t<div class='gallery-icon portrait'>\n\t\t\t\t<a href='https:\/\/blog.edu.turku.fi\/paaskyvuorenphy\/ryhmat\/activefloor\/'><img loading=\"lazy\" decoding=\"async\" width=\"225\" height=\"300\" src=\"https:\/\/blog.edu.turku.fi\/paaskyvuorenphy\/files\/2022\/06\/activefloor-225x300.jpg\" class=\"attachment-medium size-medium\" alt=\"\" srcset=\"https:\/\/blog.edu.turku.fi\/paaskyvuorenphy\/files\/2022\/06\/activefloor-225x300.jpg 225w, https:\/\/blog.edu.turku.fi\/paaskyvuorenphy\/files\/2022\/06\/activefloor.jpg 600w\" sizes=\"auto, (max-width: 225px) 85vw, 225px\" \/><\/a>\n\t\t\t<\/div><\/figure><figure class='gallery-item'>\n\t\t\t<div class='gallery-icon portrait'>\n\t\t\t\t<a href='https:\/\/blog.edu.turku.fi\/paaskyvuorenphy\/ryhmat\/100paivaa\/'><img loading=\"lazy\" decoding=\"async\" width=\"225\" height=\"300\" src=\"https:\/\/blog.edu.turku.fi\/paaskyvuorenphy\/files\/2022\/06\/100paivaa-225x300.jpg\" class=\"attachment-medium size-medium\" alt=\"\" srcset=\"https:\/\/blog.edu.turku.fi\/paaskyvuorenphy\/files\/2022\/06\/100paivaa-225x300.jpg 225w, https:\/\/blog.edu.turku.fi\/paaskyvuorenphy\/files\/2022\/06\/100paivaa.jpg 600w\" sizes=\"auto, (max-width: 225px) 85vw, 225px\" \/><\/a>\n\t\t\t<\/div><\/figure><figure class='gallery-item'>\n\t\t\t<div class='gallery-icon portrait'>\n\t\t\t\t<a href='https:\/\/blog.edu.turku.fi\/paaskyvuorenphy\/ryhmat\/vanne\/'><img loading=\"lazy\" decoding=\"async\" width=\"246\" height=\"300\" src=\"https:\/\/blog.edu.turku.fi\/paaskyvuorenphy\/files\/2022\/06\/vanne-246x300.jpg\" class=\"attachment-medium size-medium\" alt=\"\" srcset=\"https:\/\/blog.edu.turku.fi\/paaskyvuorenphy\/files\/2022\/06\/vanne-246x300.jpg 246w, https:\/\/blog.edu.turku.fi\/paaskyvuorenphy\/files\/2022\/06\/vanne.jpg 655w\" sizes=\"auto, (max-width: 246px) 85vw, 246px\" \/><\/a>\n\t\t\t<\/div><\/figure>\n\t\t<\/div>\n\n<p>&nbsp;<\/p>\n<p>&nbsp;<\/p>\n","protected":false},"excerpt":{"rendered":"<p>Haukat on esiopetusryhm\u00e4 14 lapselle, ryhm\u00e4ss\u00e4 ty\u00f6skentelee varhaiskasvatuksen opettaja ja lastenhoitaja. Puh: 040 168 1304 Kotkat on esiopetusryhm\u00e4 14 lapselle, ryhm\u00e4ss\u00e4 ty\u00f6skentelee varhaiskasvatuksen opettaja ja lastenhoitaja. Puh: 040 198 0607 Kiit\u00e4j\u00e4t on esiopetusryhm\u00e4 14 lapselle, ryhm\u00e4ss\u00e4 ty\u00f6skentelee varhaiskasvatuksen opettaja ja lastenhoitaja. Puh: 040 168 2602 &nbsp; &nbsp;<\/p>\n","protected":false},"author":2889,"featured_media":0,"parent":0,"menu_order":3,"comment_status":"closed","ping_status":"closed","template":"","meta":{"footnotes":""},"class_list":["post-55","page","type-page","status-publish","hentry"],"_links":{"self":[{"href":"https:\/\/blog.edu.turku.fi\/paaskyvuorenphy\/wp-json\/wp\/v2\/pages\/55","targetHints":{"allow":["GET"]}}],"collection":[{"href":"https:\/\/blog.edu.turku.fi\/paaskyvuorenphy\/wp-json\/wp\/v2\/pages"}],"about":[{"href":"https:\/\/blog.edu.turku.fi\/paaskyvuorenphy\/wp-json\/wp\/v2\/types\/page"}],"author":[{"embeddable":true,"href":"https:\/\/blog.edu.turku.fi\/paaskyvuorenphy\/wp-json\/wp\/v2\/users\/2889"}],"replies":[{"embeddable":true,"href":"https:\/\/blog.edu.turku.fi\/paaskyvuorenphy\/wp-json\/wp\/v2\/comments?post=55"}],"version-history":[{"count":31,"href":"https:\/\/blog.edu.turku.fi\/paaskyvuorenphy\/wp-json\/wp\/v2\/pages\/55\/revisions"}],"predecessor-version":[{"id":506,"href":"https:\/\/blog.edu.turku.fi\/paaskyvuorenphy\/wp-json\/wp\/v2\/pages\/55\/revisions\/506"}],"wp:attachment":[{"href":"https:\/\/blog.edu.turku.fi\/paaskyvuorenphy\/wp-json\/wp\/v2\/media?parent=55"}],"curies":[{"name":"wp","href":"https:\/\/api.w.org\/{rel}","templated":true}]}}

Pääskyvuoren koulun esiopetus

<div id='gallery-1' class='gallery galleryid-55 gallery-columns-3 gallery-size-medium'><figure class='gallery-item'>
			<div class='gallery-icon portrait'>
				<a href='https://blog.edu.turku.fi/paaskyvuorenphy/files/2022/06/ystavyys-1.jpg'><img loading="lazy" decoding="async" width="225" height="300" src="https://blog.edu.turku.fi/paaskyvuorenphy/files/2022/06/ystavyys-1-225x300.jpg" class="attachment-medium size-medium" alt="" srcset="https://blog.edu.turku.fi/paaskyvuorenphy/files/2022/06/ystavyys-1-225x300.jpg 225w, https://blog.edu.turku.fi/paaskyvuorenphy/files/2022/06/ystavyys-1.jpg 600w" sizes="auto, (max-width: 225px) 85vw, 225px" /></a>
			</div></figure><figure class='gallery-item'>
			<div class='gallery-icon portrait'>
				<a href='https://blog.edu.turku.fi/paaskyvuorenphy/files/2022/06/matikka-1.jpg'><img loading="lazy" decoding="async" width="225" height="300" src="https://blog.edu.turku.fi/paaskyvuorenphy/files/2022/06/matikka-1-225x300.jpg" class="attachment-medium size-medium" alt="" srcset="https://blog.edu.turku.fi/paaskyvuorenphy/files/2022/06/matikka-1-225x300.jpg 225w, https://blog.edu.turku.fi/paaskyvuorenphy/files/2022/06/matikka-1.jpg 600w" sizes="auto, (max-width: 225px) 85vw, 225px" /></a>
			</div></figure>
		</div>

<p><strong>Haukat </strong>on esiopetusryhmä 14 lapselle, ryhmässä työskentelee varhaiskasvatuksen opettaja ja lastenhoitaja. <em>Puh: 040 168 1304</em></p>
<p><strong>Kotkat </strong>on esiopetusryhmä 14 lapselle, ryhmässä työskentelee varhaiskasvatuksen opettaja ja lastenhoitaja. <em>Puh: 040 198 0607</em></p>
<p><strong>Kiitäjät </strong>on esiopetusryhmä 14 lapselle, ryhmässä työskentelee varhaiskasvatuksen opettaja ja lastenhoitaja. <em>Puh: 040 168 2602</em></p>
<div id='gallery-2' class='gallery galleryid-55 gallery-columns-3 gallery-size-medium'><figure class='gallery-item'>
			<div class='gallery-icon portrait'>
				<a href='https://blog.edu.turku.fi/paaskyvuorenphy/ryhmat/activefloor/'><img loading="lazy" decoding="async" width="225" height="300" src="https://blog.edu.turku.fi/paaskyvuorenphy/files/2022/06/activefloor-225x300.jpg" class="attachment-medium size-medium" alt="" srcset="https://blog.edu.turku.fi/paaskyvuorenphy/files/2022/06/activefloor-225x300.jpg 225w, https://blog.edu.turku.fi/paaskyvuorenphy/files/2022/06/activefloor.jpg 600w" sizes="auto, (max-width: 225px) 85vw, 225px" /></a>
			</div></figure><figure class='gallery-item'>
			<div class='gallery-icon portrait'>
				<a href='https://blog.edu.turku.fi/paaskyvuorenphy/ryhmat/100paivaa/'><img loading="lazy" decoding="async" width="225" height="300" src="https://blog.edu.turku.fi/paaskyvuorenphy/files/2022/06/100paivaa-225x300.jpg" class="attachment-medium size-medium" alt="" srcset="https://blog.edu.turku.fi/paaskyvuorenphy/files/2022/06/100paivaa-225x300.jpg 225w, https://blog.edu.turku.fi/paaskyvuorenphy/files/2022/06/100paivaa.jpg 600w" sizes="auto, (max-width: 225px) 85vw, 225px" /></a>
			</div></figure><figure class='gallery-item'>
			<div class='gallery-icon portrait'>
				<a href='https://blog.edu.turku.fi/paaskyvuorenphy/ryhmat/vanne/'><img loading="lazy" decoding="async" width="246" height="300" src="https://blog.edu.turku.fi/paaskyvuorenphy/files/2022/06/vanne-246x300.jpg" class="attachment-medium size-medium" alt="" srcset="https://blog.edu.turku.fi/paaskyvuorenphy/files/2022/06/vanne-246x300.jpg 246w, https://blog.edu.turku.fi/paaskyvuorenphy/files/2022/06/vanne.jpg 655w" sizes="auto, (max-width: 246px) 85vw, 246px" /></a>
			</div></figure>
		</div>

<p>&nbsp;</p>
<p>&nbsp;</p>

<p>Haukat on esiopetusryhmä 14 lapselle, ryhmässä työskentelee varhaiskasvatuksen opettaja ja lastenhoitaja. Puh: 040 168 1304 Kotkat on esiopetusryhmä 14 lapselle, ryhmässä työskentelee varhaiskasvatuksen opettaja ja lastenhoitaja. Puh: 040 198 0607 Kiitäjät on esiopetusryhmä 14 lapselle, ryhmässä työskentelee varhaiskasvatuksen opettaja ja lastenhoitaja. Puh: 040 168 2602 &nbsp; &nbsp;</p>
